{"id":5725,"date":"2025-06-28T17:27:51","date_gmt":"2025-06-28T15:27:51","guid":{"rendered":"https:\/\/uj.adatbank.ro\/lexikon\/termek\/ciortea-grigore-%c2%a7\/"},"modified":"2025-06-28T17:27:51","modified_gmt":"2025-06-28T15:27:51","slug":"ciortea-grigore-%c2%a7","status":"publish","type":"product","link":"https:\/\/uj.adatbank.ro\/lexikon\/termek\/ciortea-grigore-%c2%a7\/","title":{"rendered":"CIORTEA Grigore, \u00a7"},"content":{"rendered":"<p>T\u00f6vis, 1895. m\u00e1j. 18., \u2020 Sz\u00e1szr\u00e9gen, 1962. febr. 22. h\u00e9t \u00e9v ut\u00e1n exhum\u00e1lt\u00e1k \u00e9s \u00e1tk\u00f6lt\u00f6ztett\u00e9k Mv.-re a K\u0151templom udvar\u00e1ra: tan\u00e1r. \u2013 Tanult a Bal\u00e1zsfalv\u00e1n a g. kat. l\u00edc.-ban (1914) \u00e9s a teol\u00f3giai akad. -\u00e1n (1914\u201318), Buk. &#8211; ben az egyetem Filol\u00f3gia-Filoz\u00f3fia fakult\u00e1s\u00e1n diplom\u00e1zott (1922). Mv.- en a Papiu Ilarian L\u00edc.-ban tan\u00e1r (1925\u201340, 1945\u201348), igazgat\u00f3 (1928. dec. 8. \u2013 1935. jan. 15., 1938. okt. 1. \u201340. nov. 30., 1945. aug. 1. \u201348. febr. 10.). \u00d6ssze\u00e1ll\u00edtotta a l\u00edc. \u00c9vk\u00f6nyv\u00e9t (1919\u201329, 1929\u201330, 1930\u201331, 1931\u201332). Kezdem\u00e9nyezte a Papiu Ilarian szobor \u00e1ll\u00edt\u00e1s\u00e1t, \u00e9s megszervezte az avat\u00f3\u00fcnneps\u00e9get (1930. dec. 1.). \u00d3raad\u00f3 tan\u00e1r a mv.-i Ref. Koll.-ban (1926\u201329; 1936\u201338). R. N. Parasztp\u00e1rtnak a p\u00e9nzt\u00e1rosa volt (1931\u201336). Tagja volt az Astranak. T\u00f6bb mint 60 cikke \u00e9s tanulm\u00e1nya jelent meg az Astra Mure\u015fului c. lapban. Sz\u00e1mos el\u0151ad\u00e1st tartott. \u00cdr\u00e1sokat k\u00f6z\u00f6lt m\u00e9g a Mure\u015ful, Gazeta Mure\u015fului c. lapokban. Nagyenyedre menek\u00edtette a l\u00edc. iratt\u00e1r\u00e1t \u00e9s a Papiu Ilarian szobrot, ott tan\u00e1rk\u00e9nt dolgozott (1940\u201345). Visszat\u00e9rt Mv.-re igazgat\u00f3i posztj\u00e1ra (1945. aug. 6. \u2013 1948. febr. 6.), az Iskolak\u00f6zi Tan\u00e1cs eln\u00f6ke (1945\u201348); a tan\u00fcgy \u00e1tszervez\u00e9sekor (1948), Sz\u00e1szr\u00e9genbe a Rom\u00e1n Tan\u00edt\u00f3k\u00e9pz\u0151be helyezt\u00e9k b\u00fcntet\u00e9sb\u0151l, mint a r\u00e9gi rendszer ember\u00e9t, ahol mint k\u00f6nyvt\u00e1ros dolgozott (1948\u201362). Letart\u00f3ztatt\u00e1k (1952\u2013), k\u00e9t \u00e9vig Buk.-ben \u00e9s Gala\u0163ion volt beb\u00f6rt\u00f6n\u00f6zve (1952\u201354. j\u00fan. 15.-ig), s\u00falyos betegen szabadult. Csal\u00e1dj\u00e1t kilakoltatt\u00e1k, az ortodox lelk\u00e9sz fogadta be. <strong>Kit\u00fcntet\u00e9sei:<\/strong> Rom\u00e1nia Csillaga (Steaua Rom\u00e2niei) tiszti \u00e9rdemrend (1930); Rom\u00e1nia Koron\u00e1ja lovagi fokozat (Coroana Rom\u00e2niei) (1932). \u2013 <strong>F. m.:<\/strong> Anuarul Liceului de B\u0103ie\u0163i Al Papiu Ilarian din T\u00e2rgu Mure\u015f, 1930\u201331 (Tg. M., 1932). <br \/><strong>Irod.:<\/strong> Balint; C. L. (2004. sept. 24.); Bui-Borda-Opri\u015f; Dasc\u0103li mure\u015feni, 1.; Dasc\u0103lii Papiului; Id\u0151t\u00e1r 3; Id\u0151t\u00e1r 4.; M\u0103rtina\u015f; Mv. t\u00f6rt. 2.; Todea 2013<\/br><\/p>\n","protected":false},"excerpt":{"rendered":"<p>T\u00f6vis, 1895. m\u00e1j. 18., \u2020 Sz\u00e1szr\u00e9gen, 1962. febr. 22. h\u00e9t \u00e9v ut\u00e1n exhum\u00e1lt\u00e1k \u00e9s \u00e1tk\u00f6lt\u00f6ztett\u00e9k Mv.-re a K\u0151templom udvar\u00e1ra: tan\u00e1r. \u2013 Tanult a Bal\u00e1zsfalv\u00e1n a g. kat. l\u00edc.-ban (1914) \u00e9s a teol\u00f3giai akad. -\u00e1n (1914\u201318), Buk. &#8211; ben az egyetem Filol\u00f3gia-Filoz\u00f3fia fakult\u00e1s\u00e1n diplom\u00e1zott (1922). Mv.- en a Papiu Ilarian L\u00edc.-ban tan\u00e1r (1925\u201340, 1945\u201348), igazgat\u00f3 (1928. [&hellip;]<\/p>\n","protected":false},"featured_media":0,"comment_status":"open","ping_status":"closed","template":"","meta":[],"product_brand":[],"product_cat":[137],"product_tag":[],"class_list":{"0":"post-5725","1":"product","2":"type-product","3":"status-publish","5":"product_cat-maros-megyei-eletrajzi-lexikon","7":"first","8":"instock","9":"shipping-taxable","10":"product-type-simple"},"_links":{"self":[{"href":"https:\/\/uj.adatbank.ro\/lexikon\/wp-json\/wp\/v2\/product\/5725","targetHints":{"allow":["GET"]}}],"collection":[{"href":"https:\/\/uj.adatbank.ro\/lexikon\/wp-json\/wp\/v2\/product"}],"about":[{"href":"https:\/\/uj.adatbank.ro\/lexikon\/wp-json\/wp\/v2\/types\/product"}],"replies":[{"embeddable":true,"href":"https:\/\/uj.adatbank.ro\/lexikon\/wp-json\/wp\/v2\/comments?post=5725"}],"wp:attachment":[{"href":"https:\/\/uj.adatbank.ro\/lexikon\/wp-json\/wp\/v2\/media?parent=5725"}],"wp:term":[{"taxonomy":"product_brand","embeddable":true,"href":"https:\/\/uj.adatbank.ro\/lexikon\/wp-json\/wp\/v2\/product_brand?post=5725"},{"taxonomy":"product_cat","embeddable":true,"href":"https:\/\/uj.adatbank.ro\/lexikon\/wp-json\/wp\/v2\/product_cat?post=5725"},{"taxonomy":"product_tag","embeddable":true,"href":"https:\/\/uj.adatbank.ro\/lexikon\/wp-json\/wp\/v2\/product_tag?post=5725"}],"curies":[{"name":"wp","href":"https:\/\/api.w.org\/{rel}","templated":true}]}}

<p>Tövis, 1895. máj. 18., † Szászrégen, 1962. febr. 22. hét év után exhumálták és átköltöztették Mv.-re a Kőtemplom udvarára: tanár. – Tanult a Balázsfalván a g. kat. líc.-ban (1914) és a teológiai akad. -án (1914–18), Buk. &#8211; ben az egyetem Filológia-Filozófia fakultásán diplomázott (1922). Mv.- en a Papiu Ilarian Líc.-ban tanár (1925–40, 1945–48), igazgató (1928. dec. 8. – 1935. jan. 15., 1938. okt. 1. –40. nov. 30., 1945. aug. 1. –48. febr. 10.). Összeállította a líc. Évkönyvét (1919–29, 1929–30, 1930–31, 1931–32). Kezdeményezte a Papiu Ilarian szobor állítását, és megszervezte az avatóünnepséget (1930. dec. 1.). Óraadó tanár a mv.-i Ref. Koll.-ban (1926–29; 1936–38). R. N. Parasztpártnak a pénztárosa volt (1931–36). Tagja volt az Astranak. Több mint 60 cikke és tanulmánya jelent meg az Astra Mureşului c. lapban. Számos előadást tartott. Írásokat közölt még a Mureşul, Gazeta Mureşului c. lapokban. Nagyenyedre menekítette a líc. irattárát és a Papiu Ilarian szobrot, ott tanárként dolgozott (1940–45). Visszatért Mv.-re igazgatói posztjára (1945. aug. 6. – 1948. febr. 6.), az Iskolaközi Tanács elnöke (1945–48); a tanügy átszervezésekor (1948), Szászrégenbe a Román Tanítóképzőbe helyezték büntetésből, mint a régi rendszer emberét, ahol mint könyvtáros dolgozott (1948–62). Letartóztatták (1952–), két évig Buk.-ben és Galaţion volt bebörtönözve (1952–54. jún. 15.-ig), súlyos betegen szabadult. Családját kilakoltatták, az ortodox lelkész fogadta be. <strong>Kitüntetései:</strong> Románia Csillaga (Steaua României) tiszti érdemrend (1930); Románia Koronája lovagi fokozat (Coroana României) (1932). – <strong>F. m.:</strong> Anuarul Liceului de Băieţi Al Papiu Ilarian din Târgu Mureş, 1930–31 (Tg. M., 1932). <br /><strong>Irod.:</strong> Balint; C. L. (2004. sept. 24.); Bui-Borda-Opriş; Dascăli mureşeni, 1.; Dascălii Papiului; Időtár 3; Időtár 4.; Mărtinaş; Mv. tört. 2.; Todea 2013</br></p>

<p>Tövis, 1895. máj. 18., † Szászrégen, 1962. febr. 22. hét év után exhumálták és átköltöztették Mv.-re a Kőtemplom udvarára: tanár. – Tanult a Balázsfalván a g. kat. líc.-ban (1914) és a teológiai akad. -án (1914–18), Buk. &#8211; ben az egyetem Filológia-Filozófia fakultásán diplomázott (1922). Mv.- en a Papiu Ilarian Líc.-ban tanár (1925–40, 1945–48), igazgató (1928. [&hellip;]</p>
