{"id":5733,"date":"2025-06-28T17:28:05","date_gmt":"2025-06-28T15:28:05","guid":{"rendered":"https:\/\/uj.adatbank.ro\/lexikon\/termek\/cismas-ioan\/"},"modified":"2025-06-28T17:28:05","modified_gmt":"2025-06-28T15:28:05","slug":"cismas-ioan","status":"publish","type":"product","link":"https:\/\/uj.adatbank.ro\/lexikon\/termek\/cismas-ioan\/","title":{"rendered":"CISMA\u015e Ioan"},"content":{"rendered":"<p>? \u2020 ? : g\u00f6r. kat. \/ ort. pap. \u2013 Szolg\u00e1lt Maross\u00e1rpatakon (1924\u201348), V\u00e1rhegyben (1940\u201345). Szentmih\u00e1lyban (1960\u201365) \u00e9s val\u00f3sz\u00edn\u0171 G\u00f6rg\u00e9nykakucsban volt pap. <br \/><strong>Irod.:<\/strong> Berekm\u00e9ri\u2013G\u00e1lfi; Reghin, Protopopiat; \u015eincan 2006<\/br><\/p>\n","protected":false},"excerpt":{"rendered":"<p>? \u2020 ? : g\u00f6r. kat. \/ ort. pap. \u2013 Szolg\u00e1lt Maross\u00e1rpatakon (1924\u201348), V\u00e1rhegyben (1940\u201345). Szentmih\u00e1lyban (1960\u201365) \u00e9s val\u00f3sz\u00edn\u0171 G\u00f6rg\u00e9nykakucsban volt pap. Irod.: Berekm\u00e9ri\u2013G\u00e1lfi; Reghin, Protopopiat; \u015eincan 2006<\/p>\n","protected":false},"featured_media":0,"comment_status":"open","ping_status":"closed","template":"","meta":[],"product_brand":[],"product_cat":[137],"product_tag":[],"class_list":{"0":"post-5733","1":"product","2":"type-product","3":"status-publish","5":"product_cat-maros-megyei-eletrajzi-lexikon","7":"first","8":"instock","9":"shipping-taxable","10":"product-type-simple"},"_links":{"self":[{"href":"https:\/\/uj.adatbank.ro\/lexikon\/wp-json\/wp\/v2\/product\/5733","targetHints":{"allow":["GET"]}}],"collection":[{"href":"https:\/\/uj.adatbank.ro\/lexikon\/wp-json\/wp\/v2\/product"}],"about":[{"href":"https:\/\/uj.adatbank.ro\/lexikon\/wp-json\/wp\/v2\/types\/product"}],"replies":[{"embeddable":true,"href":"https:\/\/uj.adatbank.ro\/lexikon\/wp-json\/wp\/v2\/comments?post=5733"}],"wp:attachment":[{"href":"https:\/\/uj.adatbank.ro\/lexikon\/wp-json\/wp\/v2\/media?parent=5733"}],"wp:term":[{"taxonomy":"product_brand","embeddable":true,"href":"https:\/\/uj.adatbank.ro\/lexikon\/wp-json\/wp\/v2\/product_brand?post=5733"},{"taxonomy":"product_cat","embeddable":true,"href":"https:\/\/uj.adatbank.ro\/lexikon\/wp-json\/wp\/v2\/product_cat?post=5733"},{"taxonomy":"product_tag","embeddable":true,"href":"https:\/\/uj.adatbank.ro\/lexikon\/wp-json\/wp\/v2\/product_tag?post=5733"}],"curies":[{"name":"wp","href":"https:\/\/api.w.org\/{rel}","templated":true}]}}