{"id":5739,"date":"2025-06-28T17:28:15","date_gmt":"2025-06-28T15:28:15","guid":{"rendered":"https:\/\/uj.adatbank.ro\/lexikon\/termek\/ciugudean-cornelne-dr-papp-aliz-hajnal\/"},"modified":"2025-06-28T17:28:15","modified_gmt":"2025-06-28T15:28:15","slug":"ciugudean-cornelne-dr-papp-aliz-hajnal","status":"publish","type":"product","link":"https:\/\/uj.adatbank.ro\/lexikon\/termek\/ciugudean-cornelne-dr-papp-aliz-hajnal\/","title":{"rendered":"CIUGUDEAN Corneln\u00e9 dr. Papp Aliz Hajnal"},"content":{"rendered":"<p>Cs\u00edkszereda, 1935., \u2020\u00a02007 : orvos. \u2013 Papp Imre \u00e9s Veress Izabella le\u00e1nya. A mv.-i r\u00f3mai katolikus Z\u00e1rd\u00e1ban, majd a 2-es sz\u00e1m\u00fa Le\u00e1nyk\u00f6z\u00e9p \u2013 iskol\u00e1ban: tanult \u00e9s \u00e9retts\u00e9gizett. \u00e9s orvosi diplom\u00e1t a MOGYI-ban kapott. Marosszentgy\u00f6rgy\u00f6n k\u00f6rzeti orvos, gyermekgy\u00f3gy\u00e1sz alorvosi vizsg\u00e1t tett, majd szakorvos. A Gyermekpoliklinik\u00e1n szakorvos \u00e9s iskolaorvos nyugd\u00edjbavonul\u00e1s\u00e1ig. <br \/><strong>Irod.:<\/strong> Kiss Cs. M 4.<\/br><\/p>\n","protected":false},"excerpt":{"rendered":"<p>Cs\u00edkszereda, 1935., \u2020\u00a02007 : orvos. \u2013 Papp Imre \u00e9s Veress Izabella le\u00e1nya. A mv.-i r\u00f3mai katolikus Z\u00e1rd\u00e1ban, majd a 2-es sz\u00e1m\u00fa Le\u00e1nyk\u00f6z\u00e9p \u2013 iskol\u00e1ban: tanult \u00e9s \u00e9retts\u00e9gizett. \u00e9s orvosi diplom\u00e1t a MOGYI-ban kapott. Marosszentgy\u00f6rgy\u00f6n k\u00f6rzeti orvos, gyermekgy\u00f3gy\u00e1sz alorvosi vizsg\u00e1t tett, majd szakorvos. A Gyermekpoliklinik\u00e1n szakorvos \u00e9s iskolaorvos nyugd\u00edjbavonul\u00e1s\u00e1ig. Irod.: Kiss Cs. M 4.<\/p>\n","protected":false},"featured_media":0,"comment_status":"open","ping_status":"closed","template":"","meta":[],"product_brand":[],"product_cat":[137],"product_tag":[],"class_list":{"0":"post-5739","1":"product","2":"type-product","3":"status-publish","5":"product_cat-maros-megyei-eletrajzi-lexikon","7":"first","8":"instock","9":"shipping-taxable","10":"product-type-simple"},"_links":{"self":[{"href":"https:\/\/uj.adatbank.ro\/lexikon\/wp-json\/wp\/v2\/product\/5739","targetHints":{"allow":["GET"]}}],"collection":[{"href":"https:\/\/uj.adatbank.ro\/lexikon\/wp-json\/wp\/v2\/product"}],"about":[{"href":"https:\/\/uj.adatbank.ro\/lexikon\/wp-json\/wp\/v2\/types\/product"}],"replies":[{"embeddable":true,"href":"https:\/\/uj.adatbank.ro\/lexikon\/wp-json\/wp\/v2\/comments?post=5739"}],"wp:attachment":[{"href":"https:\/\/uj.adatbank.ro\/lexikon\/wp-json\/wp\/v2\/media?parent=5739"}],"wp:term":[{"taxonomy":"product_brand","embeddable":true,"href":"https:\/\/uj.adatbank.ro\/lexikon\/wp-json\/wp\/v2\/product_brand?post=5739"},{"taxonomy":"product_cat","embeddable":true,"href":"https:\/\/uj.adatbank.ro\/lexikon\/wp-json\/wp\/v2\/product_cat?post=5739"},{"taxonomy":"product_tag","embeddable":true,"href":"https:\/\/uj.adatbank.ro\/lexikon\/wp-json\/wp\/v2\/product_tag?post=5739"}],"curies":[{"name":"wp","href":"https:\/\/api.w.org\/{rel}","templated":true}]}}