{"id":5740,"date":"2025-06-28T17:28:17","date_gmt":"2025-06-28T15:28:17","guid":{"rendered":"https:\/\/uj.adatbank.ro\/lexikon\/termek\/ciulei-dumitru\/"},"modified":"2025-06-28T17:28:17","modified_gmt":"2025-06-28T15:28:17","slug":"ciulei-dumitru","status":"publish","type":"product","link":"https:\/\/uj.adatbank.ro\/lexikon\/termek\/ciulei-dumitru\/","title":{"rendered":"CIULEI Dumitru"},"content":{"rendered":"<p>? \u2020\u00a0? : ort. lelk\u00e9sz. \u2013 Sz\u00e1szd\u00e1ly\u00e1ban szolg\u00e1lt (1938\u201361). A k\u00f6zpontban befejezt\u00e9k az ort. k\u0151templom \u00e9s torony \u00e9p\u00edt\u00e9s\u00e9t, a h\u00edvek adakoz\u00e1s\u00e1b\u00f3l \u00e9s k\u00f6zmunk\u00e1j\u00e1val (1942), amit kor\u00e1bban megkezdtek, de anyagiak hi\u00e1ny\u00e1ban az \u00e9p\u00edt\u00e9s abbamaradt. Renov\u00e1lt\u00e1k, \u00fajra kifestett\u00e9k \u00e9s a gyulafeh\u00e9rv\u00e1ri Emilian p\u00fcsp\u00f6k szentelte fel (1976). <br \/><strong>Irod.:<\/strong> Apold<\/br><\/p>\n","protected":false},"excerpt":{"rendered":"<p>? \u2020\u00a0? : ort. lelk\u00e9sz. \u2013 Sz\u00e1szd\u00e1ly\u00e1ban szolg\u00e1lt (1938\u201361). A k\u00f6zpontban befejezt\u00e9k az ort. k\u0151templom \u00e9s torony \u00e9p\u00edt\u00e9s\u00e9t, a h\u00edvek adakoz\u00e1s\u00e1b\u00f3l \u00e9s k\u00f6zmunk\u00e1j\u00e1val (1942), amit kor\u00e1bban megkezdtek, de anyagiak hi\u00e1ny\u00e1ban az \u00e9p\u00edt\u00e9s abbamaradt. Renov\u00e1lt\u00e1k, \u00fajra kifestett\u00e9k \u00e9s a gyulafeh\u00e9rv\u00e1ri Emilian p\u00fcsp\u00f6k szentelte fel (1976). Irod.: Apold<\/p>\n","protected":false},"featured_media":0,"comment_status":"open","ping_status":"closed","template":"","meta":[],"product_brand":[],"product_cat":[137],"product_tag":[],"class_list":{"0":"post-5740","1":"product","2":"type-product","3":"status-publish","5":"product_cat-maros-megyei-eletrajzi-lexikon","7":"first","8":"instock","9":"shipping-taxable","10":"product-type-simple"},"_links":{"self":[{"href":"https:\/\/uj.adatbank.ro\/lexikon\/wp-json\/wp\/v2\/product\/5740","targetHints":{"allow":["GET"]}}],"collection":[{"href":"https:\/\/uj.adatbank.ro\/lexikon\/wp-json\/wp\/v2\/product"}],"about":[{"href":"https:\/\/uj.adatbank.ro\/lexikon\/wp-json\/wp\/v2\/types\/product"}],"replies":[{"embeddable":true,"href":"https:\/\/uj.adatbank.ro\/lexikon\/wp-json\/wp\/v2\/comments?post=5740"}],"wp:attachment":[{"href":"https:\/\/uj.adatbank.ro\/lexikon\/wp-json\/wp\/v2\/media?parent=5740"}],"wp:term":[{"taxonomy":"product_brand","embeddable":true,"href":"https:\/\/uj.adatbank.ro\/lexikon\/wp-json\/wp\/v2\/product_brand?post=5740"},{"taxonomy":"product_cat","embeddable":true,"href":"https:\/\/uj.adatbank.ro\/lexikon\/wp-json\/wp\/v2\/product_cat?post=5740"},{"taxonomy":"product_tag","embeddable":true,"href":"https:\/\/uj.adatbank.ro\/lexikon\/wp-json\/wp\/v2\/product_tag?post=5740"}],"curies":[{"name":"wp","href":"https:\/\/api.w.org\/{rel}","templated":true}]}}