{"id":5742,"date":"2025-06-28T17:28:19","date_gmt":"2025-06-28T15:28:19","guid":{"rendered":"https:\/\/uj.adatbank.ro\/lexikon\/termek\/ciupe-aurel-a-id\/"},"modified":"2025-06-28T17:28:19","modified_gmt":"2025-06-28T15:28:19","slug":"ciupe-aurel-a-id","status":"publish","type":"product","link":"https:\/\/uj.adatbank.ro\/lexikon\/termek\/ciupe-aurel-a-id\/","title":{"rendered":"CIUPE Aurel, A. id."},"content":{"rendered":"<p>? \u2020\u00a0? : t\u00e1blab\u00edr\u00f3, f\u0151\u00fcgy\u00e9sz. \u2013 Feles\u00e9ge: dr. C. Viorica (\u2020\u00a0Buc, 1937. j\u00fal. 29.). Fi\u00fak: C. Aurel (1900\u20131988) fest\u0151m\u0171v\u00e9sz -. It\u00e9l\u0151t\u00e1blai eln\u00f6k Mv.-en (1921). F\u0151\u00fcgy\u00e9ssz\u00e9 nevezt\u00e9k ki (1926). Feles\u00e9g\u00e9t Mv. v\u00e1rosi tan\u00e1csosnak v\u00e1lasztott\u00e1k (1926\u201328). A MAT-ban a N\u00e9pb\u00edr\u00f3s\u00e1g eln\u00f6ke, a tartom\u00e1nyi t\u00f6rv\u00e9nysz\u00e9k eln\u00f6ke, akit Kincses Elem\u00e9r b\u00edr\u00f3 v\u00e1ltott fel (1958\u2013). <br \/><strong>Irod.:<\/strong> Bottoni 2008; Id\u0151t\u00e1r 3<\/br><\/p>\n","protected":false},"excerpt":{"rendered":"<p>? \u2020\u00a0? : t\u00e1blab\u00edr\u00f3, f\u0151\u00fcgy\u00e9sz. \u2013 Feles\u00e9ge: dr. C. Viorica (\u2020\u00a0Buc, 1937. j\u00fal. 29.). Fi\u00fak: C. Aurel (1900\u20131988) fest\u0151m\u0171v\u00e9sz -. It\u00e9l\u0151t\u00e1blai eln\u00f6k Mv.-en (1921). F\u0151\u00fcgy\u00e9ssz\u00e9 nevezt\u00e9k ki (1926). Feles\u00e9g\u00e9t Mv. v\u00e1rosi tan\u00e1csosnak v\u00e1lasztott\u00e1k (1926\u201328). A MAT-ban a N\u00e9pb\u00edr\u00f3s\u00e1g eln\u00f6ke, a tartom\u00e1nyi t\u00f6rv\u00e9nysz\u00e9k eln\u00f6ke, akit Kincses Elem\u00e9r b\u00edr\u00f3 v\u00e1ltott fel (1958\u2013). Irod.: Bottoni 2008; Id\u0151t\u00e1r 3<\/p>\n","protected":false},"featured_media":0,"comment_status":"open","ping_status":"closed","template":"","meta":[],"product_brand":[],"product_cat":[137],"product_tag":[],"class_list":{"0":"post-5742","1":"product","2":"type-product","3":"status-publish","5":"product_cat-maros-megyei-eletrajzi-lexikon","7":"first","8":"instock","9":"shipping-taxable","10":"product-type-simple"},"_links":{"self":[{"href":"https:\/\/uj.adatbank.ro\/lexikon\/wp-json\/wp\/v2\/product\/5742","targetHints":{"allow":["GET"]}}],"collection":[{"href":"https:\/\/uj.adatbank.ro\/lexikon\/wp-json\/wp\/v2\/product"}],"about":[{"href":"https:\/\/uj.adatbank.ro\/lexikon\/wp-json\/wp\/v2\/types\/product"}],"replies":[{"embeddable":true,"href":"https:\/\/uj.adatbank.ro\/lexikon\/wp-json\/wp\/v2\/comments?post=5742"}],"wp:attachment":[{"href":"https:\/\/uj.adatbank.ro\/lexikon\/wp-json\/wp\/v2\/media?parent=5742"}],"wp:term":[{"taxonomy":"product_brand","embeddable":true,"href":"https:\/\/uj.adatbank.ro\/lexikon\/wp-json\/wp\/v2\/product_brand?post=5742"},{"taxonomy":"product_cat","embeddable":true,"href":"https:\/\/uj.adatbank.ro\/lexikon\/wp-json\/wp\/v2\/product_cat?post=5742"},{"taxonomy":"product_tag","embeddable":true,"href":"https:\/\/uj.adatbank.ro\/lexikon\/wp-json\/wp\/v2\/product_tag?post=5742"}],"curies":[{"name":"wp","href":"https:\/\/api.w.org\/{rel}","templated":true}]}}

<p>? † ? : táblabíró, főügyész. – Felesége: dr. C. Viorica († Buc, 1937. júl. 29.). Fiúk: C. Aurel (1900–1988) festőművész -. Itélőtáblai elnök Mv.-en (1921). Főügyésszé nevezték ki (1926). Feleségét Mv. városi tanácsosnak választották (1926–28). A MAT-ban a Népbíróság elnöke, a tartományi törvényszék elnöke, akit Kincses Elemér bíró váltott fel (1958–). <br /><strong>Irod.:</strong> Bottoni 2008; Időtár 3</br></p>

<p>? † ? : táblabíró, főügyész. – Felesége: dr. C. Viorica († Buc, 1937. júl. 29.). Fiúk: C. Aurel (1900–1988) festőművész -. Itélőtáblai elnök Mv.-en (1921). Főügyésszé nevezték ki (1926). Feleségét Mv. városi tanácsosnak választották (1926–28). A MAT-ban a Népbíróság elnöke, a tartományi törvényszék elnöke, akit Kincses Elemér bíró váltott fel (1958–). Irod.: Bottoni 2008; Időtár 3</p>
