{"id":5744,"date":"2025-06-28T17:28:24","date_gmt":"2025-06-28T15:28:24","guid":{"rendered":"https:\/\/uj.adatbank.ro\/lexikon\/termek\/ciupe-maria-sarolta-%c2%a7-kiraly-maria-sarolta\/"},"modified":"2025-06-28T17:28:24","modified_gmt":"2025-06-28T15:28:24","slug":"ciupe-maria-sarolta-%c2%a7-kiraly-maria-sarolta","status":"publish","type":"product","link":"https:\/\/uj.adatbank.ro\/lexikon\/termek\/ciupe-maria-sarolta-%c2%a7-kiraly-maria-sarolta\/","title":{"rendered":"CIUPE Maria Sarolta, \u00a7 Kir\u00e1ly M\u00e1ria Sarolta"},"content":{"rendered":"<p>Segesv\u00e1r, 1909. szept. 5 v. nov. 6., \u2020\u00a0Kv., 2001. szept. 25.: grafikus, textil- \u00e9s fest\u0151m\u0171v\u00e9sz. \u2013 Anyja: Issekutz M\u00e1ria Hel\u00e9na Irma. \u2013 Bp.-en tanult az Iparm\u0171v\u00e9szeti F\u0151iskol\u00e1n (1924\u201325), majd Kv.-on (1928\u201333) \u00e9s Temesv\u00e1ron a Sz\u00e9pm\u0171v\u00e9szeti F\u0151iskol\u00e1n (1933\u201334); Mv.-en Ciupe Aurel tan\u00edtv\u00e1nya majd feles\u00e9ge (1934\u201340); Mv.-en a Fest\u00e9szeti Szabadiskol\u00e1ban iparm\u0171v\u00e9szeti kurzust vezetett; a f\u00e9rj\u00e9vel Temesv\u00e1rra k\u00f6lt\u00f6z\u00f6tt, ahol a Hammer &#038; Ney textilgy\u00e1r modeltervez\u0151jek\u00e9nt dolgozott (1940\u201349). Kv.-ra k\u00f6lt\u00f6zve a M\u0171v\u00e9szeti L\u00edc. (1949\u201350), a M\u0171v\u00e9szeti Int\u00e9zet (1950\u201353), majd a Ion Andreescu M\u0171v\u00e9szeti F\u0151skola Textil Szak\u00e1nak (1953\u201374) tan\u00e1ra volt. El\u0151sz\u00f6r plak\u00e1tki\u00e1ll\u00edt\u00e1son szerepelt Mv.-en (1935). T\u00f6bb egy\u00e9ni \u00e9s kollekt\u00edv t\u00e1rlaton mutatta be munk\u00e1it: tusrajzok, akvarellek, falisz\u00f6nyegek, batik technik\u00e1val k\u00e9sz\u00fclt kompozici\u00f3k (Kv, Nagyv\u00e1rad, Mv.). Karl Marxstadtban, Lipcs\u00e9ben, Drezd\u00e1ban vett r\u00e9szt v\u00e1ndorki\u00e1ll\u00edt\u00e1son (1971). Mv-en egy\u00e9ni ki\u00e1ll\u00edt\u00e1sa volt (1970); m\u0171vei vannak a buk.-i \u00e9s mv.-i Sz\u00e9pm\u0171v\u00e9szeti M\u00fazeumban, a drezdai, a pillnitzi m\u00fazeumban. \u2013 <strong>F. m.:<\/strong> T\u00fckr\u00f6z\u0151d\u00e9s: falisz\u0151nyeg (a nagyv\u00e1radi M\u00fazeum tulajdona); Nyirf\u00e1k: falisz\u0151nyeg (a galaci m\u00fazeum); Ikrek: falisz\u0151nyeg; Fejedelmi vad\u00e1szat; Hunyadi J\u00e1nos (batik). \u2013 <strong>F. ki\u00e1ll.:<\/strong> egy\u00e9ni: Kv. [Aurel Ciup\u00e9val], (1969); Nagyv\u00e1rad (1969); Mv. [Aurel Ciup\u00e9val], (1970); Galac (1970); Karl Marx Stadt (1971); Lipcse (1971); Drezda (1971); Buk. (1973); csoportos: Temesv\u00e1r (1949); Kv. tartom\u00e1nyi, megyei t\u00e1rlatok (1950\u201372); Buk. Orsz\u00e1gos (1952\u201372); Berlin, Vars\u00f3 (1952); Peking (1957); Berlin (1958); Sz\u00f3fia (1964); Bp. (1972); Belgr\u00e1d, Bochum (D), Hamburg, Pozsony (1973); Kov\u00e1szna (1976). <br \/><strong>Irod.:<\/strong> 100 \u00e9v; 20. sz.-i k\u00e9pz\u0151m\u0171v\u00e9szet; artportal; Banner; Fornade; Id\u0151t\u00e1r 4.; Katona Szab\u00f3 Istv\u00e1n: Az \u00daj \u00c9let lexikona, 42 (\u00daj \u00c9let, 2. sz., 1972); Moln\u00e1r; Mur\u00e1din 2002; \u00d6kr\u00f6s; Todea 2013<\/br><\/p>\n","protected":false},"excerpt":{"rendered":"<p>Segesv\u00e1r, 1909. szept. 5 v. nov. 6., \u2020\u00a0Kv., 2001. szept. 25.: grafikus, textil- \u00e9s fest\u0151m\u0171v\u00e9sz. \u2013 Anyja: Issekutz M\u00e1ria Hel\u00e9na Irma. \u2013 Bp.-en tanult az Iparm\u0171v\u00e9szeti F\u0151iskol\u00e1n (1924\u201325), majd Kv.-on (1928\u201333) \u00e9s Temesv\u00e1ron a Sz\u00e9pm\u0171v\u00e9szeti F\u0151iskol\u00e1n (1933\u201334); Mv.-en Ciupe Aurel tan\u00edtv\u00e1nya majd feles\u00e9ge (1934\u201340); Mv.-en a Fest\u00e9szeti Szabadiskol\u00e1ban iparm\u0171v\u00e9szeti kurzust vezetett; a f\u00e9rj\u00e9vel Temesv\u00e1rra k\u00f6lt\u00f6z\u00f6tt, [&hellip;]<\/p>\n","protected":false},"featured_media":0,"comment_status":"open","ping_status":"closed","template":"","meta":[],"product_brand":[],"product_cat":[137],"product_tag":[],"class_list":{"0":"post-5744","1":"product","2":"type-product","3":"status-publish","5":"product_cat-maros-megyei-eletrajzi-lexikon","7":"first","8":"instock","9":"shipping-taxable","10":"product-type-simple"},"_links":{"self":[{"href":"https:\/\/uj.adatbank.ro\/lexikon\/wp-json\/wp\/v2\/product\/5744","targetHints":{"allow":["GET"]}}],"collection":[{"href":"https:\/\/uj.adatbank.ro\/lexikon\/wp-json\/wp\/v2\/product"}],"about":[{"href":"https:\/\/uj.adatbank.ro\/lexikon\/wp-json\/wp\/v2\/types\/product"}],"replies":[{"embeddable":true,"href":"https:\/\/uj.adatbank.ro\/lexikon\/wp-json\/wp\/v2\/comments?post=5744"}],"wp:attachment":[{"href":"https:\/\/uj.adatbank.ro\/lexikon\/wp-json\/wp\/v2\/media?parent=5744"}],"wp:term":[{"taxonomy":"product_brand","embeddable":true,"href":"https:\/\/uj.adatbank.ro\/lexikon\/wp-json\/wp\/v2\/product_brand?post=5744"},{"taxonomy":"product_cat","embeddable":true,"href":"https:\/\/uj.adatbank.ro\/lexikon\/wp-json\/wp\/v2\/product_cat?post=5744"},{"taxonomy":"product_tag","embeddable":true,"href":"https:\/\/uj.adatbank.ro\/lexikon\/wp-json\/wp\/v2\/product_tag?post=5744"}],"curies":[{"name":"wp","href":"https:\/\/api.w.org\/{rel}","templated":true}]}}

CIUPE Maria Sarolta, § Király Mária Sarolta

<p>Segesvár, 1909. szept. 5 v. nov. 6., † Kv., 2001. szept. 25.: grafikus, textil- és festőművész. – Anyja: Issekutz Mária Heléna Irma. – Bp.-en tanult az Iparművészeti Főiskolán (1924–25), majd Kv.-on (1928–33) és Temesváron a Szépművészeti Főiskolán (1933–34); Mv.-en Ciupe Aurel tanítványa majd felesége (1934–40); Mv.-en a Festészeti Szabadiskolában iparművészeti kurzust vezetett; a férjével Temesvárra költözött, ahol a Hammer &#038; Ney textilgyár modeltervezőjeként dolgozott (1940–49). Kv.-ra költözve a Művészeti Líc. (1949–50), a Művészeti Intézet (1950–53), majd a Ion Andreescu Művészeti Főskola Textil Szakának (1953–74) tanára volt. Először plakátkiállításon szerepelt Mv.-en (1935). Több egyéni és kollektív tárlaton mutatta be munkáit: tusrajzok, akvarellek, faliszönyegek, batik technikával készült kompoziciók (Kv, Nagyvárad, Mv.). Karl Marxstadtban, Lipcsében, Drezdában vett részt vándorkiállításon (1971). Mv-en egyéni kiállítása volt (1970); művei vannak a buk.-i és mv.-i Szépművészeti Múzeumban, a drezdai, a pillnitzi múzeumban. – <strong>F. m.:</strong> Tükröződés: faliszőnyeg (a nagyváradi Múzeum tulajdona); Nyirfák: faliszőnyeg (a galaci múzeum); Ikrek: faliszőnyeg; Fejedelmi vadászat; Hunyadi János (batik). – <strong>F. kiáll.:</strong> egyéni: Kv. [Aurel Ciupéval], (1969); Nagyvárad (1969); Mv. [Aurel Ciupéval], (1970); Galac (1970); Karl Marx Stadt (1971); Lipcse (1971); Drezda (1971); Buk. (1973); csoportos: Temesvár (1949); Kv. tartományi, megyei tárlatok (1950–72); Buk. Országos (1952–72); Berlin, Varsó (1952); Peking (1957); Berlin (1958); Szófia (1964); Bp. (1972); Belgrád, Bochum (D), Hamburg, Pozsony (1973); Kovászna (1976). <br /><strong>Irod.:</strong> 100 év; 20. sz.-i képzőművészet; artportal; Banner; Fornade; Időtár 4.; Katona Szabó István: Az Új Élet lexikona, 42 (Új Élet, 2. sz., 1972); Molnár; Murádin 2002; Ökrös; Todea 2013</br></p>

<p>Segesvár, 1909. szept. 5 v. nov. 6., † Kv., 2001. szept. 25.: grafikus, textil- és festőművész. – Anyja: Issekutz Mária Heléna Irma. – Bp.-en tanult az Iparművészeti Főiskolán (1924–25), majd Kv.-on (1928–33) és Temesváron a Szépművészeti Főiskolán (1933–34); Mv.-en Ciupe Aurel tanítványa majd felesége (1934–40); Mv.-en a Festészeti Szabadiskolában iparművészeti kurzust vezetett; a férjével Temesvárra költözött, [&hellip;]</p>
