{"id":5747,"date":"2025-06-28T17:28:31","date_gmt":"2025-06-28T15:28:31","guid":{"rendered":"https:\/\/uj.adatbank.ro\/lexikon\/termek\/ciurezu-argetoaia-vergiliu-%c2%a7\/"},"modified":"2025-06-28T17:28:31","modified_gmt":"2025-06-28T15:28:31","slug":"ciurezu-argetoaia-vergiliu-%c2%a7","status":"publish","type":"product","link":"https:\/\/uj.adatbank.ro\/lexikon\/termek\/ciurezu-argetoaia-vergiliu-%c2%a7\/","title":{"rendered":"CIUREZU-ARGETOAIA Vergiliu, \u00a7"},"content":{"rendered":"<p>Argetoaia, 1921. j\u00fal. 3. \u2020\u00a0? : k\u00f6zgazd\u00e1sz, \u00edr\u00f3. \u2013 Elemi iskol\u00e1t \u00e9s l\u00edc. -ot Craiovan v\u00e9gezett, majd Olaszo.-ban Katolikus Fels\u0151oktat\u00e1si Int\u00e9zet hallgat\u00f3ja (1940-ig, a h\u00e1bor\u00fa miatt f\u00e9lbehagyta), Buk.-ben tiszti isk-t v\u00e9gzett (1945). Erd\u00e9lyben a keleti fronton a 82-es t\u0171z\u00e9rs\u00e9gi ezreddel r\u00e9szt vett a 2. vh. harcaiban. Kereskedelmi Akad. -t v\u00e9gzett (1945 ut\u00e1n). A h\u00e1bor\u00fa befejez\u00e9se ut\u00e1n is akt\u00edv tisztk\u00e9nt dolgozott, majd tartal\u00e9kba helyezt\u00e9k. Mv.-en k\u00f6zgazd\u00e1szk\u00e9nt tev\u00e9kenykedett. Tagja volt a Liviu Rebreanu Irodalmi K\u00f6rnek. Nyugd\u00edjba vonult (1983), majd D\u00edcs\u0151szentm\u00e1rtonba k\u00f6lt\u00f6z\u00f6tt (1997). Munkat\u00e1rsa volt a C. L., a craiovai FOR. (Fr\u0103\u0163ia Ortodox\u0103 Rom\u00e2n\u0103) lapoknak. K\u00f6lt\u0151k\u00e9nt m\u00e1r a l\u00edc. irodalmi k\u00f6r\u00e9ben jelentkezett \u00e9s a C\u0103l\u0103torie \u00een jurul p\u0103m\u00e2ntului c. napl\u00f3-reg\u00e9nnyel. K\u00e9ziratban maradt reg\u00e9nyei: Sobolii p\u0103m\u00e2ntului; Tabula rasa; Caius Caligulla \u00e9s ford\u00edt\u00e1sai francia \u00e9s angol nyelvb\u0151l. \u2013 <strong>F. m.:<\/strong> <strong>t\u00e1rssz.:<\/strong> Cleopatra, Caesar \u015fi Antonius: roman istoric (Mioara Ciurezu-B\u0103lcaciu-val; Tg. M., 1996); Nero, orgiile unui monstru: roman (Mioara Ciurezu-B\u0103lcaciu-val; Tg. M., 1999); antolog.: Pagini mure\u015fene (Tg. M., 1964). <br \/><strong>Irod.:<\/strong> Cosma<\/br><\/p>\n","protected":false},"excerpt":{"rendered":"<p>Argetoaia, 1921. j\u00fal. 3. \u2020\u00a0? : k\u00f6zgazd\u00e1sz, \u00edr\u00f3. \u2013 Elemi iskol\u00e1t \u00e9s l\u00edc. -ot Craiovan v\u00e9gezett, majd Olaszo.-ban Katolikus Fels\u0151oktat\u00e1si Int\u00e9zet hallgat\u00f3ja (1940-ig, a h\u00e1bor\u00fa miatt f\u00e9lbehagyta), Buk.-ben tiszti isk-t v\u00e9gzett (1945). Erd\u00e9lyben a keleti fronton a 82-es t\u0171z\u00e9rs\u00e9gi ezreddel r\u00e9szt vett a 2. vh. harcaiban. Kereskedelmi Akad. -t v\u00e9gzett (1945 ut\u00e1n). A h\u00e1bor\u00fa befejez\u00e9se [&hellip;]<\/p>\n","protected":false},"featured_media":0,"comment_status":"open","ping_status":"closed","template":"","meta":[],"product_brand":[],"product_cat":[137],"product_tag":[],"class_list":{"0":"post-5747","1":"product","2":"type-product","3":"status-publish","5":"product_cat-maros-megyei-eletrajzi-lexikon","7":"first","8":"instock","9":"shipping-taxable","10":"product-type-simple"},"_links":{"self":[{"href":"https:\/\/uj.adatbank.ro\/lexikon\/wp-json\/wp\/v2\/product\/5747","targetHints":{"allow":["GET"]}}],"collection":[{"href":"https:\/\/uj.adatbank.ro\/lexikon\/wp-json\/wp\/v2\/product"}],"about":[{"href":"https:\/\/uj.adatbank.ro\/lexikon\/wp-json\/wp\/v2\/types\/product"}],"replies":[{"embeddable":true,"href":"https:\/\/uj.adatbank.ro\/lexikon\/wp-json\/wp\/v2\/comments?post=5747"}],"wp:attachment":[{"href":"https:\/\/uj.adatbank.ro\/lexikon\/wp-json\/wp\/v2\/media?parent=5747"}],"wp:term":[{"taxonomy":"product_brand","embeddable":true,"href":"https:\/\/uj.adatbank.ro\/lexikon\/wp-json\/wp\/v2\/product_brand?post=5747"},{"taxonomy":"product_cat","embeddable":true,"href":"https:\/\/uj.adatbank.ro\/lexikon\/wp-json\/wp\/v2\/product_cat?post=5747"},{"taxonomy":"product_tag","embeddable":true,"href":"https:\/\/uj.adatbank.ro\/lexikon\/wp-json\/wp\/v2\/product_tag?post=5747"}],"curies":[{"name":"wp","href":"https:\/\/api.w.org\/{rel}","templated":true}]}}

<p>Argetoaia, 1921. júl. 3. † ? : közgazdász, író. – Elemi iskolát és líc. -ot Craiovan végezett, majd Olaszo.-ban Katolikus Felsőoktatási Intézet hallgatója (1940-ig, a háború miatt félbehagyta), Buk.-ben tiszti isk-t végzett (1945). Erdélyben a keleti fronton a 82-es tűzérségi ezreddel részt vett a 2. vh. harcaiban. Kereskedelmi Akad. -t végzett (1945 után). A háború befejezése után is aktív tisztként dolgozott, majd tartalékba helyezték. Mv.-en közgazdászként tevékenykedett. Tagja volt a Liviu Rebreanu Irodalmi Körnek. Nyugdíjba vonult (1983), majd Dícsőszentmártonba költözött (1997). Munkatársa volt a C. L., a craiovai FOR. (Frăţia Ortodoxă Română) lapoknak. Költőként már a líc. irodalmi körében jelentkezett és a Călătorie în jurul pământului c. napló-regénnyel. Kéziratban maradt regényei: Sobolii pământului; Tabula rasa; Caius Caligulla és fordításai francia és angol nyelvből. – <strong>F. m.:</strong> <strong>társsz.:</strong> Cleopatra, Caesar şi Antonius: roman istoric (Mioara Ciurezu-Bălcaciu-val; Tg. M., 1996); Nero, orgiile unui monstru: roman (Mioara Ciurezu-Bălcaciu-val; Tg. M., 1999); antolog.: Pagini mureşene (Tg. M., 1964). <br /><strong>Irod.:</strong> Cosma</br></p>

<p>Argetoaia, 1921. júl. 3. † ? : közgazdász, író. – Elemi iskolát és líc. -ot Craiovan végezett, majd Olaszo.-ban Katolikus Felsőoktatási Intézet hallgatója (1940-ig, a háború miatt félbehagyta), Buk.-ben tiszti isk-t végzett (1945). Erdélyben a keleti fronton a 82-es tűzérségi ezreddel részt vett a 2. vh. harcaiban. Kereskedelmi Akad. -t végzett (1945 után). A háború befejezése [&hellip;]</p>
