{"id":5751,"date":"2025-06-28T17:28:40","date_gmt":"2025-06-28T15:28:40","guid":{"rendered":"https:\/\/uj.adatbank.ro\/lexikon\/termek\/clemens-frigyes-klemens-frigyes\/"},"modified":"2025-06-28T17:28:40","modified_gmt":"2025-06-28T15:28:40","slug":"clemens-frigyes-klemens-frigyes","status":"publish","type":"product","link":"https:\/\/uj.adatbank.ro\/lexikon\/termek\/clemens-frigyes-klemens-frigyes\/","title":{"rendered":"CLEMENS Frigyes, Klemens Frigyes"},"content":{"rendered":"<p>Beszterce, 1894. jan. 4., \u2020\u00a0? : gy\u00f3gyszer\u00e9sz. \u2013 Kv.-on a FJTE-en kapott gy\u00f3gyszer\u00e9sz diplom\u00e1t (1915. dec. 18.). Katona-gy\u00f3gyszer\u00e9sz (1919). Mv.-re ker\u00fclt (1940\u2013) \u00e9s alkalmazott lett a K\u0151v\u00e1ri J\u00f3zsef tulajdon\u00e1ba l\u00e9v\u0151 Arany Szarvas gy\u00f3gyszert\u00e1rban. <br \/><strong>Irod.:<\/strong> P\u00e9ter H. M.; P\u00e9ter H. M. 2013<\/br><\/p>\n","protected":false},"excerpt":{"rendered":"<p>Beszterce, 1894. jan. 4., \u2020\u00a0? : gy\u00f3gyszer\u00e9sz. \u2013 Kv.-on a FJTE-en kapott gy\u00f3gyszer\u00e9sz diplom\u00e1t (1915. dec. 18.). Katona-gy\u00f3gyszer\u00e9sz (1919). Mv.-re ker\u00fclt (1940\u2013) \u00e9s alkalmazott lett a K\u0151v\u00e1ri J\u00f3zsef tulajdon\u00e1ba l\u00e9v\u0151 Arany Szarvas gy\u00f3gyszert\u00e1rban. Irod.: P\u00e9ter H. M.; P\u00e9ter H. M. 2013<\/p>\n","protected":false},"featured_media":0,"comment_status":"open","ping_status":"closed","template":"","meta":[],"product_brand":[],"product_cat":[137],"product_tag":[],"class_list":{"0":"post-5751","1":"product","2":"type-product","3":"status-publish","5":"product_cat-maros-megyei-eletrajzi-lexikon","7":"first","8":"instock","9":"shipping-taxable","10":"product-type-simple"},"_links":{"self":[{"href":"https:\/\/uj.adatbank.ro\/lexikon\/wp-json\/wp\/v2\/product\/5751","targetHints":{"allow":["GET"]}}],"collection":[{"href":"https:\/\/uj.adatbank.ro\/lexikon\/wp-json\/wp\/v2\/product"}],"about":[{"href":"https:\/\/uj.adatbank.ro\/lexikon\/wp-json\/wp\/v2\/types\/product"}],"replies":[{"embeddable":true,"href":"https:\/\/uj.adatbank.ro\/lexikon\/wp-json\/wp\/v2\/comments?post=5751"}],"wp:attachment":[{"href":"https:\/\/uj.adatbank.ro\/lexikon\/wp-json\/wp\/v2\/media?parent=5751"}],"wp:term":[{"taxonomy":"product_brand","embeddable":true,"href":"https:\/\/uj.adatbank.ro\/lexikon\/wp-json\/wp\/v2\/product_brand?post=5751"},{"taxonomy":"product_cat","embeddable":true,"href":"https:\/\/uj.adatbank.ro\/lexikon\/wp-json\/wp\/v2\/product_cat?post=5751"},{"taxonomy":"product_tag","embeddable":true,"href":"https:\/\/uj.adatbank.ro\/lexikon\/wp-json\/wp\/v2\/product_tag?post=5751"}],"curies":[{"name":"wp","href":"https:\/\/api.w.org\/{rel}","templated":true}]}}