{"id":5752,"date":"2025-06-28T17:28:42","date_gmt":"2025-06-28T15:28:42","guid":{"rendered":"https:\/\/uj.adatbank.ro\/lexikon\/termek\/clococeanu-n-clococian\/"},"modified":"2025-06-28T17:28:42","modified_gmt":"2025-06-28T15:28:42","slug":"clococeanu-n-clococian","status":"publish","type":"product","link":"https:\/\/uj.adatbank.ro\/lexikon\/termek\/clococeanu-n-clococian\/","title":{"rendered":"CLOCOCEANU, N., Clococian"},"content":{"rendered":"<p>? \u2020\u00a0? : cs\u00e1sz\u00e1ri \u0151rnagy, hely\u0151rs\u00e9gi majd v\u00e1rosparancsnok. \u2013 Mv.-en a hely\u0151rs\u00e9g parancsnoka, \u0151 rendelkezett a hadak f\u00f6l\u00f6tt (1848. nov.). Nem engedte be a v\u00e1rosba Constantin Romanu-Vivu prefektus 12. l\u00e9gi\u00f3j\u00e1t. Megtiltotta a gy\u00fclekez\u00e9st \u00e9s az \u00f6sszej\u00f6veteleket, bez\u00e1ratta a k\u00e9t kaszin\u00f3t \u00e9s n\u00e9pesebb nyilv\u00e1nos helyis\u00e9geket, az ellen\u00e1ll\u00f3kat felkoncol\u00e1ssal fenyegette (1848. nov.). Lindner lemond\u00e1sa ut\u00e1n v\u00e1rosparancsnok lett (1848. nov. 23). A v\u00e1ros, a sebes\u00fcltek \u00e1pol\u00e1s\u00e1ra rendelkez\u00e9s\u00e9re bocs\u00e1totta a Ref. Koll. -ot, ez\u00e9rt h\u00e1l\u00e1j\u00e1t fejezte ki. Felsz\u00f3l\u00edtotta a v\u00e1rosi tan\u00e1csot: a felel\u0151s hivatalnokok sor\u00e1t eg\u00e9sz\u00edtse ki rom\u00e1n \u00e9s sz\u00e1sz polg\u00e1rokkal \u00e9s tiszt\u00edtsa meg sorait azokt\u00f3l akik a forradalom p\u00e1rtj\u00e1n \u00e1lltak. <br \/><strong>Irod.:<\/strong> Dragomir Silviu: Studii \u015fi documente privitoare la revolu\u0163ia rom\u00e2nilor din Transilvania \u00een anii 1948\u201349 (Sibiu, 1944); Id\u0151t\u00e1r 2; Transilvania 1848\u201349<\/br><\/p>\n","protected":false},"excerpt":{"rendered":"<p>? \u2020\u00a0? : cs\u00e1sz\u00e1ri \u0151rnagy, hely\u0151rs\u00e9gi majd v\u00e1rosparancsnok. \u2013 Mv.-en a hely\u0151rs\u00e9g parancsnoka, \u0151 rendelkezett a hadak f\u00f6l\u00f6tt (1848. nov.). Nem engedte be a v\u00e1rosba Constantin Romanu-Vivu prefektus 12. l\u00e9gi\u00f3j\u00e1t. Megtiltotta a gy\u00fclekez\u00e9st \u00e9s az \u00f6sszej\u00f6veteleket, bez\u00e1ratta a k\u00e9t kaszin\u00f3t \u00e9s n\u00e9pesebb nyilv\u00e1nos helyis\u00e9geket, az ellen\u00e1ll\u00f3kat felkoncol\u00e1ssal fenyegette (1848. nov.). Lindner lemond\u00e1sa ut\u00e1n v\u00e1rosparancsnok lett [&hellip;]<\/p>\n","protected":false},"featured_media":0,"comment_status":"open","ping_status":"closed","template":"","meta":[],"product_brand":[],"product_cat":[137],"product_tag":[],"class_list":{"0":"post-5752","1":"product","2":"type-product","3":"status-publish","5":"product_cat-maros-megyei-eletrajzi-lexikon","7":"first","8":"instock","9":"shipping-taxable","10":"product-type-simple"},"_links":{"self":[{"href":"https:\/\/uj.adatbank.ro\/lexikon\/wp-json\/wp\/v2\/product\/5752","targetHints":{"allow":["GET"]}}],"collection":[{"href":"https:\/\/uj.adatbank.ro\/lexikon\/wp-json\/wp\/v2\/product"}],"about":[{"href":"https:\/\/uj.adatbank.ro\/lexikon\/wp-json\/wp\/v2\/types\/product"}],"replies":[{"embeddable":true,"href":"https:\/\/uj.adatbank.ro\/lexikon\/wp-json\/wp\/v2\/comments?post=5752"}],"wp:attachment":[{"href":"https:\/\/uj.adatbank.ro\/lexikon\/wp-json\/wp\/v2\/media?parent=5752"}],"wp:term":[{"taxonomy":"product_brand","embeddable":true,"href":"https:\/\/uj.adatbank.ro\/lexikon\/wp-json\/wp\/v2\/product_brand?post=5752"},{"taxonomy":"product_cat","embeddable":true,"href":"https:\/\/uj.adatbank.ro\/lexikon\/wp-json\/wp\/v2\/product_cat?post=5752"},{"taxonomy":"product_tag","embeddable":true,"href":"https:\/\/uj.adatbank.ro\/lexikon\/wp-json\/wp\/v2\/product_tag?post=5752"}],"curies":[{"name":"wp","href":"https:\/\/api.w.org\/{rel}","templated":true}]}}

<p>? † ? : császári őrnagy, helyőrségi majd városparancsnok. – Mv.-en a helyőrség parancsnoka, ő rendelkezett a hadak fölött (1848. nov.). Nem engedte be a városba Constantin Romanu-Vivu prefektus 12. légióját. Megtiltotta a gyülekezést és az összejöveteleket, bezáratta a két kaszinót és népesebb nyilvános helyiségeket, az ellenállókat felkoncolással fenyegette (1848. nov.). Lindner lemondása után városparancsnok lett (1848. nov. 23). A város, a sebesültek ápolására rendelkezésére bocsátotta a Ref. Koll. -ot, ezért háláját fejezte ki. Felszólította a városi tanácsot: a felelős hivatalnokok sorát egészítse ki román és szász polgárokkal és tisztítsa meg sorait azoktól akik a forradalom pártján álltak. <br /><strong>Irod.:</strong> Dragomir Silviu: Studii şi documente privitoare la revoluţia românilor din Transilvania în anii 1948–49 (Sibiu, 1944); Időtár 2; Transilvania 1848–49</br></p>

<p>? † ? : császári őrnagy, helyőrségi majd városparancsnok. – Mv.-en a helyőrség parancsnoka, ő rendelkezett a hadak fölött (1848. nov.). Nem engedte be a városba Constantin Romanu-Vivu prefektus 12. légióját. Megtiltotta a gyülekezést és az összejöveteleket, bezáratta a két kaszinót és népesebb nyilvános helyiségeket, az ellenállókat felkoncolással fenyegette (1848. nov.). Lindner lemondása után városparancsnok lett [&hellip;]</p>
