{"id":5753,"date":"2025-06-28T17:28:45","date_gmt":"2025-06-28T15:28:45","guid":{"rendered":"https:\/\/uj.adatbank.ro\/lexikon\/termek\/cocea-nicolae-dumitru\/"},"modified":"2025-06-28T17:28:45","modified_gmt":"2025-06-28T15:28:45","slug":"cocea-nicolae-dumitru","status":"publish","type":"product","link":"https:\/\/uj.adatbank.ro\/lexikon\/termek\/cocea-nicolae-dumitru\/","title":{"rendered":"COCEA Nicolae Dumitru"},"content":{"rendered":"<p>B\u00eerlad, 1880. nov. 29., \u2020 Buc., 1949. febr. 1.: \u00edr\u00f3. \u2013 Huzamosabb ideig dolgozott Segesv\u00e1ron. Egykori segesv\u00e1ri lak\u00f3h\u00e1za eml\u00e9km\u00fazeum. \u00c9let\u00e9r\u0151l \u00edgy vall: \u201e&#8230;rendre voltam b\u00edr\u00f3, \u00fcgyv\u00e9d, publicista, harcos szocialista, lapszerkeszt\u0151, fegyenc, k\u00e9pvisel\u0151, reg\u00e9ny\u00edr\u00f3 \u00e9s v\u00e9g\u00fcl, \u00e9letem alkonya fel\u00e9 a sz\u00ednh\u00e1zak vez\u00e9rigazgat\u00f3ja.\u201d Munkat\u00e1rsa volt t\u00f6bb sajt\u00f3term\u00e9knek: Via\u0163a social\u0103, Viitorul social, Facla, Chemarea, Era nou\u0103, Reporter. Ismertt\u00e9 pamflettjei tett\u00e9k, amelyekben kora vissz\u00e1ss\u00e1gait g\u00fanyolta ki. \u2013 <strong>F. m.:<\/strong> Vinul de via\u0163\u0103 lung\u0103 (1931); A hossz\u00fa \u00e9let bora (Buk.; [Bp. ], 1988); L\u00e9tem lapjaib\u00f3l: V\u00e1logatott publicisztikai \u00edr\u00e1sok (Buk., 1962). <br \/><strong>Irod.:<\/strong> Ene, Virgiliu: N. D. Cocea (Buc., 1979); DGLR; M\u00e1ln\u00e1si; MNBK; Pelin; Turisztikai kalauz; VIL<\/br><\/p>\n","protected":false},"excerpt":{"rendered":"<p>B\u00eerlad, 1880. nov. 29., \u2020 Buc., 1949. febr. 1.: \u00edr\u00f3. \u2013 Huzamosabb ideig dolgozott Segesv\u00e1ron. Egykori segesv\u00e1ri lak\u00f3h\u00e1za eml\u00e9km\u00fazeum. \u00c9let\u00e9r\u0151l \u00edgy vall: \u201e&#8230;rendre voltam b\u00edr\u00f3, \u00fcgyv\u00e9d, publicista, harcos szocialista, lapszerkeszt\u0151, fegyenc, k\u00e9pvisel\u0151, reg\u00e9ny\u00edr\u00f3 \u00e9s v\u00e9g\u00fcl, \u00e9letem alkonya fel\u00e9 a sz\u00ednh\u00e1zak vez\u00e9rigazgat\u00f3ja.\u201d Munkat\u00e1rsa volt t\u00f6bb sajt\u00f3term\u00e9knek: Via\u0163a social\u0103, Viitorul social, Facla, Chemarea, Era nou\u0103, Reporter. Ismertt\u00e9 [&hellip;]<\/p>\n","protected":false},"featured_media":0,"comment_status":"open","ping_status":"closed","template":"","meta":[],"product_brand":[],"product_cat":[137],"product_tag":[],"class_list":{"0":"post-5753","1":"product","2":"type-product","3":"status-publish","5":"product_cat-maros-megyei-eletrajzi-lexikon","7":"first","8":"instock","9":"shipping-taxable","10":"product-type-simple"},"_links":{"self":[{"href":"https:\/\/uj.adatbank.ro\/lexikon\/wp-json\/wp\/v2\/product\/5753","targetHints":{"allow":["GET"]}}],"collection":[{"href":"https:\/\/uj.adatbank.ro\/lexikon\/wp-json\/wp\/v2\/product"}],"about":[{"href":"https:\/\/uj.adatbank.ro\/lexikon\/wp-json\/wp\/v2\/types\/product"}],"replies":[{"embeddable":true,"href":"https:\/\/uj.adatbank.ro\/lexikon\/wp-json\/wp\/v2\/comments?post=5753"}],"wp:attachment":[{"href":"https:\/\/uj.adatbank.ro\/lexikon\/wp-json\/wp\/v2\/media?parent=5753"}],"wp:term":[{"taxonomy":"product_brand","embeddable":true,"href":"https:\/\/uj.adatbank.ro\/lexikon\/wp-json\/wp\/v2\/product_brand?post=5753"},{"taxonomy":"product_cat","embeddable":true,"href":"https:\/\/uj.adatbank.ro\/lexikon\/wp-json\/wp\/v2\/product_cat?post=5753"},{"taxonomy":"product_tag","embeddable":true,"href":"https:\/\/uj.adatbank.ro\/lexikon\/wp-json\/wp\/v2\/product_tag?post=5753"}],"curies":[{"name":"wp","href":"https:\/\/api.w.org\/{rel}","templated":true}]}}

<p>Bîrlad, 1880. nov. 29., † Buc., 1949. febr. 1.: író. – Huzamosabb ideig dolgozott Segesváron. Egykori segesvári lakóháza emlékmúzeum. Életéről így vall: „&#8230;rendre voltam bíró, ügyvéd, publicista, harcos szocialista, lapszerkesztő, fegyenc, képviselő, regényíró és végül, életem alkonya felé a színházak vezérigazgatója.” Munkatársa volt több sajtóterméknek: Viaţa socială, Viitorul social, Facla, Chemarea, Era nouă, Reporter. Ismertté pamflettjei tették, amelyekben kora visszásságait gúnyolta ki. – <strong>F. m.:</strong> Vinul de viaţă lungă (1931); A hosszú élet bora (Buk.; [Bp. ], 1988); Létem lapjaiból: Válogatott publicisztikai írások (Buk., 1962). <br /><strong>Irod.:</strong> Ene, Virgiliu: N. D. Cocea (Buc., 1979); DGLR; Málnási; MNBK; Pelin; Turisztikai kalauz; VIL</br></p>

<p>Bîrlad, 1880. nov. 29., † Buc., 1949. febr. 1.: író. – Huzamosabb ideig dolgozott Segesváron. Egykori segesvári lakóháza emlékmúzeum. Életéről így vall: „&#8230;rendre voltam bíró, ügyvéd, publicista, harcos szocialista, lapszerkesztő, fegyenc, képviselő, regényíró és végül, életem alkonya felé a színházak vezérigazgatója.” Munkatársa volt több sajtóterméknek: Viaţa socială, Viitorul social, Facla, Chemarea, Era nouă, Reporter. Ismertté [&hellip;]</p>
