{"id":5765,"date":"2025-06-28T17:29:05","date_gmt":"2025-06-28T15:29:05","guid":{"rendered":"https:\/\/uj.adatbank.ro\/lexikon\/termek\/cohan-gheorghe-cohan-gyorgy\/"},"modified":"2025-06-28T17:29:05","modified_gmt":"2025-06-28T15:29:05","slug":"cohan-gheorghe-cohan-gyorgy","status":"publish","type":"product","link":"https:\/\/uj.adatbank.ro\/lexikon\/termek\/cohan-gheorghe-cohan-gyorgy\/","title":{"rendered":"COHAN Gheorghe, Cohan Gy\u00f6rgy"},"content":{"rendered":"<p>? \u2020 ? : gy\u00e1rtulajdonos. \u2013 A Mv.-i Kereskedelmi \u00e9s Ipar Kamara Igazgat\u00f3tan\u00e1cs\u00e1nak tagja (1947). A CERB, nev\u0171 b\u0151r- \u00e9s cserz\u0151gy\u00e1r (Mv., Tavasz u. 40\u201342, ), tulajdonosa. A gy\u00e1r szorosan egy\u00fcttm\u0171k\u0151d\u00f6tt a mv.-i Dermagant keszty\u0171gy\u00e1rral. Az \u00e1llamos\u00edt\u00e1s el\u0151tt nyolc alkalmazottal dolgozott (1948. j\u00fan. 25). Az \u00e1llamos\u00edt\u00e1s ut\u00e1n Szab\u00f3 Adalbert lett az \u00faj igazgat\u00f3 (1948. j\u00fal. 26). <br \/><strong>Irod.:<\/strong> Bartos Zolt\u00e1n; Nan: Camera de comer\u0163<\/br><\/p>\n","protected":false},"excerpt":{"rendered":"<p>? \u2020 ? : gy\u00e1rtulajdonos. \u2013 A Mv.-i Kereskedelmi \u00e9s Ipar Kamara Igazgat\u00f3tan\u00e1cs\u00e1nak tagja (1947). A CERB, nev\u0171 b\u0151r- \u00e9s cserz\u0151gy\u00e1r (Mv., Tavasz u. 40\u201342, ), tulajdonosa. A gy\u00e1r szorosan egy\u00fcttm\u0171k\u0151d\u00f6tt a mv.-i Dermagant keszty\u0171gy\u00e1rral. Az \u00e1llamos\u00edt\u00e1s el\u0151tt nyolc alkalmazottal dolgozott (1948. j\u00fan. 25). Az \u00e1llamos\u00edt\u00e1s ut\u00e1n Szab\u00f3 Adalbert lett az \u00faj igazgat\u00f3 (1948. j\u00fal. [&hellip;]<\/p>\n","protected":false},"featured_media":0,"comment_status":"open","ping_status":"closed","template":"","meta":[],"product_brand":[],"product_cat":[137],"product_tag":[],"class_list":{"0":"post-5765","1":"product","2":"type-product","3":"status-publish","5":"product_cat-maros-megyei-eletrajzi-lexikon","7":"first","8":"instock","9":"shipping-taxable","10":"product-type-simple"},"_links":{"self":[{"href":"https:\/\/uj.adatbank.ro\/lexikon\/wp-json\/wp\/v2\/product\/5765","targetHints":{"allow":["GET"]}}],"collection":[{"href":"https:\/\/uj.adatbank.ro\/lexikon\/wp-json\/wp\/v2\/product"}],"about":[{"href":"https:\/\/uj.adatbank.ro\/lexikon\/wp-json\/wp\/v2\/types\/product"}],"replies":[{"embeddable":true,"href":"https:\/\/uj.adatbank.ro\/lexikon\/wp-json\/wp\/v2\/comments?post=5765"}],"wp:attachment":[{"href":"https:\/\/uj.adatbank.ro\/lexikon\/wp-json\/wp\/v2\/media?parent=5765"}],"wp:term":[{"taxonomy":"product_brand","embeddable":true,"href":"https:\/\/uj.adatbank.ro\/lexikon\/wp-json\/wp\/v2\/product_brand?post=5765"},{"taxonomy":"product_cat","embeddable":true,"href":"https:\/\/uj.adatbank.ro\/lexikon\/wp-json\/wp\/v2\/product_cat?post=5765"},{"taxonomy":"product_tag","embeddable":true,"href":"https:\/\/uj.adatbank.ro\/lexikon\/wp-json\/wp\/v2\/product_tag?post=5765"}],"curies":[{"name":"wp","href":"https:\/\/api.w.org\/{rel}","templated":true}]}}