{"id":5771,"date":"2025-06-28T17:29:16","date_gmt":"2025-06-28T15:29:16","guid":{"rendered":"https:\/\/uj.adatbank.ro\/lexikon\/termek\/coman-ioan\/"},"modified":"2025-06-28T17:29:16","modified_gmt":"2025-06-28T15:29:16","slug":"coman-ioan","status":"publish","type":"product","link":"https:\/\/uj.adatbank.ro\/lexikon\/termek\/coman-ioan\/","title":{"rendered":"COMAN Ioan"},"content":{"rendered":"<p>Gombostelke, ? \u2020 Marosludas, ? Mez\u0151kapuson temett\u00e9k: tan\u00edt\u00f3. \u2013 Bal\u00e1zsfalv\u00e1n szerzett tan\u00edt\u00f3i oklevelet. Eg\u00e9sz \u00e9let\u00e9ben Mez\u0151kapuson tan\u00edtott (1896- 926). A gyulafeh\u00e9rv\u00e1ri \u00e9s fogarasi g. kat. tan\u00edt\u00f3k egyes\u00fclet\u00e9nek vezet\u0151s\u00e9gi tagja (1902). Hivatalos k\u00fcld\u00f6ttk\u00e9nt r\u00e9szt vett a gyulafeh\u00e9rv\u00e1ri egyes\u00fcl\u00e9si gy\u0171l\u00e9sen (1918. dec. 1.). Jelent\u0151s m\u0171vel\u0151d\u00e9si tev\u00e9kenys\u00e9get fejtett ki, t\u00f6bb m\u0171sor bev\u00e9tel\u00e9t a g. kat. templom \u00e9s a tov\u00e1bbtanul\u00f3 di\u00e1kok megseg\u00edt\u00e9s\u00e9re ford\u00edtott\u00e1k. Mez\u0151z\u00e1hon \u00e9lt gyermek\u00e9n\u00e9l nyugd\u00edjaz\u00e1sa ut\u00e1n. <br \/><strong>Irod.:<\/strong> Bosoanc\u0103; C\u0103pu\u015ful de C\u00e2mpie<\/br><\/p>\n","protected":false},"excerpt":{"rendered":"<p>Gombostelke, ? \u2020 Marosludas, ? Mez\u0151kapuson temett\u00e9k: tan\u00edt\u00f3. \u2013 Bal\u00e1zsfalv\u00e1n szerzett tan\u00edt\u00f3i oklevelet. Eg\u00e9sz \u00e9let\u00e9ben Mez\u0151kapuson tan\u00edtott (1896- 926). A gyulafeh\u00e9rv\u00e1ri \u00e9s fogarasi g. kat. tan\u00edt\u00f3k egyes\u00fclet\u00e9nek vezet\u0151s\u00e9gi tagja (1902). Hivatalos k\u00fcld\u00f6ttk\u00e9nt r\u00e9szt vett a gyulafeh\u00e9rv\u00e1ri egyes\u00fcl\u00e9si gy\u0171l\u00e9sen (1918. dec. 1.). Jelent\u0151s m\u0171vel\u0151d\u00e9si tev\u00e9kenys\u00e9get fejtett ki, t\u00f6bb m\u0171sor bev\u00e9tel\u00e9t a g. kat. templom \u00e9s a [&hellip;]<\/p>\n","protected":false},"featured_media":0,"comment_status":"open","ping_status":"closed","template":"","meta":[],"product_brand":[],"product_cat":[137],"product_tag":[],"class_list":{"0":"post-5771","1":"product","2":"type-product","3":"status-publish","5":"product_cat-maros-megyei-eletrajzi-lexikon","7":"first","8":"instock","9":"shipping-taxable","10":"product-type-simple"},"_links":{"self":[{"href":"https:\/\/uj.adatbank.ro\/lexikon\/wp-json\/wp\/v2\/product\/5771","targetHints":{"allow":["GET"]}}],"collection":[{"href":"https:\/\/uj.adatbank.ro\/lexikon\/wp-json\/wp\/v2\/product"}],"about":[{"href":"https:\/\/uj.adatbank.ro\/lexikon\/wp-json\/wp\/v2\/types\/product"}],"replies":[{"embeddable":true,"href":"https:\/\/uj.adatbank.ro\/lexikon\/wp-json\/wp\/v2\/comments?post=5771"}],"wp:attachment":[{"href":"https:\/\/uj.adatbank.ro\/lexikon\/wp-json\/wp\/v2\/media?parent=5771"}],"wp:term":[{"taxonomy":"product_brand","embeddable":true,"href":"https:\/\/uj.adatbank.ro\/lexikon\/wp-json\/wp\/v2\/product_brand?post=5771"},{"taxonomy":"product_cat","embeddable":true,"href":"https:\/\/uj.adatbank.ro\/lexikon\/wp-json\/wp\/v2\/product_cat?post=5771"},{"taxonomy":"product_tag","embeddable":true,"href":"https:\/\/uj.adatbank.ro\/lexikon\/wp-json\/wp\/v2\/product_tag?post=5771"}],"curies":[{"name":"wp","href":"https:\/\/api.w.org\/{rel}","templated":true}]}}

<p>Gombostelke, ? † Marosludas, ? Mezőkapuson temették: tanító. – Balázsfalván szerzett tanítói oklevelet. Egész életében Mezőkapuson tanított (1896- 926). A gyulafehérvári és fogarasi g. kat. tanítók egyesületének vezetőségi tagja (1902). Hivatalos küldöttként részt vett a gyulafehérvári egyesülési gyűlésen (1918. dec. 1.). Jelentős művelődési tevékenységet fejtett ki, több műsor bevételét a g. kat. templom és a továbbtanuló diákok megsegítésére fordították. Mezőzáhon élt gyermekénél nyugdíjazása után. <br /><strong>Irod.:</strong> Bosoancă; Căpuşul de Câmpie</br></p>

<p>Gombostelke, ? † Marosludas, ? Mezőkapuson temették: tanító. – Balázsfalván szerzett tanítói oklevelet. Egész életében Mezőkapuson tanított (1896- 926). A gyulafehérvári és fogarasi g. kat. tanítók egyesületének vezetőségi tagja (1902). Hivatalos küldöttként részt vett a gyulafehérvári egyesülési gyűlésen (1918. dec. 1.). Jelentős művelődési tevékenységet fejtett ki, több műsor bevételét a g. kat. templom és a [&hellip;]</p>
