{"id":5772,"date":"2025-06-28T17:29:17","date_gmt":"2025-06-28T15:29:17","guid":{"rendered":"https:\/\/uj.adatbank.ro\/lexikon\/termek\/coman-ioan-2\/"},"modified":"2025-06-28T17:29:17","modified_gmt":"2025-06-28T15:29:17","slug":"coman-ioan-2","status":"publish","type":"product","link":"https:\/\/uj.adatbank.ro\/lexikon\/termek\/coman-ioan-2\/","title":{"rendered":"COMAN Ioan"},"content":{"rendered":"<p>Marosgezse, 1867., \u2020 Marosludas, 1955., Mez\u0151z\u00e1hon temett\u00e9k el: g\u00f6r. kat. lelk\u00e9sz. \u2013 Papp\u00e1 szentel\u00e9se ut\u00e1n Kisiklandon szolg\u00e1lt. K\u00fcld\u00f6ttk\u00e9nt r\u00e9szt vett a gyulafeh\u00e9rv\u00e1ri egyes\u00fcl\u00e9si gy\u0171l\u00e9sen (1918. dec. 1.). Amikor a g\u00f6r. kat. egyh\u00e1zat betiltott\u00e1k (1948), nem t\u00e9rt \u00e1t az ort. vall\u00e1sra, ami\u00e9rt a securitate \u00e1lland\u00f3an zaklatta, \u00fcld\u00f6zte, letart\u00f3ztatt\u00e1k \u00e9s t\u00f6bb\u00e9vi b\u00f6rt\u00f6nre \u00edt\u00e9lt\u00e9k. Kiszabadul\u00e1sa ut\u00e1n a mez\u0151z\u00e1hi halteny\u00e9szetben tudott csak munk\u00e1sk\u00e9nt elhelyezkedni. <br \/><strong>Irod.:<\/strong> C\u0103pu\u015ful de C\u00e2mpie 2; T\u0103ureni<\/br><\/p>\n","protected":false},"excerpt":{"rendered":"<p>Marosgezse, 1867., \u2020 Marosludas, 1955., Mez\u0151z\u00e1hon temett\u00e9k el: g\u00f6r. kat. lelk\u00e9sz. \u2013 Papp\u00e1 szentel\u00e9se ut\u00e1n Kisiklandon szolg\u00e1lt. K\u00fcld\u00f6ttk\u00e9nt r\u00e9szt vett a gyulafeh\u00e9rv\u00e1ri egyes\u00fcl\u00e9si gy\u0171l\u00e9sen (1918. dec. 1.). Amikor a g\u00f6r. kat. egyh\u00e1zat betiltott\u00e1k (1948), nem t\u00e9rt \u00e1t az ort. vall\u00e1sra, ami\u00e9rt a securitate \u00e1lland\u00f3an zaklatta, \u00fcld\u00f6zte, letart\u00f3ztatt\u00e1k \u00e9s t\u00f6bb\u00e9vi b\u00f6rt\u00f6nre \u00edt\u00e9lt\u00e9k. Kiszabadul\u00e1sa ut\u00e1n a mez\u0151z\u00e1hi [&hellip;]<\/p>\n","protected":false},"featured_media":0,"comment_status":"open","ping_status":"closed","template":"","meta":[],"product_brand":[],"product_cat":[137],"product_tag":[],"class_list":{"0":"post-5772","1":"product","2":"type-product","3":"status-publish","5":"product_cat-maros-megyei-eletrajzi-lexikon","7":"first","8":"instock","9":"shipping-taxable","10":"product-type-simple"},"_links":{"self":[{"href":"https:\/\/uj.adatbank.ro\/lexikon\/wp-json\/wp\/v2\/product\/5772","targetHints":{"allow":["GET"]}}],"collection":[{"href":"https:\/\/uj.adatbank.ro\/lexikon\/wp-json\/wp\/v2\/product"}],"about":[{"href":"https:\/\/uj.adatbank.ro\/lexikon\/wp-json\/wp\/v2\/types\/product"}],"replies":[{"embeddable":true,"href":"https:\/\/uj.adatbank.ro\/lexikon\/wp-json\/wp\/v2\/comments?post=5772"}],"wp:attachment":[{"href":"https:\/\/uj.adatbank.ro\/lexikon\/wp-json\/wp\/v2\/media?parent=5772"}],"wp:term":[{"taxonomy":"product_brand","embeddable":true,"href":"https:\/\/uj.adatbank.ro\/lexikon\/wp-json\/wp\/v2\/product_brand?post=5772"},{"taxonomy":"product_cat","embeddable":true,"href":"https:\/\/uj.adatbank.ro\/lexikon\/wp-json\/wp\/v2\/product_cat?post=5772"},{"taxonomy":"product_tag","embeddable":true,"href":"https:\/\/uj.adatbank.ro\/lexikon\/wp-json\/wp\/v2\/product_tag?post=5772"}],"curies":[{"name":"wp","href":"https:\/\/api.w.org\/{rel}","templated":true}]}}

<p>Marosgezse, 1867., † Marosludas, 1955., Mezőzáhon temették el: gör. kat. lelkész. – Pappá szentelése után Kisiklandon szolgált. Küldöttként részt vett a gyulafehérvári egyesülési gyűlésen (1918. dec. 1.). Amikor a gör. kat. egyházat betiltották (1948), nem tért át az ort. vallásra, amiért a securitate állandóan zaklatta, üldözte, letartóztatták és többévi börtönre ítélték. Kiszabadulása után a mezőzáhi haltenyészetben tudott csak munkásként elhelyezkedni. <br /><strong>Irod.:</strong> Căpuşul de Câmpie 2; Tăureni</br></p>

<p>Marosgezse, 1867., † Marosludas, 1955., Mezőzáhon temették el: gör. kat. lelkész. – Pappá szentelése után Kisiklandon szolgált. Küldöttként részt vett a gyulafehérvári egyesülési gyűlésen (1918. dec. 1.). Amikor a gör. kat. egyházat betiltották (1948), nem tért át az ort. vallásra, amiért a securitate állandóan zaklatta, üldözte, letartóztatták és többévi börtönre ítélték. Kiszabadulása után a mezőzáhi [&hellip;]</p>
