{"id":5773,"date":"2025-06-28T17:29:18","date_gmt":"2025-06-28T15:29:18","guid":{"rendered":"https:\/\/uj.adatbank.ro\/lexikon\/termek\/coman-kund-wilhelm-vilmos-koman-kund-wilhelm\/"},"modified":"2025-06-28T17:29:18","modified_gmt":"2025-06-28T15:29:18","slug":"coman-kund-wilhelm-vilmos-koman-kund-wilhelm","status":"publish","type":"product","link":"https:\/\/uj.adatbank.ro\/lexikon\/termek\/coman-kund-wilhelm-vilmos-koman-kund-wilhelm\/","title":{"rendered":"COMAN Kund Wilhelm, Vilmos, Kom\u00e1n Kund Wilhelm"},"content":{"rendered":"<p>Hossz\u00fapatak, 1921. jan. 3. \u2020 Mv., 1969. dec. 25.: orvos. \u2013 Seb\u00e9sz szakorvos. A mv.-i II. sz. Seb\u00e9szeti \u00e9s Sz\u00edvseb\u00e9szeti Klinika kardiol\u00f3gus f\u0151orvosa. Tagja volt a Nemzetk\u00f6zi Kardiol\u00f3giai T\u00e1rsas\u00e1gnak \u00e9s az Eg\u00e9szs\u00e9g\u00fcgyi Vil\u00e1gszervezet szak\u00e9rt\u0151j\u00e9v\u00e9 is kinevet\u00e9k. A mv.-i securitate szerint r\u00e9szt vett Indi\u00e1ban egy kongressz\u00fason (1966). \u2013 <strong>F. m.:<\/strong> <strong>t\u00e1rssz.:<\/strong> Manual de chirurgie pentru \u015fcolile de asistente medical\u0103 1\u20132. (Buc., 1961). <br \/><strong>Irod.:<\/strong> Dr. C. K. W. [Nekrol\u00f3g](V. Z., 1969. dec. 27.); Bartos 2012; Genersich<\/br><\/p>\n","protected":false},"excerpt":{"rendered":"<p>Hossz\u00fapatak, 1921. jan. 3. \u2020 Mv., 1969. dec. 25.: orvos. \u2013 Seb\u00e9sz szakorvos. A mv.-i II. sz. Seb\u00e9szeti \u00e9s Sz\u00edvseb\u00e9szeti Klinika kardiol\u00f3gus f\u0151orvosa. Tagja volt a Nemzetk\u00f6zi Kardiol\u00f3giai T\u00e1rsas\u00e1gnak \u00e9s az Eg\u00e9szs\u00e9g\u00fcgyi Vil\u00e1gszervezet szak\u00e9rt\u0151j\u00e9v\u00e9 is kinevet\u00e9k. A mv.-i securitate szerint r\u00e9szt vett Indi\u00e1ban egy kongressz\u00fason (1966). \u2013 F. m.: t\u00e1rssz.: Manual de chirurgie pentru \u015fcolile [&hellip;]<\/p>\n","protected":false},"featured_media":0,"comment_status":"open","ping_status":"closed","template":"","meta":[],"product_brand":[],"product_cat":[137],"product_tag":[],"class_list":{"0":"post-5773","1":"product","2":"type-product","3":"status-publish","5":"product_cat-maros-megyei-eletrajzi-lexikon","7":"first","8":"instock","9":"shipping-taxable","10":"product-type-simple"},"_links":{"self":[{"href":"https:\/\/uj.adatbank.ro\/lexikon\/wp-json\/wp\/v2\/product\/5773","targetHints":{"allow":["GET"]}}],"collection":[{"href":"https:\/\/uj.adatbank.ro\/lexikon\/wp-json\/wp\/v2\/product"}],"about":[{"href":"https:\/\/uj.adatbank.ro\/lexikon\/wp-json\/wp\/v2\/types\/product"}],"replies":[{"embeddable":true,"href":"https:\/\/uj.adatbank.ro\/lexikon\/wp-json\/wp\/v2\/comments?post=5773"}],"wp:attachment":[{"href":"https:\/\/uj.adatbank.ro\/lexikon\/wp-json\/wp\/v2\/media?parent=5773"}],"wp:term":[{"taxonomy":"product_brand","embeddable":true,"href":"https:\/\/uj.adatbank.ro\/lexikon\/wp-json\/wp\/v2\/product_brand?post=5773"},{"taxonomy":"product_cat","embeddable":true,"href":"https:\/\/uj.adatbank.ro\/lexikon\/wp-json\/wp\/v2\/product_cat?post=5773"},{"taxonomy":"product_tag","embeddable":true,"href":"https:\/\/uj.adatbank.ro\/lexikon\/wp-json\/wp\/v2\/product_tag?post=5773"}],"curies":[{"name":"wp","href":"https:\/\/api.w.org\/{rel}","templated":true}]}}

COMAN Kund Wilhelm, Vilmos, Komán Kund Wilhelm

<p>Hosszúpatak, 1921. jan. 3. † Mv., 1969. dec. 25.: orvos. – Sebész szakorvos. A mv.-i II. sz. Sebészeti és Szívsebészeti Klinika kardiológus főorvosa. Tagja volt a Nemzetközi Kardiológiai Társaságnak és az Egészségügyi Világszervezet szakértőjévé is kineveték. A mv.-i securitate szerint részt vett Indiában egy kongresszúson (1966). – <strong>F. m.:</strong> <strong>társsz.:</strong> Manual de chirurgie pentru şcolile de asistente medicală 1–2. (Buc., 1961). <br /><strong>Irod.:</strong> Dr. C. K. W. [Nekrológ](V. Z., 1969. dec. 27.); Bartos 2012; Genersich</br></p>

<p>Hosszúpatak, 1921. jan. 3. † Mv., 1969. dec. 25.: orvos. – Sebész szakorvos. A mv.-i II. sz. Sebészeti és Szívsebészeti Klinika kardiológus főorvosa. Tagja volt a Nemzetközi Kardiológiai Társaságnak és az Egészségügyi Világszervezet szakértőjévé is kineveték. A mv.-i securitate szerint részt vett Indiában egy kongresszúson (1966). – F. m.: társsz.: Manual de chirurgie pentru şcolile [&hellip;]</p>
