{"id":5774,"date":"2025-06-28T17:29:20","date_gmt":"2025-06-28T15:29:20","guid":{"rendered":"https:\/\/uj.adatbank.ro\/lexikon\/termek\/coman-nicolae\/"},"modified":"2025-06-28T17:29:20","modified_gmt":"2025-06-28T15:29:20","slug":"coman-nicolae","status":"publish","type":"product","link":"https:\/\/uj.adatbank.ro\/lexikon\/termek\/coman-nicolae\/","title":{"rendered":"COMAN Nicolae"},"content":{"rendered":"<p>Gerendkerszt\u00far, 1912. \u00e1pr. 15., \u2020 ? : g\u00f6r. kat. \/ ort. pap. \u2013 Papp\u00e1 szentelt\u00e9k (1939). Szolg\u00e1lt Sz\u00e9naf\u0171ben, Mez\u0151pagocs\u00e1n, \u00e9s annak tany\u00e1j\u00e1n, V\u0103leni Pog\u0103ceaua-ban, ahol \u00faj, Sf. Prooroc Ilie templomot emeltek (1937), amelynek els\u0151 felszentelt papja volt. A kommunizmus idej\u00e9n letart\u00f3ztatt\u00e1k \u00e9s rendszer ellenes \u00e1rm\u00e1nykod\u00e1s v\u00e1dj\u00e1val b\u00f6rt\u00f6nbe vetett\u00e9k \u00e9s a Dunacsatorn\u00e1n\u00e1l raboskodott, t\u00f6bb m\u00e1s papt\u00e1rs\u00e1val egy\u00fctt (1948\u201352). <br \/><strong>Irod.:<\/strong> Iloaie; \u015eincan 2006<\/br><\/p>\n","protected":false},"excerpt":{"rendered":"<p>Gerendkerszt\u00far, 1912. \u00e1pr. 15., \u2020 ? : g\u00f6r. kat. \/ ort. pap. \u2013 Papp\u00e1 szentelt\u00e9k (1939). Szolg\u00e1lt Sz\u00e9naf\u0171ben, Mez\u0151pagocs\u00e1n, \u00e9s annak tany\u00e1j\u00e1n, V\u0103leni Pog\u0103ceaua-ban, ahol \u00faj, Sf. Prooroc Ilie templomot emeltek (1937), amelynek els\u0151 felszentelt papja volt. A kommunizmus idej\u00e9n letart\u00f3ztatt\u00e1k \u00e9s rendszer ellenes \u00e1rm\u00e1nykod\u00e1s v\u00e1dj\u00e1val b\u00f6rt\u00f6nbe vetett\u00e9k \u00e9s a Dunacsatorn\u00e1n\u00e1l raboskodott, t\u00f6bb m\u00e1s papt\u00e1rs\u00e1val [&hellip;]<\/p>\n","protected":false},"featured_media":0,"comment_status":"open","ping_status":"closed","template":"","meta":[],"product_brand":[],"product_cat":[137],"product_tag":[],"class_list":{"0":"post-5774","1":"product","2":"type-product","3":"status-publish","5":"product_cat-maros-megyei-eletrajzi-lexikon","7":"first","8":"instock","9":"shipping-taxable","10":"product-type-simple"},"_links":{"self":[{"href":"https:\/\/uj.adatbank.ro\/lexikon\/wp-json\/wp\/v2\/product\/5774","targetHints":{"allow":["GET"]}}],"collection":[{"href":"https:\/\/uj.adatbank.ro\/lexikon\/wp-json\/wp\/v2\/product"}],"about":[{"href":"https:\/\/uj.adatbank.ro\/lexikon\/wp-json\/wp\/v2\/types\/product"}],"replies":[{"embeddable":true,"href":"https:\/\/uj.adatbank.ro\/lexikon\/wp-json\/wp\/v2\/comments?post=5774"}],"wp:attachment":[{"href":"https:\/\/uj.adatbank.ro\/lexikon\/wp-json\/wp\/v2\/media?parent=5774"}],"wp:term":[{"taxonomy":"product_brand","embeddable":true,"href":"https:\/\/uj.adatbank.ro\/lexikon\/wp-json\/wp\/v2\/product_brand?post=5774"},{"taxonomy":"product_cat","embeddable":true,"href":"https:\/\/uj.adatbank.ro\/lexikon\/wp-json\/wp\/v2\/product_cat?post=5774"},{"taxonomy":"product_tag","embeddable":true,"href":"https:\/\/uj.adatbank.ro\/lexikon\/wp-json\/wp\/v2\/product_tag?post=5774"}],"curies":[{"name":"wp","href":"https:\/\/api.w.org\/{rel}","templated":true}]}}

<p>Gerendkersztúr, 1912. ápr. 15., † ? : gör. kat. / ort. pap. – Pappá szentelték (1939). Szolgált Szénafűben, Mezőpagocsán, és annak tanyáján, Văleni Pogăceaua-ban, ahol új, Sf. Prooroc Ilie templomot emeltek (1937), amelynek első felszentelt papja volt. A kommunizmus idején letartóztatták és rendszer ellenes ármánykodás vádjával börtönbe vetették és a Dunacsatornánál raboskodott, több más paptársával együtt (1948–52). <br /><strong>Irod.:</strong> Iloaie; Şincan 2006</br></p>

<p>Gerendkersztúr, 1912. ápr. 15., † ? : gör. kat. / ort. pap. – Pappá szentelték (1939). Szolgált Szénafűben, Mezőpagocsán, és annak tanyáján, Văleni Pogăceaua-ban, ahol új, Sf. Prooroc Ilie templomot emeltek (1937), amelynek első felszentelt papja volt. A kommunizmus idején letartóztatták és rendszer ellenes ármánykodás vádjával börtönbe vetették és a Dunacsatornánál raboskodott, több más paptársával [&hellip;]</p>
