{"id":5776,"date":"2025-06-28T17:29:25","date_gmt":"2025-06-28T15:29:25","guid":{"rendered":"https:\/\/uj.adatbank.ro\/lexikon\/termek\/comes-bazil-%c2%a7\/"},"modified":"2025-06-28T17:29:25","modified_gmt":"2025-06-28T15:29:25","slug":"comes-bazil-%c2%a7","status":"publish","type":"product","link":"https:\/\/uj.adatbank.ro\/lexikon\/termek\/comes-bazil-%c2%a7\/","title":{"rendered":"COMES Bazil, \u00a7"},"content":{"rendered":"<p>Mv., 1925. nov. 18., \u2020 Mv., 2005. febr. 20.: tan\u00edt\u00f3. \u2013 Elemi iskol\u00e1t N\u00e9m\u00e1n \u00e9s Mv.-en, a Papiu Ilarian L\u00edc. rom\u00e1n tagozat\u00e1n v\u00e9gzett k\u00e9t \u00e9vet (1938\u201340), majd Beszterc\u00e9n, Kv.-on a m. l\u00edc. rom\u00e1n tagozat\u00e1n folytatta tanulm\u00e1nyait (1941\u201343), de ezt bez\u00e1rt\u00e1k (1943), ez\u00e9rt egy \u00e9vig otton maradt (1943\u201344). Munkaszolg\u00e1latosk\u00e9nt besorozt\u00e1k a szamosfalvi rep\u00fcl\u0151t\u00e9rre (1944). A felszabadul\u00e1s ut\u00e1n Mv.-en folytatta tanulm\u00e1nyait, beiratkozott a tan\u00edt\u00f3k\u00e9pz\u0151be, ahol diplom\u00e1zott (1946). N\u00e9m\u00e1ba helyezt\u00e9k (1946\u201348), onnan Kisnyulasin\u00e9m\u00e1ba ker\u00fclt (1948\u201352), majd Mez\u0151s\u00e1msondra (1952\u201368), onnan Mez\u0151m\u00e9nesre, ahol igazgat\u00f3tan\u00edt\u00f3 volt nyugd\u00edjaz\u00e1s\u00e1ig (1968\u201371). Feljav\u00edtotta az isk. \u00e9p\u00fclet\u00e9t \u00e9s k\u00f6rnyezet\u00e9t. <br \/><strong>Irod.:<\/strong> Dasc\u0103li mure\u015feni, 2.<\/br><\/p>\n","protected":false},"excerpt":{"rendered":"<p>Mv., 1925. nov. 18., \u2020 Mv., 2005. febr. 20.: tan\u00edt\u00f3. \u2013 Elemi iskol\u00e1t N\u00e9m\u00e1n \u00e9s Mv.-en, a Papiu Ilarian L\u00edc. rom\u00e1n tagozat\u00e1n v\u00e9gzett k\u00e9t \u00e9vet (1938\u201340), majd Beszterc\u00e9n, Kv.-on a m. l\u00edc. rom\u00e1n tagozat\u00e1n folytatta tanulm\u00e1nyait (1941\u201343), de ezt bez\u00e1rt\u00e1k (1943), ez\u00e9rt egy \u00e9vig otton maradt (1943\u201344). Munkaszolg\u00e1latosk\u00e9nt besorozt\u00e1k a szamosfalvi rep\u00fcl\u0151t\u00e9rre (1944). A felszabadul\u00e1s [&hellip;]<\/p>\n","protected":false},"featured_media":0,"comment_status":"open","ping_status":"closed","template":"","meta":[],"product_brand":[],"product_cat":[137],"product_tag":[],"class_list":{"0":"post-5776","1":"product","2":"type-product","3":"status-publish","5":"product_cat-maros-megyei-eletrajzi-lexikon","7":"first","8":"instock","9":"shipping-taxable","10":"product-type-simple"},"_links":{"self":[{"href":"https:\/\/uj.adatbank.ro\/lexikon\/wp-json\/wp\/v2\/product\/5776","targetHints":{"allow":["GET"]}}],"collection":[{"href":"https:\/\/uj.adatbank.ro\/lexikon\/wp-json\/wp\/v2\/product"}],"about":[{"href":"https:\/\/uj.adatbank.ro\/lexikon\/wp-json\/wp\/v2\/types\/product"}],"replies":[{"embeddable":true,"href":"https:\/\/uj.adatbank.ro\/lexikon\/wp-json\/wp\/v2\/comments?post=5776"}],"wp:attachment":[{"href":"https:\/\/uj.adatbank.ro\/lexikon\/wp-json\/wp\/v2\/media?parent=5776"}],"wp:term":[{"taxonomy":"product_brand","embeddable":true,"href":"https:\/\/uj.adatbank.ro\/lexikon\/wp-json\/wp\/v2\/product_brand?post=5776"},{"taxonomy":"product_cat","embeddable":true,"href":"https:\/\/uj.adatbank.ro\/lexikon\/wp-json\/wp\/v2\/product_cat?post=5776"},{"taxonomy":"product_tag","embeddable":true,"href":"https:\/\/uj.adatbank.ro\/lexikon\/wp-json\/wp\/v2\/product_tag?post=5776"}],"curies":[{"name":"wp","href":"https:\/\/api.w.org\/{rel}","templated":true}]}}

<p>Mv., 1925. nov. 18., † Mv., 2005. febr. 20.: tanító. – Elemi iskolát Némán és Mv.-en, a Papiu Ilarian Líc. román tagozatán végzett két évet (1938–40), majd Besztercén, Kv.-on a m. líc. román tagozatán folytatta tanulmányait (1941–43), de ezt bezárták (1943), ezért egy évig otton maradt (1943–44). Munkaszolgálatosként besorozták a szamosfalvi repülőtérre (1944). A felszabadulás után Mv.-en folytatta tanulmányait, beiratkozott a tanítóképzőbe, ahol diplomázott (1946). Némába helyezték (1946–48), onnan Kisnyulasinémába került (1948–52), majd Mezősámsondra (1952–68), onnan Mezőménesre, ahol igazgatótanító volt nyugdíjazásáig (1968–71). Feljavította az isk. épületét és környezetét. <br /><strong>Irod.:</strong> Dascăli mureşeni, 2.</br></p>

<p>Mv., 1925. nov. 18., † Mv., 2005. febr. 20.: tanító. – Elemi iskolát Némán és Mv.-en, a Papiu Ilarian Líc. román tagozatán végzett két évet (1938–40), majd Besztercén, Kv.-on a m. líc. román tagozatán folytatta tanulmányait (1941–43), de ezt bezárták (1943), ezért egy évig otton maradt (1943–44). Munkaszolgálatosként besorozták a szamosfalvi repülőtérre (1944). A felszabadulás [&hellip;]</p>
