{"id":5779,"date":"2025-06-28T17:29:30","date_gmt":"2025-06-28T15:29:30","guid":{"rendered":"https:\/\/uj.adatbank.ro\/lexikon\/termek\/comes-victor-%c2%a7\/"},"modified":"2025-06-28T17:29:30","modified_gmt":"2025-06-28T15:29:30","slug":"comes-victor-%c2%a7","status":"publish","type":"product","link":"https:\/\/uj.adatbank.ro\/lexikon\/termek\/comes-victor-%c2%a7\/","title":{"rendered":"COMES Victor, \u00a7"},"content":{"rendered":"<p>Mez\u0151r\u00fccs, 1918. aug. 5., \u2020\u00a0? : orvos. \u2013 A mv-i Katonai L\u00edc.-ban tanult (1937), orvosi egyetemet v\u00e9gzett Kv.-on (1937\u201340) \u00e9s Nagyszebenben v\u00e9gzett (1940\u201343). Gyakornok, majd asszisztens a K\u00f6zeg\u00e9szs\u00e9gtani Int\u00e9zeteben (1946\u201348). Biostatisztika \u00e9s demogr\u00e1fia a kutat\u00e1si ter\u00fclete, k\u00fcl\u00f6nb\u00f6z\u0151 n\u00e9peg\u00e9szs\u00e9g\u00fcgyi kutat\u00e1sokat v\u00e9gzett. El\u0151ad\u00f3tan\u00e1r \u00e9s katedraf\u0151n\u00f6k a kv.-i OGYI K\u00f6zeg\u00e9szs\u00e9gtani Katedr\u00e1j\u00e1n. Sz\u00e1mos cikke jelent meg szakfoly\u00f3iratokban. \u2013 <strong>F. m.:<\/strong> szerz\u0151 \u00e9s <strong>t\u00e1rssz.:<\/strong> Lec\u0163iuni de statistic\u0103 sanitar\u0103 \u015fi demografie (1951); Curs de medicin\u0103 social\u0103 (1974); Medicina social\u0103, curs universitar (1978); Integrarea socio-profesional\u0103 a tinerilor medici \u015fi farmaci\u015fti (Ia\u015fi, 1980). <br \/><strong>Irod.:<\/strong> Fornade<\/br><\/p>\n","protected":false},"excerpt":{"rendered":"<p>Mez\u0151r\u00fccs, 1918. aug. 5., \u2020\u00a0? : orvos. \u2013 A mv-i Katonai L\u00edc.-ban tanult (1937), orvosi egyetemet v\u00e9gzett Kv.-on (1937\u201340) \u00e9s Nagyszebenben v\u00e9gzett (1940\u201343). Gyakornok, majd asszisztens a K\u00f6zeg\u00e9szs\u00e9gtani Int\u00e9zeteben (1946\u201348). Biostatisztika \u00e9s demogr\u00e1fia a kutat\u00e1si ter\u00fclete, k\u00fcl\u00f6nb\u00f6z\u0151 n\u00e9peg\u00e9szs\u00e9g\u00fcgyi kutat\u00e1sokat v\u00e9gzett. El\u0151ad\u00f3tan\u00e1r \u00e9s katedraf\u0151n\u00f6k a kv.-i OGYI K\u00f6zeg\u00e9szs\u00e9gtani Katedr\u00e1j\u00e1n. Sz\u00e1mos cikke jelent meg szakfoly\u00f3iratokban. \u2013 F. [&hellip;]<\/p>\n","protected":false},"featured_media":0,"comment_status":"open","ping_status":"closed","template":"","meta":[],"product_brand":[],"product_cat":[137],"product_tag":[],"class_list":{"0":"post-5779","1":"product","2":"type-product","3":"status-publish","5":"product_cat-maros-megyei-eletrajzi-lexikon","7":"first","8":"instock","9":"shipping-taxable","10":"product-type-simple"},"_links":{"self":[{"href":"https:\/\/uj.adatbank.ro\/lexikon\/wp-json\/wp\/v2\/product\/5779","targetHints":{"allow":["GET"]}}],"collection":[{"href":"https:\/\/uj.adatbank.ro\/lexikon\/wp-json\/wp\/v2\/product"}],"about":[{"href":"https:\/\/uj.adatbank.ro\/lexikon\/wp-json\/wp\/v2\/types\/product"}],"replies":[{"embeddable":true,"href":"https:\/\/uj.adatbank.ro\/lexikon\/wp-json\/wp\/v2\/comments?post=5779"}],"wp:attachment":[{"href":"https:\/\/uj.adatbank.ro\/lexikon\/wp-json\/wp\/v2\/media?parent=5779"}],"wp:term":[{"taxonomy":"product_brand","embeddable":true,"href":"https:\/\/uj.adatbank.ro\/lexikon\/wp-json\/wp\/v2\/product_brand?post=5779"},{"taxonomy":"product_cat","embeddable":true,"href":"https:\/\/uj.adatbank.ro\/lexikon\/wp-json\/wp\/v2\/product_cat?post=5779"},{"taxonomy":"product_tag","embeddable":true,"href":"https:\/\/uj.adatbank.ro\/lexikon\/wp-json\/wp\/v2\/product_tag?post=5779"}],"curies":[{"name":"wp","href":"https:\/\/api.w.org\/{rel}","templated":true}]}}

<p>Mezőrücs, 1918. aug. 5., † ? : orvos. – A mv-i Katonai Líc.-ban tanult (1937), orvosi egyetemet végzett Kv.-on (1937–40) és Nagyszebenben végzett (1940–43). Gyakornok, majd asszisztens a Közegészségtani Intézeteben (1946–48). Biostatisztika és demográfia a kutatási területe, különböző népegészségügyi kutatásokat végzett. Előadótanár és katedrafőnök a kv.-i OGYI Közegészségtani Katedráján. Számos cikke jelent meg szakfolyóiratokban. – <strong>F. m.:</strong> szerző és <strong>társsz.:</strong> Lecţiuni de statistică sanitară şi demografie (1951); Curs de medicină socială (1974); Medicina socială, curs universitar (1978); Integrarea socio-profesională a tinerilor medici şi farmacişti (Iaşi, 1980). <br /><strong>Irod.:</strong> Fornade</br></p>

<p>Mezőrücs, 1918. aug. 5., † ? : orvos. – A mv-i Katonai Líc.-ban tanult (1937), orvosi egyetemet végzett Kv.-on (1937–40) és Nagyszebenben végzett (1940–43). Gyakornok, majd asszisztens a Közegészségtani Intézeteben (1946–48). Biostatisztika és demográfia a kutatási területe, különböző népegészségügyi kutatásokat végzett. Előadótanár és katedrafőnök a kv.-i OGYI Közegészségtani Katedráján. Számos cikke jelent meg szakfolyóiratokban. – F. [&hellip;]</p>
