{"id":5781,"date":"2025-06-28T17:29:35","date_gmt":"2025-06-28T15:29:35","guid":{"rendered":"https:\/\/uj.adatbank.ro\/lexikon\/termek\/constantin-anatol\/"},"modified":"2025-06-28T17:29:35","modified_gmt":"2025-06-28T15:29:35","slug":"constantin-anatol","status":"publish","type":"product","link":"https:\/\/uj.adatbank.ro\/lexikon\/termek\/constantin-anatol\/","title":{"rendered":"CONSTANTIN Anatol"},"content":{"rendered":"<p>Nagyszeben, 1921. m\u00e1rc. 21., \u2020Haifa, 2019.: sz\u00edn\u00e9sz-rendez\u0151. \u2013 Ia\u0219i-ban a Nemzeti Sz\u00ednh\u00e1z tagja (1944\u201345), majd Buk.-ben a Teatrul Nostru (1945\u201346), a Mv.-i \u00c1llami Sz\u00e9kely Sz\u00ednh\u00e1z (1947\u201352), a kv.-i \u00c1llami Magyar Sz\u00ednh\u00e1z sz\u00edn\u00e9sze (1952\u201359), majd Temesv\u00e1ron a magyar, rom\u00e1n \u00e9s n\u00e9met t\u00e1rsulatn\u00e1l j\u00e1tszott \u00e9s rendezett. A Mv.-i \u00c1llami Sz\u00ednh\u00e1z sz\u00edn\u00e9sz-rendez\u0151je (1968 \u2013 1980). Izraelben folytatta sz\u00ednh\u00e1zi m\u0171v\u00e9szet\u00e9t (1980\u20131996). Visszat\u00e9rt Mv.-re (1996\u2013). Rendez\u0151je \u00e9s el\u0151ad\u00f3ja a Felix Mitterer Hotel Szib\u00e9ria c. el\u0151ad\u00f3estj\u00e9nek, valamint a J\u00e1t\u00e9kok a h\u00e1ts\u00f3udvarban c. Edna Mazya sz\u00ednm\u0171v\u00e9nek (1997. okt. 25.). A sz\u00ednh\u00e1z igazgat\u00f3ja, Tompa Mikl\u00f3s megh\u00edv\u00e1s\u00e1ra m\u00e9g \u00f6t \u00e9vet j\u00e1tszott Mv.-en. A V\u00e1ratlan vend\u00e9g \u00e9s a B\u00e1nk b\u00e1n \u2013ban szerepelt \u00e9s a Veri az \u00f6rd\u00f6g a feles\u00e9g\u00e9t filmben valamint m\u00e9g a Balta (rom\u00e1n \u2013olasz, 1970), Plusz-m\u00ednusz egy nap (1970), Forr\u00f3 r\u00e1g\u00f3gumi 4. c. filmekben. A sz\u00ednh\u00e1zi alak\u00edt\u00e1sai, szerepei Mv.-en: Biberach \u2013 Katona J\u00f3zsef: B\u00e1nk b\u00e1n, bemutat\u00f3: 1947. okt. 10.); Crooks \u2013 John Steinbeck: Egerek \u00e9s emberek (rendez\u0151: Delly Ferenc, bemutat\u00f3: 1948. febr. 17.); Nordling \u2013 Henri Berger: V\u00edz\u00f6z\u00f6n (rendez\u0151: Szab\u00f3 Ern\u0151, bemutat\u00f3: 1948. \u00e1pr. 29.: 1948. \u00e1pr. 29. A darabot Anatol Constantin \u00e9s Kem\u00e9ny J\u00e1nos ford\u00edtotta; Gr\u00f3f Buttler J\u00e1nos \u2013 Miksz\u00e1th K\u00e1lm\u00e1n: K\u00fcl\u00f6n\u00f6s h\u00e1zass\u00e1g (rendez\u0151: Szab\u00f3 Ern\u0151, bemutat\u00f3: 1949. jan. 13.); Br\u00e2nzovenescu, \u00fcgyv\u00e9d \u2013 I. L. Caragiale: Az elveszett lev\u00e9l (rendez\u0151: Tompa Mikl\u00f3s, Szab\u00f3 Ern\u0151, Kov\u00e1cs Gy\u00f6rgy, seg\u00e9drendez\u0151: Anatol Constantin, bemutat\u00f3: (1949. okt. 25); Klesztakov Alexandrovics Iv\u00e1n \u2013 Ny. V. Gogol: A revizor (rendez\u0151: Szab\u00f3 Ern\u0151, Tompa Mikl\u00f3s, bemutat\u00f3: 1952. m\u00e1rc. 14.); S\u00e1ndor \u2013 Nagy Istv\u00e1n: \u00d6z\u00f6nv\u00edz el\u0151tt (rendez\u0151: Harag Gy\u00f6rgy, bemutat\u00f3: 1971. m\u00e1rc. 20.); Mirea \u2013 Paul Everac: Az \u00f6t\u00f6dik hatty\u00fa (rendez\u0151: Anatol Constantin, bemutat\u00f3: 1979. m\u00e1j. 11). <strong>rendez\u00e9sei:<\/strong> G. B. Shaw: Brassbound kapit\u00e1ny megt\u00e9r\u00e9se (orsz\u00e1gos bemutat\u00f3: 1970. \u00e1pr. 3.); Oscar Wilde: Lady Windermere legyez\u0151je (bemutat\u00f3, 1971. jan. 15); Tudor Negoi\u021b\u0103: Amikor a pisztolyok hallgatnak (bemutat\u00f3: 1971. dec. 29.); Karinthy Frigyes: Kabar\u00e9 \u2013 Szab\u00e1lyos l\u00e9lektani dr\u00e1ma (bemutat\u00f3: 1971. dec. 31.); Raffai Sarolta: Diplom\u00e1sok (bemutat\u00f3: 1973. m\u00e1j. 23.); Mircea \u0218tef\u0103nescu: A kis pokol (bemutat\u00f3: 1974. \u00e1pr. 18.); Csehov: A h\u00e1rom n\u0151v\u00e9r (bemutat\u00f3: 1975. okt. 10.); E. Labiche \u00e9s Marc-Michel: Olasz szalmakalap (bemutat\u00f3: 1976. jan. 30.); G. B. Shaw. Barbara \u0151rnagy (bemutat\u00f3: 1977. j\u00fal. 3.); Edward Albee: Mindent a kertbe (bemutat\u00f3: 1978. dec. 29.); Paul Everac. Az \u00f6t\u00f6dik hatty\u00fa (bemutat\u00f3: 1979. m\u00e1j. 11.); Edna Mazya: J\u00e1t\u00e9kok a h\u00e1ts\u00f3udvarban (bemutat\u00f3: 1997. okt. 25.). <br \/><strong>Irod.:<\/strong> EMKK 2000; A Mv.-i Nemzeti Sz\u00ednh\u00e1z f\u00e1jdalommal b\u00facs\u00fazik Anatol Constantin sz\u00edn\u00e9sz-rendez\u0151t\u0151l Nagyszeben, 1921. m\u00e1rc. 21., \u2020 Haifa, 2019. (N\u00fa., 2019. j\u00fal. 12.)<\/br><\/p>\n","protected":false},"excerpt":{"rendered":"<p>Nagyszeben, 1921. m\u00e1rc. 21., \u2020Haifa, 2019.: sz\u00edn\u00e9sz-rendez\u0151. \u2013 Ia\u0219i-ban a Nemzeti Sz\u00ednh\u00e1z tagja (1944\u201345), majd Buk.-ben a Teatrul Nostru (1945\u201346), a Mv.-i \u00c1llami Sz\u00e9kely Sz\u00ednh\u00e1z (1947\u201352), a kv.-i \u00c1llami Magyar Sz\u00ednh\u00e1z sz\u00edn\u00e9sze (1952\u201359), majd Temesv\u00e1ron a magyar, rom\u00e1n \u00e9s n\u00e9met t\u00e1rsulatn\u00e1l j\u00e1tszott \u00e9s rendezett. A Mv.-i \u00c1llami Sz\u00ednh\u00e1z sz\u00edn\u00e9sz-rendez\u0151je (1968 \u2013 1980). Izraelben folytatta sz\u00ednh\u00e1zi [&hellip;]<\/p>\n","protected":false},"featured_media":0,"comment_status":"open","ping_status":"closed","template":"","meta":[],"product_brand":[],"product_cat":[137],"product_tag":[],"class_list":{"0":"post-5781","1":"product","2":"type-product","3":"status-publish","5":"product_cat-maros-megyei-eletrajzi-lexikon","7":"first","8":"instock","9":"shipping-taxable","10":"product-type-simple"},"_links":{"self":[{"href":"https:\/\/uj.adatbank.ro\/lexikon\/wp-json\/wp\/v2\/product\/5781","targetHints":{"allow":["GET"]}}],"collection":[{"href":"https:\/\/uj.adatbank.ro\/lexikon\/wp-json\/wp\/v2\/product"}],"about":[{"href":"https:\/\/uj.adatbank.ro\/lexikon\/wp-json\/wp\/v2\/types\/product"}],"replies":[{"embeddable":true,"href":"https:\/\/uj.adatbank.ro\/lexikon\/wp-json\/wp\/v2\/comments?post=5781"}],"wp:attachment":[{"href":"https:\/\/uj.adatbank.ro\/lexikon\/wp-json\/wp\/v2\/media?parent=5781"}],"wp:term":[{"taxonomy":"product_brand","embeddable":true,"href":"https:\/\/uj.adatbank.ro\/lexikon\/wp-json\/wp\/v2\/product_brand?post=5781"},{"taxonomy":"product_cat","embeddable":true,"href":"https:\/\/uj.adatbank.ro\/lexikon\/wp-json\/wp\/v2\/product_cat?post=5781"},{"taxonomy":"product_tag","embeddable":true,"href":"https:\/\/uj.adatbank.ro\/lexikon\/wp-json\/wp\/v2\/product_tag?post=5781"}],"curies":[{"name":"wp","href":"https:\/\/api.w.org\/{rel}","templated":true}]}}