{"id":5782,"date":"2025-06-28T17:29:37","date_gmt":"2025-06-28T15:29:37","guid":{"rendered":"https:\/\/uj.adatbank.ro\/lexikon\/termek\/constantin-valentin\/"},"modified":"2025-06-28T17:29:37","modified_gmt":"2025-06-28T15:29:37","slug":"constantin-valentin","status":"publish","type":"product","link":"https:\/\/uj.adatbank.ro\/lexikon\/termek\/constantin-valentin\/","title":{"rendered":"CONSTANTIN Valentin"},"content":{"rendered":"<p>H\u00e9jjasfalva, 1926. aug. 15., \u2020 Mv., 1995. aug.: tartal\u00e9kos ezredes, parancsnok. \u2013 Rend\u0151rtiszti f\u0151iskol\u00e1t v\u00e9gzett (1949), majd a jogtudom\u00e1nyi egyetemet. A Bel\u00fcgyminiszt\u00e9rium k\u00f6zponti egys\u00e9g\u00e9n\u00e9l tev\u00e9kenykedett. A sz\u00e1szr\u00e9geni milicia f\u0151n\u00f6khelyettese (1961\u2013), az Ideiglenes Megyei N\u00e9ptan\u00e1cs VB-tagja (1968. febr. 17.) \u00e9s a Maros Megyei Milicia parancsnoka, a megyei fel\u00fcgyel\u0151s\u00e9g f\u0151fel\u00fcgyel\u0151je, tartal\u00e9k\u00e1llom\u00e1nyba helyez\u00e9s\u00e9ig (1982). A 33 \u00e9vi tisztiszolg\u00e1lati tev\u00e9kenys\u00e9g\u00e9\u00e9rt soron k\u00edv\u00fcl l\u00e9ptett\u00e9k el\u0151, \u00f6t \u00e9rdemrenddel \u00e9s 13 \u00e9remmel t\u00fcntett\u00e9k ki. Tev\u00e9keny maradt nyugd\u00edjask\u00e9nt is. A Bel\u00fcgyminiszt\u00e9rium Nyug\u00e1llom\u00e1nyba Helyezett Tisztjei Egyes\u00fclet\u00e9nek az eln\u00f6ke (1991\u2013), tiszteletbeli eln\u00f6ke (1995. tavasz\u00e1t\u00f3l). <br \/><strong>Irod.:<\/strong> Id\u0151t\u00e1r 4.; [Nekrol\u00f3g] (N\u00fa., 1995. aug. 29.)<\/br><\/p>\n","protected":false},"excerpt":{"rendered":"<p>H\u00e9jjasfalva, 1926. aug. 15., \u2020 Mv., 1995. aug.: tartal\u00e9kos ezredes, parancsnok. \u2013 Rend\u0151rtiszti f\u0151iskol\u00e1t v\u00e9gzett (1949), majd a jogtudom\u00e1nyi egyetemet. A Bel\u00fcgyminiszt\u00e9rium k\u00f6zponti egys\u00e9g\u00e9n\u00e9l tev\u00e9kenykedett. A sz\u00e1szr\u00e9geni milicia f\u0151n\u00f6khelyettese (1961\u2013), az Ideiglenes Megyei N\u00e9ptan\u00e1cs VB-tagja (1968. febr. 17.) \u00e9s a Maros Megyei Milicia parancsnoka, a megyei fel\u00fcgyel\u0151s\u00e9g f\u0151fel\u00fcgyel\u0151je, tartal\u00e9k\u00e1llom\u00e1nyba helyez\u00e9s\u00e9ig (1982). A 33 \u00e9vi tisztiszolg\u00e1lati [&hellip;]<\/p>\n","protected":false},"featured_media":0,"comment_status":"open","ping_status":"closed","template":"","meta":[],"product_brand":[],"product_cat":[137],"product_tag":[],"class_list":{"0":"post-5782","1":"product","2":"type-product","3":"status-publish","5":"product_cat-maros-megyei-eletrajzi-lexikon","7":"first","8":"instock","9":"shipping-taxable","10":"product-type-simple"},"_links":{"self":[{"href":"https:\/\/uj.adatbank.ro\/lexikon\/wp-json\/wp\/v2\/product\/5782","targetHints":{"allow":["GET"]}}],"collection":[{"href":"https:\/\/uj.adatbank.ro\/lexikon\/wp-json\/wp\/v2\/product"}],"about":[{"href":"https:\/\/uj.adatbank.ro\/lexikon\/wp-json\/wp\/v2\/types\/product"}],"replies":[{"embeddable":true,"href":"https:\/\/uj.adatbank.ro\/lexikon\/wp-json\/wp\/v2\/comments?post=5782"}],"wp:attachment":[{"href":"https:\/\/uj.adatbank.ro\/lexikon\/wp-json\/wp\/v2\/media?parent=5782"}],"wp:term":[{"taxonomy":"product_brand","embeddable":true,"href":"https:\/\/uj.adatbank.ro\/lexikon\/wp-json\/wp\/v2\/product_brand?post=5782"},{"taxonomy":"product_cat","embeddable":true,"href":"https:\/\/uj.adatbank.ro\/lexikon\/wp-json\/wp\/v2\/product_cat?post=5782"},{"taxonomy":"product_tag","embeddable":true,"href":"https:\/\/uj.adatbank.ro\/lexikon\/wp-json\/wp\/v2\/product_tag?post=5782"}],"curies":[{"name":"wp","href":"https:\/\/api.w.org\/{rel}","templated":true}]}}

<p>Héjjasfalva, 1926. aug. 15., † Mv., 1995. aug.: tartalékos ezredes, parancsnok. – Rendőrtiszti főiskolát végzett (1949), majd a jogtudományi egyetemet. A Belügyminisztérium központi egységénél tevékenykedett. A szászrégeni milicia főnökhelyettese (1961–), az Ideiglenes Megyei Néptanács VB-tagja (1968. febr. 17.) és a Maros Megyei Milicia parancsnoka, a megyei felügyelőség főfelügyelője, tartalékállományba helyezéséig (1982). A 33 évi tisztiszolgálati tevékenységéért soron kívül léptették elő, öt érdemrenddel és 13 éremmel tüntették ki. Tevékeny maradt nyugdíjasként is. A Belügyminisztérium Nyugállományba Helyezett Tisztjei Egyesületének az elnöke (1991–), tiszteletbeli elnöke (1995. tavaszától). <br /><strong>Irod.:</strong> Időtár 4.; [Nekrológ] (Nú., 1995. aug. 29.)</br></p>

<p>Héjjasfalva, 1926. aug. 15., † Mv., 1995. aug.: tartalékos ezredes, parancsnok. – Rendőrtiszti főiskolát végzett (1949), majd a jogtudományi egyetemet. A Belügyminisztérium központi egységénél tevékenykedett. A szászrégeni milicia főnökhelyettese (1961–), az Ideiglenes Megyei Néptanács VB-tagja (1968. febr. 17.) és a Maros Megyei Milicia parancsnoka, a megyei felügyelőség főfelügyelője, tartalékállományba helyezéséig (1982). A 33 évi tisztiszolgálati [&hellip;]</p>
