{"id":5783,"date":"2025-06-28T17:29:39","date_gmt":"2025-06-28T15:29:39","guid":{"rendered":"https:\/\/uj.adatbank.ro\/lexikon\/termek\/constantinescu-tancred-%c2%a7\/"},"modified":"2025-06-28T17:29:39","modified_gmt":"2025-06-28T15:29:39","slug":"constantinescu-tancred-%c2%a7","status":"publish","type":"product","link":"https:\/\/uj.adatbank.ro\/lexikon\/termek\/constantinescu-tancred-%c2%a7\/","title":{"rendered":"CONSTANTINESCU Tancred, \u00a7"},"content":{"rendered":"<p>Cahul, 1876. m\u00e1rc. 18., \u2020 M\u00e1ramarossziget, 1951.: m\u00e9rn\u00f6k, matematikus, miniszter, k\u00e9pvisel\u0151, szen\u00e1tor. \u2013 K\u00e9pes\u00edt\u00e9se \u00fat- \u00e9s h\u00edd\u00e9p\u00edt\u0151 m\u00e9rn\u00f6k, Franciao-ban \u00e9s N\u00e9meto.-ban is tanult. A Br\u0103tianu-korm\u00e1ny Ipari \u00e9s Kereskedelmi minisztere. Mv.-en felkereste Bern\u00e1dyt (1925. okt. 12.). \u00e9s a korm\u00e1ny nev\u00e9ben a helyhat\u00f3s\u00e1gi v\u00e1laszt\u00e1sokra az egy\u00fcttm\u0171k\u00f6d\u00e9s lehet\u0151s\u00e9g\u00e9r\u0151l t\u00e1rgyaltak, de apaktum nem j\u00f6tt l\u00e9tre. A Nemzeti Liber\u00e1lis P\u00e1rt marosmegyei szervezet\u00e9nek eln\u00f6ke, k\u00e9pvisel\u0151je, szen\u00e1tora, majd miniszter (1926). \u2013 <strong>F. m.:<\/strong> Efectele legii electoale \u015fi \u00eenv\u0103\u0163\u0103mintele ce decurg din alegerile f\u0103cute dup\u0103 r\u0103zboi (1927). <br \/><strong>Irod.:<\/strong> Bern\u00e1dy; Id\u0151t\u00e1r 3; Jurnalul de Mure\u015f (22. sz., 1995.)<\/br><\/p>\n","protected":false},"excerpt":{"rendered":"<p>Cahul, 1876. m\u00e1rc. 18., \u2020 M\u00e1ramarossziget, 1951.: m\u00e9rn\u00f6k, matematikus, miniszter, k\u00e9pvisel\u0151, szen\u00e1tor. \u2013 K\u00e9pes\u00edt\u00e9se \u00fat- \u00e9s h\u00edd\u00e9p\u00edt\u0151 m\u00e9rn\u00f6k, Franciao-ban \u00e9s N\u00e9meto.-ban is tanult. A Br\u0103tianu-korm\u00e1ny Ipari \u00e9s Kereskedelmi minisztere. Mv.-en felkereste Bern\u00e1dyt (1925. okt. 12.). \u00e9s a korm\u00e1ny nev\u00e9ben a helyhat\u00f3s\u00e1gi v\u00e1laszt\u00e1sokra az egy\u00fcttm\u0171k\u00f6d\u00e9s lehet\u0151s\u00e9g\u00e9r\u0151l t\u00e1rgyaltak, de apaktum nem j\u00f6tt l\u00e9tre. A Nemzeti Liber\u00e1lis P\u00e1rt [&hellip;]<\/p>\n","protected":false},"featured_media":0,"comment_status":"open","ping_status":"closed","template":"","meta":[],"product_brand":[],"product_cat":[137],"product_tag":[],"class_list":{"0":"post-5783","1":"product","2":"type-product","3":"status-publish","5":"product_cat-maros-megyei-eletrajzi-lexikon","7":"first","8":"instock","9":"shipping-taxable","10":"product-type-simple"},"_links":{"self":[{"href":"https:\/\/uj.adatbank.ro\/lexikon\/wp-json\/wp\/v2\/product\/5783","targetHints":{"allow":["GET"]}}],"collection":[{"href":"https:\/\/uj.adatbank.ro\/lexikon\/wp-json\/wp\/v2\/product"}],"about":[{"href":"https:\/\/uj.adatbank.ro\/lexikon\/wp-json\/wp\/v2\/types\/product"}],"replies":[{"embeddable":true,"href":"https:\/\/uj.adatbank.ro\/lexikon\/wp-json\/wp\/v2\/comments?post=5783"}],"wp:attachment":[{"href":"https:\/\/uj.adatbank.ro\/lexikon\/wp-json\/wp\/v2\/media?parent=5783"}],"wp:term":[{"taxonomy":"product_brand","embeddable":true,"href":"https:\/\/uj.adatbank.ro\/lexikon\/wp-json\/wp\/v2\/product_brand?post=5783"},{"taxonomy":"product_cat","embeddable":true,"href":"https:\/\/uj.adatbank.ro\/lexikon\/wp-json\/wp\/v2\/product_cat?post=5783"},{"taxonomy":"product_tag","embeddable":true,"href":"https:\/\/uj.adatbank.ro\/lexikon\/wp-json\/wp\/v2\/product_tag?post=5783"}],"curies":[{"name":"wp","href":"https:\/\/api.w.org\/{rel}","templated":true}]}}

<p>Cahul, 1876. márc. 18., † Máramarossziget, 1951.: mérnök, matematikus, miniszter, képviselő, szenátor. – Képesítése út- és hídépítő mérnök, Franciao-ban és Németo.-ban is tanult. A Brătianu-kormány Ipari és Kereskedelmi minisztere. Mv.-en felkereste Bernádyt (1925. okt. 12.). és a kormány nevében a helyhatósági választásokra az együttműködés lehetőségéről tárgyaltak, de apaktum nem jött létre. A Nemzeti Liberális Párt marosmegyei szervezetének elnöke, képviselője, szenátora, majd miniszter (1926). – <strong>F. m.:</strong> Efectele legii electoale şi învăţămintele ce decurg din alegerile făcute după război (1927). <br /><strong>Irod.:</strong> Bernády; Időtár 3; Jurnalul de Mureş (22. sz., 1995.)</br></p>

<p>Cahul, 1876. márc. 18., † Máramarossziget, 1951.: mérnök, matematikus, miniszter, képviselő, szenátor. – Képesítése út- és hídépítő mérnök, Franciao-ban és Németo.-ban is tanult. A Brătianu-kormány Ipari és Kereskedelmi minisztere. Mv.-en felkereste Bernádyt (1925. okt. 12.). és a kormány nevében a helyhatósági választásokra az együttműködés lehetőségéről tárgyaltak, de apaktum nem jött létre. A Nemzeti Liberális Párt [&hellip;]</p>
