{"id":5785,"date":"2025-06-28T17:29:41","date_gmt":"2025-06-28T15:29:41","guid":{"rendered":"https:\/\/uj.adatbank.ro\/lexikon\/termek\/contiu-vasile-%c2%a7\/"},"modified":"2025-06-28T17:29:41","modified_gmt":"2025-06-28T15:29:41","slug":"contiu-vasile-%c2%a7","status":"publish","type":"product","link":"https:\/\/uj.adatbank.ro\/lexikon\/termek\/contiu-vasile-%c2%a7\/","title":{"rendered":"CON\u0162IU Vasile, \u00a7"},"content":{"rendered":"<p>Mez\u0151r\u00fccs, 1936. febr. 20., \u2020 Mv., 2000. \u00e1pr. 8.: tan\u00e1r, n\u00e9pdal\u00e9nekes, etnogr\u00e1fus. \u2013 Elemi iskol\u00e1t R\u00fccs\u00f6n, Mv.-en a Mez\u0151gazd. L\u00edc.-ban v\u00e9gzett. Mv.-en, katonas\u00e1g ut\u00e1n tan\u00edt\u00f3k\u00e9nt dolgozott, majd felv\u00e9telizett Kv.-on a Gh. Dima Konzervat\u00f3riumba, Zeneszerz\u0151-karmester- pedag\u00f3gia szakon v\u00e9gzett (1965). Szol\u00f3\u00e9nekes a Maros M\u0171v\u00e9szegy\u00fcttesben (1965\u201367). A mv.-i N\u00e9pi Alkot\u00e1sok H\u00e1z\u00e1n\u00e1l, ill. a N\u00e9pi Alkot\u00e1sok \u00e9s M\u0171v\u00e9szeti T\u00f6megmozgalom Megyei \u00cdr\u00e1ny\u00edt\u00f3 K\u00f6zpontj\u00e1nak zeneszakos instruktora, a k\u00f3rusmozgalom\u00e9rt felel\u0151s szakember (1967. szept. \u201397. nov.). Tan\u00e1r a mv.-i M\u0171v\u00e9szeti Iskol\u00e1ban k\u00e1nto \u00e9s n\u00e9pzene szakon (1970\u20131998). Megyei n\u00e9pm\u0171v\u00e9szeti esem\u00e9nyeket, el\u0151ad\u00e1sokat kezdem\u00e9nyezett \u00e9s szervezett: Flori de pe Mure\u015f (1972\u2013), Flori dalbe, flori de m\u0103r (1985\u2013), C\u00e2nt\u0103 strun\u0103 \u015fi r\u0103sun\u0103 (1988\u2013). Eml\u00e9k\u00e9re a Mure\u015ful egy\u00fcttes tagjai kiadt\u00e1k a Drag\u0103 mi-a fost mie lumea c. kazett\u00e1t. A mv.-i, kv.-i \u00e9s buk.-i r\u00e1di\u00f3 munkat\u00e1rsa volt. Jelent\u0151s a n\u00e9pdalgy\u0171jt\u0151 tev\u00e9kenys\u00e9ge, t\u00f6bbgy\u0171jtem\u00e9nye jelent meg. A sz\u00fcl\u0151faluj\u00e1ban r\u00f3la nevezt\u00e9k el a m\u0171vel\u0151d\u00e9si h\u00e1zat \u00e9s mellszobrot \u00e1ll\u00edtottak eml\u00e9k\u00e9re (2001). \u2013 <strong>F. m.:<\/strong> Peste pod la stup\u0103tur\u0103: culegere de folclor r\u00e2cean (1992); Dup\u0103 deal r\u0103sare luna (Tg. M., 1993); Flori dalbe, flori de m\u0103r: colinde (1996); <strong>t\u00e1rssz.:<\/strong> Pe Mure\u015f \u015fi pe c\u00e2mpie (Vasile Pop-pal; Tg. M., 1978), Peste Mure\u015f, peste t\u0103u (Pavel Tornea-val), La m\u00e2ndru\u0163a pe c\u00eempie (Ion Velcherean-nal). <br \/><strong>Irod.:<\/strong> Cosma; Dasc\u0103li mure\u015feni 5.; In memoriam V. C. (C. L., 11. apr. 2000; 7. apr.; 10. apr. 2001.).<\/br><\/p>\n","protected":false},"excerpt":{"rendered":"<p>Mez\u0151r\u00fccs, 1936. febr. 20., \u2020 Mv., 2000. \u00e1pr. 8.: tan\u00e1r, n\u00e9pdal\u00e9nekes, etnogr\u00e1fus. \u2013 Elemi iskol\u00e1t R\u00fccs\u00f6n, Mv.-en a Mez\u0151gazd. L\u00edc.-ban v\u00e9gzett. Mv.-en, katonas\u00e1g ut\u00e1n tan\u00edt\u00f3k\u00e9nt dolgozott, majd felv\u00e9telizett Kv.-on a Gh. Dima Konzervat\u00f3riumba, Zeneszerz\u0151-karmester- pedag\u00f3gia szakon v\u00e9gzett (1965). Szol\u00f3\u00e9nekes a Maros M\u0171v\u00e9szegy\u00fcttesben (1965\u201367). A mv.-i N\u00e9pi Alkot\u00e1sok H\u00e1z\u00e1n\u00e1l, ill. a N\u00e9pi Alkot\u00e1sok \u00e9s M\u0171v\u00e9szeti T\u00f6megmozgalom [&hellip;]<\/p>\n","protected":false},"featured_media":0,"comment_status":"open","ping_status":"closed","template":"","meta":[],"product_brand":[],"product_cat":[137],"product_tag":[],"class_list":{"0":"post-5785","1":"product","2":"type-product","3":"status-publish","5":"product_cat-maros-megyei-eletrajzi-lexikon","7":"first","8":"instock","9":"shipping-taxable","10":"product-type-simple"},"_links":{"self":[{"href":"https:\/\/uj.adatbank.ro\/lexikon\/wp-json\/wp\/v2\/product\/5785","targetHints":{"allow":["GET"]}}],"collection":[{"href":"https:\/\/uj.adatbank.ro\/lexikon\/wp-json\/wp\/v2\/product"}],"about":[{"href":"https:\/\/uj.adatbank.ro\/lexikon\/wp-json\/wp\/v2\/types\/product"}],"replies":[{"embeddable":true,"href":"https:\/\/uj.adatbank.ro\/lexikon\/wp-json\/wp\/v2\/comments?post=5785"}],"wp:attachment":[{"href":"https:\/\/uj.adatbank.ro\/lexikon\/wp-json\/wp\/v2\/media?parent=5785"}],"wp:term":[{"taxonomy":"product_brand","embeddable":true,"href":"https:\/\/uj.adatbank.ro\/lexikon\/wp-json\/wp\/v2\/product_brand?post=5785"},{"taxonomy":"product_cat","embeddable":true,"href":"https:\/\/uj.adatbank.ro\/lexikon\/wp-json\/wp\/v2\/product_cat?post=5785"},{"taxonomy":"product_tag","embeddable":true,"href":"https:\/\/uj.adatbank.ro\/lexikon\/wp-json\/wp\/v2\/product_tag?post=5785"}],"curies":[{"name":"wp","href":"https:\/\/api.w.org\/{rel}","templated":true}]}}

CONŢIU Vasile, §

<p>Mezőrücs, 1936. febr. 20., † Mv., 2000. ápr. 8.: tanár, népdalénekes, etnográfus. – Elemi iskolát Rücsön, Mv.-en a Mezőgazd. Líc.-ban végzett. Mv.-en, katonaság után tanítóként dolgozott, majd felvételizett Kv.-on a Gh. Dima Konzervatóriumba, Zeneszerző-karmester- pedagógia szakon végzett (1965). Szolóénekes a Maros Művészegyüttesben (1965–67). A mv.-i Népi Alkotások Házánál, ill. a Népi Alkotások és Művészeti Tömegmozgalom Megyei Írányító Központjának zeneszakos instruktora, a kórusmozgalomért felelős szakember (1967. szept. –97. nov.). Tanár a mv.-i Művészeti Iskolában kánto és népzene szakon (1970–1998). Megyei népművészeti eseményeket, előadásokat kezdeményezett és szervezett: Flori de pe Mureş (1972–), Flori dalbe, flori de măr (1985–), Cântă strună şi răsună (1988–). Emlékére a Mureşul együttes tagjai kiadták a Dragă mi-a fost mie lumea c. kazettát. A mv.-i, kv.-i és buk.-i rádió munkatársa volt. Jelentős a népdalgyűjtő tevékenysége, többgyűjteménye jelent meg. A szülőfalujában róla nevezték el a művelődési házat és mellszobrot állítottak emlékére (2001). – <strong>F. m.:</strong> Peste pod la stupătură: culegere de folclor râcean (1992); După deal răsare luna (Tg. M., 1993); Flori dalbe, flori de măr: colinde (1996); <strong>társsz.:</strong> Pe Mureş şi pe câmpie (Vasile Pop-pal; Tg. M., 1978), Peste Mureş, peste tău (Pavel Tornea-val), La mândruţa pe cîmpie (Ion Velcherean-nal). <br /><strong>Irod.:</strong> Cosma; Dascăli mureşeni 5.; In memoriam V. C. (C. L., 11. apr. 2000; 7. apr.; 10. apr. 2001.).</br></p>

<p>Mezőrücs, 1936. febr. 20., † Mv., 2000. ápr. 8.: tanár, népdalénekes, etnográfus. – Elemi iskolát Rücsön, Mv.-en a Mezőgazd. Líc.-ban végzett. Mv.-en, katonaság után tanítóként dolgozott, majd felvételizett Kv.-on a Gh. Dima Konzervatóriumba, Zeneszerző-karmester- pedagógia szakon végzett (1965). Szolóénekes a Maros Művészegyüttesben (1965–67). A mv.-i Népi Alkotások Házánál, ill. a Népi Alkotások és Művészeti Tömegmozgalom [&hellip;]</p>
