{"id":5787,"date":"2025-06-28T17:29:47","date_gmt":"2025-06-28T15:29:47","guid":{"rendered":"https:\/\/uj.adatbank.ro\/lexikon\/termek\/cormos-dumitru\/"},"modified":"2025-06-28T17:29:47","modified_gmt":"2025-06-28T15:29:47","slug":"cormos-dumitru","status":"publish","type":"product","link":"https:\/\/uj.adatbank.ro\/lexikon\/termek\/cormos-dumitru\/","title":{"rendered":"CORMO\u015e Dumitru"},"content":{"rendered":"<p>Marosszentanna, 1919. m\u00e1rc. 30., \u2020 Mv., ?: kommunistaellenes harcos, mv.-i politikai el\u00edt\u00e9lt. \u2013 A l\u00e9gion\u00e1rius mozgalom tagja lett (1938\u2013) \u00e9s a Fr\u0103\u0163iile de Cruce szervezetben m\u0171k\u0151d\u00f6tt. A Siguranca letart\u00f3ztatta, \u00e9s \u00e1llamellenes \u00fasz\u00edt\u00e1s v\u00e1dj\u00e1val h\u00e1rom h\u00f3napig fogva tartott\u00e1k (1939). R\u00e9szt vett a II. vh. kelet \u00e9s nyugat fronti harcaiban, ami\u00e9rt Virtutea Militar\u0103 \u00e9s Coroana Rom\u00e2niei cu Spade kit\u00fcntet\u00e9sekkel jutalmazt\u00e1k. A h\u00e1bor\u00fa v\u00e9g\u00e9n leszerelt\u00e9k a hadseregb\u0151l (1944. nov.). Kv.-on elv\u00e9gezte az egyetem t\u00f6rt\u00e9nelem szak\u00e1t (1948). Az \u00e1llam ellenes tev\u00e9kenys\u00e9g v\u00e1dj\u00e1val \u00fajb\u00f3l letart\u00f3ztatt\u00e1k (1949. m\u00e1rc. 3.), \u00e9s a gyulafeh\u00e9rv\u00e1ri, kv.-i \u00e9s mv.-i b\u00f6rt\u00f6nben volt vizsg\u00e1lati fogs\u00e1gban, a Securitate emberei \u00e1lland\u00f3an vallatt\u00e1k \u00e9s k\u00ednozt\u00e1k, majd Enyeden, Szamos\u00fajv\u00e1ron, Jilavan \u00e9s Peripravan raboskodott, az els\u0151 h\u00e9t \u00e9vben mag\u00e1nz\u00e1rk\u00e1ban. Kiszabadul\u00e1sa ut\u00e1n (1963. m\u00e1c. 3.) nem vett\u00e9k vissza a tan\u00fcgybe. Nyugd\u00edjaz\u00e1s\u00e1ig a mv.-i Malom- \u00e9s S\u00fct\u0151ipari V\u00e1llalatn\u00e1l dolgozott (1980). A Securitate \u00e1lland\u00f3 megfigyel\u00e9s alatt tartotta, periodikusan szem\u00e9lyesen kellett ott jelentkeznie (1989-ig). A rendszerv\u00e1lt\u00e1s ut\u00e1n tagja lett az Egykori Politikai Foglyok Egyes\u00fclet\u00e9nek. <br \/><strong>Irod.:<\/strong> Balint; Ioni\u0163oiu. 2. k\u00f6t.<\/br><\/p>\n","protected":false},"excerpt":{"rendered":"<p>Marosszentanna, 1919. m\u00e1rc. 30., \u2020 Mv., ?: kommunistaellenes harcos, mv.-i politikai el\u00edt\u00e9lt. \u2013 A l\u00e9gion\u00e1rius mozgalom tagja lett (1938\u2013) \u00e9s a Fr\u0103\u0163iile de Cruce szervezetben m\u0171k\u0151d\u00f6tt. A Siguranca letart\u00f3ztatta, \u00e9s \u00e1llamellenes \u00fasz\u00edt\u00e1s v\u00e1dj\u00e1val h\u00e1rom h\u00f3napig fogva tartott\u00e1k (1939). R\u00e9szt vett a II. vh. kelet \u00e9s nyugat fronti harcaiban, ami\u00e9rt Virtutea Militar\u0103 \u00e9s Coroana Rom\u00e2niei cu [&hellip;]<\/p>\n","protected":false},"featured_media":0,"comment_status":"open","ping_status":"closed","template":"","meta":[],"product_brand":[],"product_cat":[137],"product_tag":[],"class_list":{"0":"post-5787","1":"product","2":"type-product","3":"status-publish","5":"product_cat-maros-megyei-eletrajzi-lexikon","7":"first","8":"instock","9":"shipping-taxable","10":"product-type-simple"},"_links":{"self":[{"href":"https:\/\/uj.adatbank.ro\/lexikon\/wp-json\/wp\/v2\/product\/5787","targetHints":{"allow":["GET"]}}],"collection":[{"href":"https:\/\/uj.adatbank.ro\/lexikon\/wp-json\/wp\/v2\/product"}],"about":[{"href":"https:\/\/uj.adatbank.ro\/lexikon\/wp-json\/wp\/v2\/types\/product"}],"replies":[{"embeddable":true,"href":"https:\/\/uj.adatbank.ro\/lexikon\/wp-json\/wp\/v2\/comments?post=5787"}],"wp:attachment":[{"href":"https:\/\/uj.adatbank.ro\/lexikon\/wp-json\/wp\/v2\/media?parent=5787"}],"wp:term":[{"taxonomy":"product_brand","embeddable":true,"href":"https:\/\/uj.adatbank.ro\/lexikon\/wp-json\/wp\/v2\/product_brand?post=5787"},{"taxonomy":"product_cat","embeddable":true,"href":"https:\/\/uj.adatbank.ro\/lexikon\/wp-json\/wp\/v2\/product_cat?post=5787"},{"taxonomy":"product_tag","embeddable":true,"href":"https:\/\/uj.adatbank.ro\/lexikon\/wp-json\/wp\/v2\/product_tag?post=5787"}],"curies":[{"name":"wp","href":"https:\/\/api.w.org\/{rel}","templated":true}]}}

CORMOŞ Dumitru

<p>Marosszentanna, 1919. márc. 30., † Mv., ?: kommunistaellenes harcos, mv.-i politikai elítélt. – A légionárius mozgalom tagja lett (1938–) és a Frăţiile de Cruce szervezetben műkődött. A Siguranca letartóztatta, és államellenes úszítás vádjával három hónapig fogva tartották (1939). Részt vett a II. vh. kelet és nyugat fronti harcaiban, amiért Virtutea Militară és Coroana României cu Spade kitüntetésekkel jutalmazták. A háború végén leszerelték a hadseregből (1944. nov.). Kv.-on elvégezte az egyetem történelem szakát (1948). Az állam ellenes tevékenység vádjával újból letartóztatták (1949. márc. 3.), és a gyulafehérvári, kv.-i és mv.-i börtönben volt vizsgálati fogságban, a Securitate emberei állandóan vallatták és kínozták, majd Enyeden, Szamosújváron, Jilavan és Peripravan raboskodott, az első hét évben magánzárkában. Kiszabadulása után (1963. mác. 3.) nem vették vissza a tanügybe. Nyugdíjazásáig a mv.-i Malom- és Sütőipari Vállalatnál dolgozott (1980). A Securitate állandó megfigyelés alatt tartotta, periodikusan személyesen kellett ott jelentkeznie (1989-ig). A rendszerváltás után tagja lett az Egykori Politikai Foglyok Egyesületének. <br /><strong>Irod.:</strong> Balint; Ioniţoiu. 2. köt.</br></p>

<p>Marosszentanna, 1919. márc. 30., † Mv., ?: kommunistaellenes harcos, mv.-i politikai elítélt. – A légionárius mozgalom tagja lett (1938–) és a Frăţiile de Cruce szervezetben műkődött. A Siguranca letartóztatta, és államellenes úszítás vádjával három hónapig fogva tartották (1939). Részt vett a II. vh. kelet és nyugat fronti harcaiban, amiért Virtutea Militară és Coroana României cu [&hellip;]</p>
