{"id":5790,"date":"2025-06-28T17:29:53","date_gmt":"2025-06-28T15:29:53","guid":{"rendered":"https:\/\/uj.adatbank.ro\/lexikon\/termek\/cornea-dimitrie-dumitru\/"},"modified":"2025-06-28T17:29:53","modified_gmt":"2025-06-28T15:29:53","slug":"cornea-dimitrie-dumitru","status":"publish","type":"product","link":"https:\/\/uj.adatbank.ro\/lexikon\/termek\/cornea-dimitrie-dumitru\/","title":{"rendered":"CORNEA Dimitrie \/ Dumitru"},"content":{"rendered":"<p>Lib\u00e1nfalva, 1806., \u2020 1895.?: ort. pap. \u2013 Mikh\u00e1z\u00e1n a ferences kolostor gimn.-ban v\u00e9gzett n\u00e9gy m. nyelv\u0171 tan\u00edt\u00f3k\u00e9pz\u0151 oszt. -t. Nagyszebenben (6 h\u00f3napos) teol\u00f3giai tanfolyamon vett r\u00e9szt. Nasz\u00f3don ort. papp\u00e1 szentelt\u00e9k (1838 v. 1847). Tudott magyarul \u00e9s latinul. Lib\u00e1nfalv\u00e1n szolg\u00e1lt (1848 ut\u00e1n) t\u00f6bb \u00e9ven kereszt\u00fcl, ahol 100 aranyat adom\u00e1nyozott \u00faj templom \u00e9p\u00edt\u00e9s\u00e9re (1882). <br \/><strong>Irod.:<\/strong> Dobozi; Reghin, Protopopiat<\/br><\/p>\n","protected":false},"excerpt":{"rendered":"<p>Lib\u00e1nfalva, 1806., \u2020 1895.?: ort. pap. \u2013 Mikh\u00e1z\u00e1n a ferences kolostor gimn.-ban v\u00e9gzett n\u00e9gy m. nyelv\u0171 tan\u00edt\u00f3k\u00e9pz\u0151 oszt. -t. Nagyszebenben (6 h\u00f3napos) teol\u00f3giai tanfolyamon vett r\u00e9szt. Nasz\u00f3don ort. papp\u00e1 szentelt\u00e9k (1838 v. 1847). Tudott magyarul \u00e9s latinul. Lib\u00e1nfalv\u00e1n szolg\u00e1lt (1848 ut\u00e1n) t\u00f6bb \u00e9ven kereszt\u00fcl, ahol 100 aranyat adom\u00e1nyozott \u00faj templom \u00e9p\u00edt\u00e9s\u00e9re (1882). Irod.: Dobozi; Reghin, [&hellip;]<\/p>\n","protected":false},"featured_media":0,"comment_status":"open","ping_status":"closed","template":"","meta":[],"product_brand":[],"product_cat":[137],"product_tag":[],"class_list":{"0":"post-5790","1":"product","2":"type-product","3":"status-publish","5":"product_cat-maros-megyei-eletrajzi-lexikon","7":"first","8":"instock","9":"shipping-taxable","10":"product-type-simple"},"_links":{"self":[{"href":"https:\/\/uj.adatbank.ro\/lexikon\/wp-json\/wp\/v2\/product\/5790","targetHints":{"allow":["GET"]}}],"collection":[{"href":"https:\/\/uj.adatbank.ro\/lexikon\/wp-json\/wp\/v2\/product"}],"about":[{"href":"https:\/\/uj.adatbank.ro\/lexikon\/wp-json\/wp\/v2\/types\/product"}],"replies":[{"embeddable":true,"href":"https:\/\/uj.adatbank.ro\/lexikon\/wp-json\/wp\/v2\/comments?post=5790"}],"wp:attachment":[{"href":"https:\/\/uj.adatbank.ro\/lexikon\/wp-json\/wp\/v2\/media?parent=5790"}],"wp:term":[{"taxonomy":"product_brand","embeddable":true,"href":"https:\/\/uj.adatbank.ro\/lexikon\/wp-json\/wp\/v2\/product_brand?post=5790"},{"taxonomy":"product_cat","embeddable":true,"href":"https:\/\/uj.adatbank.ro\/lexikon\/wp-json\/wp\/v2\/product_cat?post=5790"},{"taxonomy":"product_tag","embeddable":true,"href":"https:\/\/uj.adatbank.ro\/lexikon\/wp-json\/wp\/v2\/product_tag?post=5790"}],"curies":[{"name":"wp","href":"https:\/\/api.w.org\/{rel}","templated":true}]}}