{"id":5792,"date":"2025-06-28T17:29:57","date_gmt":"2025-06-28T15:29:57","guid":{"rendered":"https:\/\/uj.adatbank.ro\/lexikon\/termek\/cornea-iosif-kornya-jozsef\/"},"modified":"2025-06-28T17:29:57","modified_gmt":"2025-06-28T15:29:57","slug":"cornea-iosif-kornya-jozsef","status":"publish","type":"product","link":"https:\/\/uj.adatbank.ro\/lexikon\/termek\/cornea-iosif-kornya-jozsef\/","title":{"rendered":"CORNEA Iosif, Kornya J\u00f3zsef"},"content":{"rendered":"<p>1826., \u2020\u00a01884.: ort., g\u00f6r. kat. pap. \u2013 Andrei \u015eaguna \u00e1ltal szentelt papp\u00e1 (1849). S\u00e1rpatakon szolg\u00e1lt (1850\u201385). \u00d6nsz\u00e1nt\u00e1b\u00f3l \u00e1tt\u00e9rt a g\u00f6r. kat. vall\u00e1sra. Tett\u00e9t minden h\u00edve k\u00f6vette, \u00edgy lett a k\u00f6z\u00f6ss\u00e9g g\u00f6r. kat. vall\u00e1s\u00fa (1856). <br \/><strong>Irod.:<\/strong> Berekm\u00e9ri\u2013G\u00e1lfi; Dobozi<\/br><\/p>\n","protected":false},"excerpt":{"rendered":"<p>1826., \u2020\u00a01884.: ort., g\u00f6r. kat. pap. \u2013 Andrei \u015eaguna \u00e1ltal szentelt papp\u00e1 (1849). S\u00e1rpatakon szolg\u00e1lt (1850\u201385). \u00d6nsz\u00e1nt\u00e1b\u00f3l \u00e1tt\u00e9rt a g\u00f6r. kat. vall\u00e1sra. Tett\u00e9t minden h\u00edve k\u00f6vette, \u00edgy lett a k\u00f6z\u00f6ss\u00e9g g\u00f6r. kat. vall\u00e1s\u00fa (1856). Irod.: Berekm\u00e9ri\u2013G\u00e1lfi; Dobozi<\/p>\n","protected":false},"featured_media":0,"comment_status":"open","ping_status":"closed","template":"","meta":[],"product_brand":[],"product_cat":[137],"product_tag":[],"class_list":{"0":"post-5792","1":"product","2":"type-product","3":"status-publish","5":"product_cat-maros-megyei-eletrajzi-lexikon","7":"first","8":"instock","9":"shipping-taxable","10":"product-type-simple"},"_links":{"self":[{"href":"https:\/\/uj.adatbank.ro\/lexikon\/wp-json\/wp\/v2\/product\/5792","targetHints":{"allow":["GET"]}}],"collection":[{"href":"https:\/\/uj.adatbank.ro\/lexikon\/wp-json\/wp\/v2\/product"}],"about":[{"href":"https:\/\/uj.adatbank.ro\/lexikon\/wp-json\/wp\/v2\/types\/product"}],"replies":[{"embeddable":true,"href":"https:\/\/uj.adatbank.ro\/lexikon\/wp-json\/wp\/v2\/comments?post=5792"}],"wp:attachment":[{"href":"https:\/\/uj.adatbank.ro\/lexikon\/wp-json\/wp\/v2\/media?parent=5792"}],"wp:term":[{"taxonomy":"product_brand","embeddable":true,"href":"https:\/\/uj.adatbank.ro\/lexikon\/wp-json\/wp\/v2\/product_brand?post=5792"},{"taxonomy":"product_cat","embeddable":true,"href":"https:\/\/uj.adatbank.ro\/lexikon\/wp-json\/wp\/v2\/product_cat?post=5792"},{"taxonomy":"product_tag","embeddable":true,"href":"https:\/\/uj.adatbank.ro\/lexikon\/wp-json\/wp\/v2\/product_tag?post=5792"}],"curies":[{"name":"wp","href":"https:\/\/api.w.org\/{rel}","templated":true}]}}