{"id":5798,"date":"2025-06-28T17:30:07","date_gmt":"2025-06-28T15:30:07","guid":{"rendered":"https:\/\/uj.adatbank.ro\/lexikon\/termek\/cornea-toma\/"},"modified":"2025-06-28T17:30:07","modified_gmt":"2025-06-28T15:30:07","slug":"cornea-toma","status":"publish","type":"product","link":"https:\/\/uj.adatbank.ro\/lexikon\/termek\/cornea-toma\/","title":{"rendered":"CORNEA Toma"},"content":{"rendered":"<p>Lukailencfalva, 1874. j\u00fal. 7., \u2020\u00a0Buc., 1944. \u00e1pr: \u00fcgyv\u00e9d, prefektus. \u2013 Iskolai tanulm\u00e1nyait Fogarason kezdte, a brass\u00f3i gimn.-ban folytatta majd Bp.-en jog- \u00e9s politika. tud.-i szakon v\u00e9gzett, a Transilv\u00e1nia T\u00e1rsas\u00e1g \u00f6szt\u00f6nd\u00edja seg\u00edtette (1894\u201398). A jogtudom\u00e1nyok doktora lett Kv.-on. \u00dcgyv\u00e9di irod\u00e1t nyitott Segesv\u00e1rt (1902), ahol a j\u00e1r\u00e1sb\u00edr\u00f3s\u00e1g tolm\u00e1csa is volt. A T\u00e2rnevean\u0103 Gazdas\u00e1gi \u00e9s Hitelint\u00e9zet. igazgat\u00f3tan\u00e1cs\u00e1nak a tagja, \u00fcgyvezet\u0151 igazgat\u00f3ja (1905). Az ASTRA segesv\u00e1ri r\u00e9szleg\u00e9nek igazgat\u00f3ja (1911\u201325), amely keret\u00e9ben p\u00e9nzt adom\u00e1nyozott karitativ c\u00e9lokral \u00e9s k\u00f6nyvt\u00e1rakat l\u00e9tes\u00edtett. Segesv\u00e1r k\u00fcld\u00f6tte a gyulafeh\u00e9rv\u00e1ri nagygy\u0171l\u00e9sen (1918. dec. 1.). Az Averescu korm\u00e1ny idej\u00e9n Udvarhely megye prefektusa (1921). Szebenben \u00e9lt \u00e9s tev\u00e9kenykedett mint \u00fcgyv\u00e9d (1930\u2013). \u2013 <strong>F. m.:<\/strong> A kisebbs\u00e9gi k\u00e9rd\u00e9s (Kv., 1928); Problema minoritar\u0103 (Kv., 1928). <br \/><strong>Irod.:<\/strong> Bosoanc\u0103; Guly\u00e1s; Pan\u0103; Szab\u00f3 Ferenc: Erd\u00e9ly \u00e9s a rom\u00e1n k\u00e9rd\u00e9s (Mv., 1910); Todea 2013<\/br><\/p>\n","protected":false},"excerpt":{"rendered":"<p>Lukailencfalva, 1874. j\u00fal. 7., \u2020\u00a0Buc., 1944. \u00e1pr: \u00fcgyv\u00e9d, prefektus. \u2013 Iskolai tanulm\u00e1nyait Fogarason kezdte, a brass\u00f3i gimn.-ban folytatta majd Bp.-en jog- \u00e9s politika. tud.-i szakon v\u00e9gzett, a Transilv\u00e1nia T\u00e1rsas\u00e1g \u00f6szt\u00f6nd\u00edja seg\u00edtette (1894\u201398). A jogtudom\u00e1nyok doktora lett Kv.-on. \u00dcgyv\u00e9di irod\u00e1t nyitott Segesv\u00e1rt (1902), ahol a j\u00e1r\u00e1sb\u00edr\u00f3s\u00e1g tolm\u00e1csa is volt. A T\u00e2rnevean\u0103 Gazdas\u00e1gi \u00e9s Hitelint\u00e9zet. igazgat\u00f3tan\u00e1cs\u00e1nak a [&hellip;]<\/p>\n","protected":false},"featured_media":0,"comment_status":"open","ping_status":"closed","template":"","meta":[],"product_brand":[],"product_cat":[137],"product_tag":[],"class_list":{"0":"post-5798","1":"product","2":"type-product","3":"status-publish","5":"product_cat-maros-megyei-eletrajzi-lexikon","7":"first","8":"instock","9":"shipping-taxable","10":"product-type-simple"},"_links":{"self":[{"href":"https:\/\/uj.adatbank.ro\/lexikon\/wp-json\/wp\/v2\/product\/5798","targetHints":{"allow":["GET"]}}],"collection":[{"href":"https:\/\/uj.adatbank.ro\/lexikon\/wp-json\/wp\/v2\/product"}],"about":[{"href":"https:\/\/uj.adatbank.ro\/lexikon\/wp-json\/wp\/v2\/types\/product"}],"replies":[{"embeddable":true,"href":"https:\/\/uj.adatbank.ro\/lexikon\/wp-json\/wp\/v2\/comments?post=5798"}],"wp:attachment":[{"href":"https:\/\/uj.adatbank.ro\/lexikon\/wp-json\/wp\/v2\/media?parent=5798"}],"wp:term":[{"taxonomy":"product_brand","embeddable":true,"href":"https:\/\/uj.adatbank.ro\/lexikon\/wp-json\/wp\/v2\/product_brand?post=5798"},{"taxonomy":"product_cat","embeddable":true,"href":"https:\/\/uj.adatbank.ro\/lexikon\/wp-json\/wp\/v2\/product_cat?post=5798"},{"taxonomy":"product_tag","embeddable":true,"href":"https:\/\/uj.adatbank.ro\/lexikon\/wp-json\/wp\/v2\/product_tag?post=5798"}],"curies":[{"name":"wp","href":"https:\/\/api.w.org\/{rel}","templated":true}]}}

<p>Lukailencfalva, 1874. júl. 7., † Buc., 1944. ápr: ügyvéd, prefektus. – Iskolai tanulmányait Fogarason kezdte, a brassói gimn.-ban folytatta majd Bp.-en jog- és politika. tud.-i szakon végzett, a Transilvánia Társaság ösztöndíja segítette (1894–98). A jogtudományok doktora lett Kv.-on. Ügyvédi irodát nyitott Segesvárt (1902), ahol a járásbíróság tolmácsa is volt. A Târneveană Gazdasági és Hitelintézet. igazgatótanácsának a tagja, ügyvezető igazgatója (1905). Az ASTRA segesvári részlegének igazgatója (1911–25), amely keretében pénzt adományozott karitativ célokral és könyvtárakat létesített. Segesvár küldötte a gyulafehérvári nagygyűlésen (1918. dec. 1.). Az Averescu kormány idején Udvarhely megye prefektusa (1921). Szebenben élt és tevékenykedett mint ügyvéd (1930–). – <strong>F. m.:</strong> A kisebbségi kérdés (Kv., 1928); Problema minoritară (Kv., 1928). <br /><strong>Irod.:</strong> Bosoancă; Gulyás; Pană; Szabó Ferenc: Erdély és a román kérdés (Mv., 1910); Todea 2013</br></p>

<p>Lukailencfalva, 1874. júl. 7., † Buc., 1944. ápr: ügyvéd, prefektus. – Iskolai tanulmányait Fogarason kezdte, a brassói gimn.-ban folytatta majd Bp.-en jog- és politika. tud.-i szakon végzett, a Transilvánia Társaság ösztöndíja segítette (1894–98). A jogtudományok doktora lett Kv.-on. Ügyvédi irodát nyitott Segesvárt (1902), ahol a járásbíróság tolmácsa is volt. A Târneveană Gazdasági és Hitelintézet. igazgatótanácsának a [&hellip;]</p>
