{"id":5800,"date":"2025-06-28T17:30:10","date_gmt":"2025-06-28T15:30:10","guid":{"rendered":"https:\/\/uj.adatbank.ro\/lexikon\/termek\/cornides-daniel-krompachi-es-gronosztovi\/"},"modified":"2025-06-28T17:30:10","modified_gmt":"2025-06-28T15:30:10","slug":"cornides-daniel-krompachi-es-gronosztovi","status":"publish","type":"product","link":"https:\/\/uj.adatbank.ro\/lexikon\/termek\/cornides-daniel-krompachi-es-gronosztovi\/","title":{"rendered":"CORNIDES D\u00e1niel, krompachi \u00e9s gronosztovi"},"content":{"rendered":"<p>Szentmikl\u00f3s, 1732. j\u00fal. 1., \u2020 Pest, 1787. okt. 4.: egyetemi tan\u00e1r, k\u00f6nyvt\u00e1ros, t\u00f6rt\u00e9net\u00edr\u00f3. -. Teleki J\u00f3zsef titk\u00e1ra volt (1784\u201385 k.). Teleki J\u00f3zsef gr. k\u00e9t fi\u00e1val, T. L\u00e1szl\u00f3val (1764\u20131821) \u00e9s Istv\u00e1nnal (\u2020 1785), G\u00f6ttingenben tartozkodott, a kir. akad\u00e9mia \u00fcl\u00e9s\u00e9n (1785. szept. 1.), a magyarok hajdani vall\u00e1s\u00e1r\u00f3l \u00e9rtekezett, ez\u00e9rt megv\u00e1lasztott\u00e1k levelez\u0151 tagnak. Hazat\u00e9rve, m\u00e9g k\u00e9t \u00e9vet tan\u00edtott az egyetemen. Gazdag oklev\u00e9l- f\u00f6lirat- \u00e9s \u00e9remgy\u0171jtem\u00e9ny\u00e9t hal\u00e1la ut\u00e1n Teleki J\u00f3zsef gr. v\u00e1s\u00e1rolta meg. <br \/><strong>Irod.:<\/strong> Aranka Gy\u00f6rgy; Nagy Iv\u00e1n; RMK III\/18. sz.; Szinnyei; Veress Endre: Vechi istorici unguri \u015fi sa\u015fi despre istoria rom\u00e2nilor (Buc., 1929); Wikipedia<\/br><\/p>\n","protected":false},"excerpt":{"rendered":"<p>Szentmikl\u00f3s, 1732. j\u00fal. 1., \u2020 Pest, 1787. okt. 4.: egyetemi tan\u00e1r, k\u00f6nyvt\u00e1ros, t\u00f6rt\u00e9net\u00edr\u00f3. -. Teleki J\u00f3zsef titk\u00e1ra volt (1784\u201385 k.). Teleki J\u00f3zsef gr. k\u00e9t fi\u00e1val, T. L\u00e1szl\u00f3val (1764\u20131821) \u00e9s Istv\u00e1nnal (\u2020 1785), G\u00f6ttingenben tartozkodott, a kir. akad\u00e9mia \u00fcl\u00e9s\u00e9n (1785. szept. 1.), a magyarok hajdani vall\u00e1s\u00e1r\u00f3l \u00e9rtekezett, ez\u00e9rt megv\u00e1lasztott\u00e1k levelez\u0151 tagnak. Hazat\u00e9rve, m\u00e9g k\u00e9t \u00e9vet tan\u00edtott [&hellip;]<\/p>\n","protected":false},"featured_media":0,"comment_status":"open","ping_status":"closed","template":"","meta":[],"product_brand":[],"product_cat":[137],"product_tag":[],"class_list":{"0":"post-5800","1":"product","2":"type-product","3":"status-publish","5":"product_cat-maros-megyei-eletrajzi-lexikon","7":"first","8":"instock","9":"shipping-taxable","10":"product-type-simple"},"_links":{"self":[{"href":"https:\/\/uj.adatbank.ro\/lexikon\/wp-json\/wp\/v2\/product\/5800","targetHints":{"allow":["GET"]}}],"collection":[{"href":"https:\/\/uj.adatbank.ro\/lexikon\/wp-json\/wp\/v2\/product"}],"about":[{"href":"https:\/\/uj.adatbank.ro\/lexikon\/wp-json\/wp\/v2\/types\/product"}],"replies":[{"embeddable":true,"href":"https:\/\/uj.adatbank.ro\/lexikon\/wp-json\/wp\/v2\/comments?post=5800"}],"wp:attachment":[{"href":"https:\/\/uj.adatbank.ro\/lexikon\/wp-json\/wp\/v2\/media?parent=5800"}],"wp:term":[{"taxonomy":"product_brand","embeddable":true,"href":"https:\/\/uj.adatbank.ro\/lexikon\/wp-json\/wp\/v2\/product_brand?post=5800"},{"taxonomy":"product_cat","embeddable":true,"href":"https:\/\/uj.adatbank.ro\/lexikon\/wp-json\/wp\/v2\/product_cat?post=5800"},{"taxonomy":"product_tag","embeddable":true,"href":"https:\/\/uj.adatbank.ro\/lexikon\/wp-json\/wp\/v2\/product_tag?post=5800"}],"curies":[{"name":"wp","href":"https:\/\/api.w.org\/{rel}","templated":true}]}}