{"id":5803,"date":"2025-06-28T17:30:14","date_gmt":"2025-06-28T15:30:14","guid":{"rendered":"https:\/\/uj.adatbank.ro\/lexikon\/termek\/cosma-ana\/"},"modified":"2025-06-28T17:30:14","modified_gmt":"2025-06-28T15:30:14","slug":"cosma-ana","status":"publish","type":"product","link":"https:\/\/uj.adatbank.ro\/lexikon\/termek\/cosma-ana\/","title":{"rendered":"COSMA Ana"},"content":{"rendered":"<p>Krizba, 1941. m\u00e1rc. 2., \u2020 Kv., 2001. m\u00e1rc. 30., Mv. temett\u00e9k: k\u00f6nyvt\u00e1ros. \u2013 F\u00e9rje: Anton Cosma. \u2013 Sz\u00fcl\u0151faluj\u00e1ban, H\u00f6lt\u00f6v\u00e9nyben, Brass\u00f3ban az Unirea L\u00edc.-ban, majd Buk.-ben a 25-\u00f6s sz. le\u00e1nygimn.-ban (1955\u201357) tanult, egyetemet Buk.-ben a filol\u00f3gia rom\u00e1n nyelv \u00e9s irodalom szak\u00e1n v\u00e9gzett (1958\u201363). H\u00f6lt\u00f6v\u00e9nyi \u00e1ltal\u00e1nos iskol\u00e1ban nevel\u0151 (1957\u20131958). Erzs\u00e9betv\u00e1roson volt rom\u00e1n irodalom- \u00e9s nyelvtan\u00e1r (1963\u201377). A csal\u00e1d Mv.-re k\u00f6lt\u00f6z\u00f6tt, mert az irodalomt\u00f6rt\u00e9n\u00e9sz f\u00e9rje, a Vatra foly\u00f3irat szerk.-je lett (1981\u2013). A MM K\u00f6nyvt\u00e1r munka-k\u00f6z\u00f6ss\u00e9g\u00e9ben az olvas\u00f3szolg\u00e1latban, majd mint bibliogr\u00e1fus dolgozott, jelent\u0151s bibliogr\u00e1fiai tev\u00e9kenys\u00e9get fejtett ki nyugd\u00edjaz\u00e1s\u00e1ig (1985. szept. 15. \u2013 1999. j\u00fan.). Cikkei a C. L. mv.-i napilapban jelentek meg. \u2013 <strong>F. m.:<\/strong> Scriitori rom\u00e2ni mure\u015feni: Dic\u0163ionar biobibliografic (Tg. M., 2000); <strong>t\u00e1rssz.:<\/strong> Romanul rom\u00e2nesc contemporan, 1945\u20131985. 1- 2. (Cluj, 1998). <br \/><strong>Irod.:<\/strong> C. L. (2001. \u00e1pr. 3.); Cosma ; MMK; Todea\u2013F\u00fcl\u00f6p\u2013Avram, Ana: A. C. (1941\u20132001) (Biblioteca Marisiana, nr. 1., 2009); Todea 2013<\/br><\/p>\n","protected":false},"excerpt":{"rendered":"<p>Krizba, 1941. m\u00e1rc. 2., \u2020 Kv., 2001. m\u00e1rc. 30., Mv. temett\u00e9k: k\u00f6nyvt\u00e1ros. \u2013 F\u00e9rje: Anton Cosma. \u2013 Sz\u00fcl\u0151faluj\u00e1ban, H\u00f6lt\u00f6v\u00e9nyben, Brass\u00f3ban az Unirea L\u00edc.-ban, majd Buk.-ben a 25-\u00f6s sz. le\u00e1nygimn.-ban (1955\u201357) tanult, egyetemet Buk.-ben a filol\u00f3gia rom\u00e1n nyelv \u00e9s irodalom szak\u00e1n v\u00e9gzett (1958\u201363). H\u00f6lt\u00f6v\u00e9nyi \u00e1ltal\u00e1nos iskol\u00e1ban nevel\u0151 (1957\u20131958). Erzs\u00e9betv\u00e1roson volt rom\u00e1n irodalom- \u00e9s nyelvtan\u00e1r (1963\u201377). A [&hellip;]<\/p>\n","protected":false},"featured_media":0,"comment_status":"open","ping_status":"closed","template":"","meta":[],"product_brand":[],"product_cat":[137],"product_tag":[],"class_list":{"0":"post-5803","1":"product","2":"type-product","3":"status-publish","5":"product_cat-maros-megyei-eletrajzi-lexikon","7":"first","8":"instock","9":"shipping-taxable","10":"product-type-simple"},"_links":{"self":[{"href":"https:\/\/uj.adatbank.ro\/lexikon\/wp-json\/wp\/v2\/product\/5803","targetHints":{"allow":["GET"]}}],"collection":[{"href":"https:\/\/uj.adatbank.ro\/lexikon\/wp-json\/wp\/v2\/product"}],"about":[{"href":"https:\/\/uj.adatbank.ro\/lexikon\/wp-json\/wp\/v2\/types\/product"}],"replies":[{"embeddable":true,"href":"https:\/\/uj.adatbank.ro\/lexikon\/wp-json\/wp\/v2\/comments?post=5803"}],"wp:attachment":[{"href":"https:\/\/uj.adatbank.ro\/lexikon\/wp-json\/wp\/v2\/media?parent=5803"}],"wp:term":[{"taxonomy":"product_brand","embeddable":true,"href":"https:\/\/uj.adatbank.ro\/lexikon\/wp-json\/wp\/v2\/product_brand?post=5803"},{"taxonomy":"product_cat","embeddable":true,"href":"https:\/\/uj.adatbank.ro\/lexikon\/wp-json\/wp\/v2\/product_cat?post=5803"},{"taxonomy":"product_tag","embeddable":true,"href":"https:\/\/uj.adatbank.ro\/lexikon\/wp-json\/wp\/v2\/product_tag?post=5803"}],"curies":[{"name":"wp","href":"https:\/\/api.w.org\/{rel}","templated":true}]}}

<p>Krizba, 1941. márc. 2., † Kv., 2001. márc. 30., Mv. temették: könyvtáros. – Férje: Anton Cosma. – Szülőfalujában, Höltövényben, Brassóban az Unirea Líc.-ban, majd Buk.-ben a 25-ös sz. leánygimn.-ban (1955–57) tanult, egyetemet Buk.-ben a filológia román nyelv és irodalom szakán végzett (1958–63). Höltövényi általános iskolában nevelő (1957–1958). Erzsébetvároson volt román irodalom- és nyelvtanár (1963–77). A család Mv.-re költözött, mert az irodalomtörténész férje, a Vatra folyóirat szerk.-je lett (1981–). A MM Könyvtár munka-közösségében az olvasószolgálatban, majd mint bibliográfus dolgozott, jelentős bibliográfiai tevékenységet fejtett ki nyugdíjazásáig (1985. szept. 15. – 1999. jún.). Cikkei a C. L. mv.-i napilapban jelentek meg. – <strong>F. m.:</strong> Scriitori români mureşeni: Dicţionar biobibliografic (Tg. M., 2000); <strong>társsz.:</strong> Romanul românesc contemporan, 1945–1985. 1- 2. (Cluj, 1998). <br /><strong>Irod.:</strong> C. L. (2001. ápr. 3.); Cosma ; MMK; Todea–Fülöp–Avram, Ana: A. C. (1941–2001) (Biblioteca Marisiana, nr. 1., 2009); Todea 2013</br></p>

<p>Krizba, 1941. márc. 2., † Kv., 2001. márc. 30., Mv. temették: könyvtáros. – Férje: Anton Cosma. – Szülőfalujában, Höltövényben, Brassóban az Unirea Líc.-ban, majd Buk.-ben a 25-ös sz. leánygimn.-ban (1955–57) tanult, egyetemet Buk.-ben a filológia román nyelv és irodalom szakán végzett (1958–63). Höltövényi általános iskolában nevelő (1957–1958). Erzsébetvároson volt román irodalom- és nyelvtanár (1963–77). A [&hellip;]</p>
