{"id":5804,"date":"2025-06-28T17:30:15","date_gmt":"2025-06-28T15:30:15","guid":{"rendered":"https:\/\/uj.adatbank.ro\/lexikon\/termek\/cosma-anton-%c2%a7-antoniu-augustin\/"},"modified":"2025-06-28T17:30:15","modified_gmt":"2025-06-28T15:30:15","slug":"cosma-anton-%c2%a7-antoniu-augustin","status":"publish","type":"product","link":"https:\/\/uj.adatbank.ro\/lexikon\/termek\/cosma-anton-%c2%a7-antoniu-augustin\/","title":{"rendered":"COSMA Anton, \u00a7 Antoniu Augustin"},"content":{"rendered":"<p>T\u0171r, 1940. m\u00e1j. 4., \u2020 Mv., 1991. nov. 17.: irodalomt\u00f6rt\u00e9n\u00e9sz, kritikus, szerkeszt\u0151, dr\u00e1ma\u00edr\u00f3. \u2013 A bal\u00e1zsfalvi elemi iskol\u00e1ban \u00e9s lic.-ban (- 1957), a BBTE Filol\u00f3gia szak\u00e1n Kv.-on v\u00e9gzett (1963). Megkapta az I-es didaktikai fokozat (1981) Ioan Slavici- romanele vie\u0163ii: teoria romanului realist rom\u00e2nesc c. dolgozat\u00e1val. Tan\u00e1ri p\u00e1lyafut\u00e1s\u00e1t Erzs\u00e9betv\u00e1rosban kezdte a Re\u00e1l- hum\u00e1n l\u00edc.-ban (1963\u201381), k\u00f6zben irodalomt\u00f6rt\u00e9neti kutat\u00e1sokat v\u00e9gzett, m\u00f3dszertani tev\u00e9kenys\u00e9get fejtett ki, tanulm\u00e1nyokat k\u00f6z\u00f6lt az irodalomoktat\u00e1s \u00e9s a tank\u00f6nyvek korszer\u0171s\u00edt\u00e9se \u00e9rdek\u00e9ben (1969\u2013). Munkat\u00e1rsa (1971), majd f\u0151szerk.-je a Vatra c. mv.-i foly\u00f3iratnak (1981. okt. &#8211; 1991 nov.). Rendszeresen \u00e9rt\u00e9kelte a mv.-i sz\u00ednh\u00e1z \u00e9s sz\u00ednm\u0171v\u00e9szeti f\u0151iskola \u00e1ltal bemutatott sz\u00ednm\u0171veket a helyi St. R. \u00e9s V. Z. napilapokban. Tagja a Rom\u00e1n \u00cdr\u00f3sz\u00f6vets\u00e9gnek (1983\u2013). Szebenben el\u0151ad\u00e1sokat tartott a Transilvania foly\u00f3irat kollokviumain (1981\u201387). Munkat\u00e1rsa a Mv.-i Ter\u00fcleti R\u00e1di\u00f3nak (1990\u201391). L\u00e9trehozta a XXI A. C. Kiad\u00f3t, ahol megjelenttette a Foaia interesant\u0103 c. \u00fajs\u00e1got a Dracula irodalmi mell\u00e9klettel (1990); a Caiete XXI sorozatot (1991). T\u00f6bb \u00edr\u00e1sa k\u00e9ziratban maradt. Kritikusk\u00e9nt a Rom\u00e2nia literar\u0103-ban deb\u00fctt\u00e1lt a Cititorul \u015fi receptivitatea poeziei moderne c. essz\u00e9vel. Munkat\u00e1rsa volt a Vatra, Rom\u00e2nia literar\u0103, Tribuna, Transilvania, Familia, \u00cenv\u0103\u0163\u0103m\u00e2ntul liceal \u015fi tehnic profesional, Napoca universitar\u0103, Igaz Sz\u00f3, Romanian review, Cahiers roumains, Lumina (Jugoszl\u00e1via), Revue roumaine \u00e9s m\u00e1s lapoknak. <strong>Kit\u00fcntet\u00e9sei:<\/strong> a kv.-i Tribuna foly\u00f3irat irodalomkritikai d\u00edja (1975), a Mv.-i \u00cdr\u00f3k Egyes\u00fclet\u00e9nek a d\u00edja (1985) a Geneza romanului rom\u00e2nesc c. essz\u00e9 k\u00f6tet\u00e9\u00e9rt. \u2013 <strong>F. m.:<\/strong> Romanul rom\u00e2nesc \u015fi problematica omului contemporan (Cluj, 1977); Ion Slavici \u2013 Romanele vie\u0163ii (Cluj, , 1979); Geneza romanului rom\u00e2nesc (Buc., 1985); Romanul rom\u00e2nesc contemporan: 1945\u20131985 (Buc., 1988); 1: Realismul.; 2: Metarealismul; Cu o \u201eBibliografie orientativ\u0103 a romanului rom\u00e2nesc ap\u0103rut \u00een \u0163ar\u0103 \u00eentre 1945\u20131989\u201d \u00eentocmit\u0103 de Ana Cosma \u015fi Dimitrie Popt\u0103ma\u015f (Cluj-N., 1998); Teatrul Vol. 1. (pref. Ela Cosma; Cluj-N., 2010); <strong>t\u00e1rssz.:<\/strong> Ioan Slavici: Romanele vie\u0163ii (Pref. \u015fi note de A. C.; Cluj-N., 1979); Delta biblicelor s\u00e2nte; Dezbateri = Lectura clasicilor \u015fi teoria modern\u0103 a textului; Centenar Tudor Arghezi (Sibiu, 1981); Sub semnul Me\u015fterului Manole = Lectura clasicilor \u015fi teoria modern\u0103 a textului; Centenar Octavian Goga (Sibiu, 1982); Ipostaze ale cronotopului mioritic \u00een romanul nostru contemporan = Romanul rom\u00e2nesc contemporan: Colocvii de critic\u0103 ale revistei Transilvania (Sibiu, 1983); Nordul \u015fi Sudul = Rolul criticii literare \u00een contextul culturii \u015fi civiliza\u0163iei rom\u00e2ne\u015fti (Sibiu, 1985); Panait Istrati \u2013 o cale a autenticit\u0103\u0163ii = Despre veacurile culturii \u015fi cultura rom\u00e2neasc\u0103: Colocvii de critic\u0103 ale revistei Transilvania (Sibiu, 1986); Orizonturile con\u015ftiin\u0163ei \u015fi ale crea\u0163iei la Rebreanu = Actualitatea marilor creatori (Sibiu, 1986); Literatura ca sistem comunicant = Rela\u0163ia cultur\u0103-istorie. 125 de ani de la constituirea ASTREI (Sibiu, 1987); Dic\u0163ionarul scriitorilor rom\u00e2ni: A-C (Buc., 1995), D-L. (Buc., 1998); <strong>szerk.:<\/strong> Constantin Noica: Lumea de m\u00e2ine (Tg. M., 1991); Mircea Eliade: Na\u015fteri mistice (Tg. M., 1991). <br \/><strong>Irod.:<\/strong> Anton Cosma: \u201eIdeea moral\u0103 \u015fi \u00eencrederea \u00een literatur\u0103 sunt piatra unghiular\u0103 a activit\u0103\u0163ii unui critic\u201d = Babel dup\u0103 Babel: interviuri \/ Nicolae B\u0103ciu\u0163 (Tg. M., 2000); \u201eCred c\u0103 trebuie s\u0103 urm\u0103m exemplul marilor critici interbelici \u015fi s\u0103 citim propria noastr\u0103 literatur\u0103\u201d \/ Interviu de Nicolae B\u0103ciu\u0163 = Sc\u00eenteia tineretului. Supliment literar artistic (nr. 50, 15 dec. 1985); Cosma; Cosma, Ela: A. C. &#8211; dramaturg (Libraria, nr. 8., 2009); DGLR; DSR; Libraria (8., 2009).<\/br><\/p>\n","protected":false},"excerpt":{"rendered":"<p>T\u0171r, 1940. m\u00e1j. 4., \u2020 Mv., 1991. nov. 17.: irodalomt\u00f6rt\u00e9n\u00e9sz, kritikus, szerkeszt\u0151, dr\u00e1ma\u00edr\u00f3. \u2013 A bal\u00e1zsfalvi elemi iskol\u00e1ban \u00e9s lic.-ban (- 1957), a BBTE Filol\u00f3gia szak\u00e1n Kv.-on v\u00e9gzett (1963). Megkapta az I-es didaktikai fokozat (1981) Ioan Slavici- romanele vie\u0163ii: teoria romanului realist rom\u00e2nesc c. dolgozat\u00e1val. Tan\u00e1ri p\u00e1lyafut\u00e1s\u00e1t Erzs\u00e9betv\u00e1rosban kezdte a Re\u00e1l- hum\u00e1n l\u00edc.-ban (1963\u201381), k\u00f6zben [&hellip;]<\/p>\n","protected":false},"featured_media":0,"comment_status":"open","ping_status":"closed","template":"","meta":[],"product_brand":[],"product_cat":[137],"product_tag":[],"class_list":{"0":"post-5804","1":"product","2":"type-product","3":"status-publish","5":"product_cat-maros-megyei-eletrajzi-lexikon","7":"first","8":"instock","9":"shipping-taxable","10":"product-type-simple"},"_links":{"self":[{"href":"https:\/\/uj.adatbank.ro\/lexikon\/wp-json\/wp\/v2\/product\/5804","targetHints":{"allow":["GET"]}}],"collection":[{"href":"https:\/\/uj.adatbank.ro\/lexikon\/wp-json\/wp\/v2\/product"}],"about":[{"href":"https:\/\/uj.adatbank.ro\/lexikon\/wp-json\/wp\/v2\/types\/product"}],"replies":[{"embeddable":true,"href":"https:\/\/uj.adatbank.ro\/lexikon\/wp-json\/wp\/v2\/comments?post=5804"}],"wp:attachment":[{"href":"https:\/\/uj.adatbank.ro\/lexikon\/wp-json\/wp\/v2\/media?parent=5804"}],"wp:term":[{"taxonomy":"product_brand","embeddable":true,"href":"https:\/\/uj.adatbank.ro\/lexikon\/wp-json\/wp\/v2\/product_brand?post=5804"},{"taxonomy":"product_cat","embeddable":true,"href":"https:\/\/uj.adatbank.ro\/lexikon\/wp-json\/wp\/v2\/product_cat?post=5804"},{"taxonomy":"product_tag","embeddable":true,"href":"https:\/\/uj.adatbank.ro\/lexikon\/wp-json\/wp\/v2\/product_tag?post=5804"}],"curies":[{"name":"wp","href":"https:\/\/api.w.org\/{rel}","templated":true}]}}

<p>Tűr, 1940. máj. 4., † Mv., 1991. nov. 17.: irodalomtörténész, kritikus, szerkesztő, drámaíró. – A balázsfalvi elemi iskolában és lic.-ban (- 1957), a BBTE Filológia szakán Kv.-on végzett (1963). Megkapta az I-es didaktikai fokozat (1981) Ioan Slavici- romanele vieţii: teoria romanului realist românesc c. dolgozatával. Tanári pályafutását Erzsébetvárosban kezdte a Reál- humán líc.-ban (1963–81), közben irodalomtörténeti kutatásokat végzett, módszertani tevékenységet fejtett ki, tanulmányokat közölt az irodalomoktatás és a tankönyvek korszerűsítése érdekében (1969–). Munkatársa (1971), majd főszerk.-je a Vatra c. mv.-i folyóiratnak (1981. okt. &#8211; 1991 nov.). Rendszeresen értékelte a mv.-i színház és színművészeti főiskola által bemutatott színműveket a helyi St. R. és V. Z. napilapokban. Tagja a Román Írószövetségnek (1983–). Szebenben előadásokat tartott a Transilvania folyóirat kollokviumain (1981–87). Munkatársa a Mv.-i Területi Rádiónak (1990–91). Létrehozta a XXI A. C. Kiadót, ahol megjelenttette a Foaia interesantă c. újságot a Dracula irodalmi melléklettel (1990); a Caiete XXI sorozatot (1991). Több írása kéziratban maradt. Kritikusként a România literară-ban debüttált a Cititorul şi receptivitatea poeziei moderne c. esszével. Munkatársa volt a Vatra, România literară, Tribuna, Transilvania, Familia, Învăţământul liceal şi tehnic profesional, Napoca universitară, Igaz Szó, Romanian review, Cahiers roumains, Lumina (Jugoszlávia), Revue roumaine és más lapoknak. <strong>Kitüntetései:</strong> a kv.-i Tribuna folyóirat irodalomkritikai díja (1975), a Mv.-i Írók Egyesületének a díja (1985) a Geneza romanului românesc c. esszé kötetéért. – <strong>F. m.:</strong> Romanul românesc şi problematica omului contemporan (Cluj, 1977); Ion Slavici – Romanele vieţii (Cluj, , 1979); Geneza romanului românesc (Buc., 1985); Romanul românesc contemporan: 1945–1985 (Buc., 1988); 1: Realismul.; 2: Metarealismul; Cu o „Bibliografie orientativă a romanului românesc apărut în ţară între 1945–1989” întocmită de Ana Cosma şi Dimitrie Poptămaş (Cluj-N., 1998); Teatrul Vol. 1. (pref. Ela Cosma; Cluj-N., 2010); <strong>társsz.:</strong> Ioan Slavici: Romanele vieţii (Pref. şi note de A. C.; Cluj-N., 1979); Delta biblicelor sânte; Dezbateri = Lectura clasicilor şi teoria modernă a textului; Centenar Tudor Arghezi (Sibiu, 1981); Sub semnul Meşterului Manole = Lectura clasicilor şi teoria modernă a textului; Centenar Octavian Goga (Sibiu, 1982); Ipostaze ale cronotopului mioritic în romanul nostru contemporan = Romanul românesc contemporan: Colocvii de critică ale revistei Transilvania (Sibiu, 1983); Nordul şi Sudul = Rolul criticii literare în contextul culturii şi civilizaţiei româneşti (Sibiu, 1985); Panait Istrati – o cale a autenticităţii = Despre veacurile culturii şi cultura românească: Colocvii de critică ale revistei Transilvania (Sibiu, 1986); Orizonturile conştiinţei şi ale creaţiei la Rebreanu = Actualitatea marilor creatori (Sibiu, 1986); Literatura ca sistem comunicant = Relaţia cultură-istorie. 125 de ani de la constituirea ASTREI (Sibiu, 1987); Dicţionarul scriitorilor români: A-C (Buc., 1995), D-L. (Buc., 1998); <strong>szerk.:</strong> Constantin Noica: Lumea de mâine (Tg. M., 1991); Mircea Eliade: Naşteri mistice (Tg. M., 1991). <br /><strong>Irod.:</strong> Anton Cosma: „Ideea morală şi încrederea în literatură sunt piatra unghiulară a activităţii unui critic” = Babel după Babel: interviuri / Nicolae Băciuţ (Tg. M., 2000); „Cred că trebuie să urmăm exemplul marilor critici interbelici şi să citim propria noastră literatură” / Interviu de Nicolae Băciuţ = Scînteia tineretului. Supliment literar artistic (nr. 50, 15 dec. 1985); Cosma; Cosma, Ela: A. C. &#8211; dramaturg (Libraria, nr. 8., 2009); DGLR; DSR; Libraria (8., 2009).</br></p>

<p>Tűr, 1940. máj. 4., † Mv., 1991. nov. 17.: irodalomtörténész, kritikus, szerkesztő, drámaíró. – A balázsfalvi elemi iskolában és lic.-ban (- 1957), a BBTE Filológia szakán Kv.-on végzett (1963). Megkapta az I-es didaktikai fokozat (1981) Ioan Slavici- romanele vieţii: teoria romanului realist românesc c. dolgozatával. Tanári pályafutását Erzsébetvárosban kezdte a Reál- humán líc.-ban (1963–81), közben [&hellip;]</p>
