{"id":5811,"date":"2025-06-28T17:30:30","date_gmt":"2025-06-28T15:30:30","guid":{"rendered":"https:\/\/uj.adatbank.ro\/lexikon\/termek\/costin-eduard-%c2%a7\/"},"modified":"2025-06-28T17:30:30","modified_gmt":"2025-06-28T15:30:30","slug":"costin-eduard-%c2%a7","status":"publish","type":"product","link":"https:\/\/uj.adatbank.ro\/lexikon\/termek\/costin-eduard-%c2%a7\/","title":{"rendered":"COSTIN Eduard, \u00a7"},"content":{"rendered":"<p>Vaslui, 1916. m\u00e1rc. 14., \u2020 Mv., 2010. nov. 30.: tan\u00edt\u00f3, rajztan\u00e1r, szobr\u00e1sz, k\u00f6lt\u0151. \u2013 Tisztvisel\u0151 \u00e9desapj\u00e1t szolg\u00e1lati \u00e9rdekb\u0151l Nagyv\u00e1radra helyezt\u00e9k. Nagyv\u00e1radon v\u00e9gezte el az elemi iskol\u00e1t az Emanuel Gojdu L\u00edc.-ban (1923\u201330). Anyagi neh\u00e9zs\u00e9gek miatt nem v\u00e9gezhette el a l\u00edc. -ot, beiratkozott a nagyv\u00e1radi M\u0171v\u00e9szeti Iskola szobr\u00e1szati oszt. -j\u00e1ba (1930\u201335). Ezut\u00e1n Aradon \u00e9s Buk.-ben a Fels\u0151bb M\u0171v\u00e9szeti Isk. szobr\u00e1szati szak\u00e1n szerzett okl. -t (1939). Beh\u00edvt\u00e1k katon\u00e1nak (1939), D\u00e9v\u00e1ra majd Tord\u00e1ra ker\u00fclt. A csal\u00e1dja Tord\u00e1ra menek\u00fclt (1940. szept.). Kik\u00fcldt\u00e9k a Keleti Frontra (1941). R\u00e9szt vett a front minden akci\u00f3j\u00e1ban Odessz\u00e1n\u00e1l, a Krimben \u00e9s a Donkanyarban. T\u00f6bb alkalommal kit\u00fcntett\u00e9k. Harcolt Moldov\u00e1ban (1944. aug. 23-ig), azut\u00e1n harcolt Erd\u00e9lyben a 103. hegyi hadoszt\u00e1lyban Ernye, Segesv\u00e1r, Marosorb\u00f3 frontjain, \u00e9s Mv. felszabad\u00edt\u00e1s\u00e1ban, a mo.-i \u00e9s csehszlov\u00e1kiai harcokban (1945. m\u00e1j.-ig). Hazat\u00e9r\u00e9se ut\u00e1n Tord\u00e1n telepedett le, Buk.-ben tan\u00fcgyi szobr\u00e1szati k\u00e9pess\u00e9vizsg\u00e1n vett r\u00e9szt, ahol orsz\u00e1gos els\u0151 helyez\u00e9st \u00e9rt el. A tan\u00fcgyben szobr\u00e1szoktat\u00f3k\u00e9nt dolgozott Tord\u00e1n a Fi\u00fa Kereskedelmi Isk.-ban, az 1-es \u00e9s 7-es sz \u00e1lt. Isk.-ban (1945\u201368). Szolg\u00e1lati \u00e9rdekb\u0151l csal\u00e1dj\u00e1val Mv.-re k\u00f6lt\u00f6z\u00f6tt, a Pionir-h\u00e1z keret\u00e9ben szobr\u00e1szati szakk\u00f6rt l\u00e9tes\u00edtett (1968\u201376). Letette a tan\u00fcgyi I. fokozati vizsg\u00e1t (1973). Mv.-en a Szakszervezet M\u0171vel\u0151d\u00e9si H\u00e1z\u00e1ban szobr\u00e1sz k\u00f6rt vezetett (1979\u201389). Nyugalomba vonul\u00e1sa ut\u00e1n (1976) is akt\u00edv maradt, r\u00e9szt vett nemzeti szobr\u00e1szati alkot\u00f3 t\u00e1borokban. Maros megy\u00e9ben a Cultul Eroilor-Egyes\u00fclet aleln\u00f6ke volt. Szobrait f\u00e1b\u00f3l, agyagb\u00f3l, bronzb\u0151l, k\u0151b\u00f6l k\u00e9sz\u00edtette. Munk\u00e1i megtal\u00e1lhat\u00f3k itthon \u00e9s k\u00fclf\u00f6ld\u00f6n egy\u00e9ni tulajdonban, templomokban valamint a mv.-i Etnogr\u00e1fiai M\u00fazeumban. Maros megy\u00e9ben t\u00f6bb templom faragv\u00e1nyait k\u00e9sz\u00edtette. Vidr\u00e1tszeg, Recsa, Kerel\u0151, Gezse, Bonyha, B\u00e1bahalmia, Kem\u00e9nynagysz\u0151l\u0151s, K\u00fck\u00fcll\u0151solymos, Nagyszentl\u00e1szl\u00f3, Mez\u0151r\u00fccs, Ludas, Radn\u00f3t, Maroslekence templomaiban ikonoszt\u00e1szok \u00e9s m\u00e1s templomi kell\u00e9kek: bej\u00e1rati ajt\u00f3k, csill\u00e1rok alkot\u00f3ja. Alap\u00edt\u00f3tagja volt a MM-i K\u00e9pz\u0151m\u0171v\u00e9szek Sz\u00f6vets\u00e9g\u00e9nek, amelynek keret\u00e9ben t\u00f6bb egy\u00e9ni \u00e9s csoportos ki\u00e1ll\u00edt\u00e1son vett r\u00e9szt (1977\u2013). Az alkot\u00f3t\u00e1borok \u00e1lland\u00f3 l\u00e1togat\u00f3ja. Alkot\u00e1sai, egyesek bronzb\u00f3l, hazai \u00e9s k\u00fclf\u00f6ldi egy\u00e9ni gy\u0171jtem\u00e9nyekben tal\u00e1lhat\u00f3ak. Kit\u00fcntet\u00e9seket kapott a II. v. h. &#8211; ban val\u00f3 r\u00e9sztv\u00e9tel\u00e9\u00e9rt, p\u00fcsp\u00f6ki elismer\u00e9st a radn\u00f3ti \u00e9s kem\u00e9nynagysz\u0151l\u0151si templom fafarag\u00e1sai\u00e9rt. Ki\u00e1ll\u00edt\u00e1sokon nyert diplom\u00e1t Mv.-en \u00e9s Tord\u00e1n. R\u00e9szt vett a H\u0151s\u00f6k kultusza \u00e9s az Astra szimp\u00f3ziumokon. \u2013 <strong>F. ki\u00e1ll.:<\/strong> A mv.-i Etnogr\u00e1fiai M\u00fazeum Ikon Ki\u00e1ll\u00edt\u00e1s\u00e1n miniat\u0171r\u00f6kkel vett r\u00e9szt (2005). 90. \u00e9let\u00e9v\u00e9nek bet\u00f6lt\u00e9sekor a M. M. K. Sz. Unirea term\u00e9ben \u00e9letm\u0171 ki\u00e1ll\u00edt\u00e1st rendezett (2006. m\u00e1rc.), a Mv.-i R\u00e1di\u00f3st\u00fadi\u00f3ban az egyh\u00e1zi alkot\u00e1sainak f\u00e9nyk\u00e9pes ki\u00e1ll\u00edt\u00e1s\u00e1t szervezt\u00e9k meg (2006). T\u00f6bb kit\u00fcntet\u00e9sben r\u00e9szes\u00fclt: Andrei gyulafeh\u00e9rv\u00e1ri \u00e9rsek \u00e9rseki okl. -lel jutalmazta a radn\u00f3ti alkot\u00e1sait (1995), a sz\u00e1szsz\u00f6ll\u0151si alkot\u00e1s\u00e9rt (1998). Megkapta a Diploma de Senior al municipiului Tg. Mure\u015f okl. -t (2006). <br \/><strong>Irod.:<\/strong> Borda, Dorin\u2013Romeo, Soare: Galaxia valorilor (Tg. M., 2007); C. L. (2006. m\u00e1rc. 10.); Chiheru; Dasc\u0103li mure\u015feni, 5.; Suciu; T\u00e2rn\u0103veni, cult. &#8211; ist.; Todea 2013<\/br><\/p>\n","protected":false},"excerpt":{"rendered":"<p>Vaslui, 1916. m\u00e1rc. 14., \u2020 Mv., 2010. nov. 30.: tan\u00edt\u00f3, rajztan\u00e1r, szobr\u00e1sz, k\u00f6lt\u0151. \u2013 Tisztvisel\u0151 \u00e9desapj\u00e1t szolg\u00e1lati \u00e9rdekb\u0151l Nagyv\u00e1radra helyezt\u00e9k. Nagyv\u00e1radon v\u00e9gezte el az elemi iskol\u00e1t az Emanuel Gojdu L\u00edc.-ban (1923\u201330). Anyagi neh\u00e9zs\u00e9gek miatt nem v\u00e9gezhette el a l\u00edc. -ot, beiratkozott a nagyv\u00e1radi M\u0171v\u00e9szeti Iskola szobr\u00e1szati oszt. -j\u00e1ba (1930\u201335). Ezut\u00e1n Aradon \u00e9s Buk.-ben a Fels\u0151bb [&hellip;]<\/p>\n","protected":false},"featured_media":0,"comment_status":"open","ping_status":"closed","template":"","meta":[],"product_brand":[],"product_cat":[137],"product_tag":[],"class_list":{"0":"post-5811","1":"product","2":"type-product","3":"status-publish","5":"product_cat-maros-megyei-eletrajzi-lexikon","7":"first","8":"instock","9":"shipping-taxable","10":"product-type-simple"},"_links":{"self":[{"href":"https:\/\/uj.adatbank.ro\/lexikon\/wp-json\/wp\/v2\/product\/5811","targetHints":{"allow":["GET"]}}],"collection":[{"href":"https:\/\/uj.adatbank.ro\/lexikon\/wp-json\/wp\/v2\/product"}],"about":[{"href":"https:\/\/uj.adatbank.ro\/lexikon\/wp-json\/wp\/v2\/types\/product"}],"replies":[{"embeddable":true,"href":"https:\/\/uj.adatbank.ro\/lexikon\/wp-json\/wp\/v2\/comments?post=5811"}],"wp:attachment":[{"href":"https:\/\/uj.adatbank.ro\/lexikon\/wp-json\/wp\/v2\/media?parent=5811"}],"wp:term":[{"taxonomy":"product_brand","embeddable":true,"href":"https:\/\/uj.adatbank.ro\/lexikon\/wp-json\/wp\/v2\/product_brand?post=5811"},{"taxonomy":"product_cat","embeddable":true,"href":"https:\/\/uj.adatbank.ro\/lexikon\/wp-json\/wp\/v2\/product_cat?post=5811"},{"taxonomy":"product_tag","embeddable":true,"href":"https:\/\/uj.adatbank.ro\/lexikon\/wp-json\/wp\/v2\/product_tag?post=5811"}],"curies":[{"name":"wp","href":"https:\/\/api.w.org\/{rel}","templated":true}]}}

<p>Vaslui, 1916. márc. 14., † Mv., 2010. nov. 30.: tanító, rajztanár, szobrász, költő. – Tisztviselő édesapját szolgálati érdekből Nagyváradra helyezték. Nagyváradon végezte el az elemi iskolát az Emanuel Gojdu Líc.-ban (1923–30). Anyagi nehézségek miatt nem végezhette el a líc. -ot, beiratkozott a nagyváradi Művészeti Iskola szobrászati oszt. -jába (1930–35). Ezután Aradon és Buk.-ben a Felsőbb Művészeti Isk. szobrászati szakán szerzett okl. -t (1939). Behívták katonának (1939), Dévára majd Tordára került. A családja Tordára menekült (1940. szept.). Kiküldték a Keleti Frontra (1941). Részt vett a front minden akciójában Odesszánál, a Krimben és a Donkanyarban. Több alkalommal kitüntették. Harcolt Moldovában (1944. aug. 23-ig), azután harcolt Erdélyben a 103. hegyi hadosztályban Ernye, Segesvár, Marosorbó frontjain, és Mv. felszabadításában, a mo.-i és csehszlovákiai harcokban (1945. máj.-ig). Hazatérése után Tordán telepedett le, Buk.-ben tanügyi szobrászati képessévizsgán vett részt, ahol országos első helyezést ért el. A tanügyben szobrászoktatóként dolgozott Tordán a Fiú Kereskedelmi Isk.-ban, az 1-es és 7-es sz ált. Isk.-ban (1945–68). Szolgálati érdekből családjával Mv.-re költözött, a Pionir-ház keretében szobrászati szakkört létesített (1968–76). Letette a tanügyi I. fokozati vizsgát (1973). Mv.-en a Szakszervezet Művelődési Házában szobrász kört vezetett (1979–89). Nyugalomba vonulása után (1976) is aktív maradt, részt vett nemzeti szobrászati alkotó táborokban. Maros megyében a Cultul Eroilor-Egyesület alelnöke volt. Szobrait fából, agyagból, bronzből, kőböl készítette. Munkái megtalálhatók itthon és külföldön egyéni tulajdonban, templomokban valamint a mv.-i Etnográfiai Múzeumban. Maros megyében több templom faragványait készítette. Vidrátszeg, Recsa, Kerelő, Gezse, Bonyha, Bábahalmia, Keménynagyszőlős, Küküllősolymos, Nagyszentlászló, Mezőrücs, Ludas, Radnót, Maroslekence templomaiban ikonosztászok és más templomi kellékek: bejárati ajtók, csillárok alkotója. Alapítótagja volt a MM-i Képzőművészek Szövetségének, amelynek keretében több egyéni és csoportos kiállításon vett részt (1977–). Az alkotótáborok állandó látogatója. Alkotásai, egyesek bronzból, hazai és külföldi egyéni gyűjteményekben találhatóak. Kitüntetéseket kapott a II. v. h. &#8211; ban való résztvételéért, püspöki elismerést a radnóti és keménynagyszőlősi templom fafaragásaiért. Kiállításokon nyert diplomát Mv.-en és Tordán. Részt vett a Hősök kultusza és az Astra szimpóziumokon. – <strong>F. kiáll.:</strong> A mv.-i Etnográfiai Múzeum Ikon Kiállításán miniatűrökkel vett részt (2005). 90. életévének betöltésekor a M. M. K. Sz. Unirea termében életmű kiállítást rendezett (2006. márc.), a Mv.-i Rádióstúdióban az egyházi alkotásainak fényképes kiállítását szervezték meg (2006). Több kitüntetésben részesült: Andrei gyulafehérvári érsek érseki okl. -lel jutalmazta a radnóti alkotásait (1995), a szászszöllősi alkotásért (1998). Megkapta a Diploma de Senior al municipiului Tg. Mureş okl. -t (2006). <br /><strong>Irod.:</strong> Borda, Dorin–Romeo, Soare: Galaxia valorilor (Tg. M., 2007); C. L. (2006. márc. 10.); Chiheru; Dascăli mureşeni, 5.; Suciu; Târnăveni, cult. &#8211; ist.; Todea 2013</br></p>

<p>Vaslui, 1916. márc. 14., † Mv., 2010. nov. 30.: tanító, rajztanár, szobrász, költő. – Tisztviselő édesapját szolgálati érdekből Nagyváradra helyezték. Nagyváradon végezte el az elemi iskolát az Emanuel Gojdu Líc.-ban (1923–30). Anyagi nehézségek miatt nem végezhette el a líc. -ot, beiratkozott a nagyváradi Művészeti Iskola szobrászati oszt. -jába (1930–35). Ezután Aradon és Buk.-ben a Felsőbb [&hellip;]</p>
