{"id":5816,"date":"2025-06-28T17:30:37","date_gmt":"2025-06-28T15:30:37","guid":{"rendered":"https:\/\/uj.adatbank.ro\/lexikon\/termek\/cotoi-simion\/"},"modified":"2025-06-28T17:30:37","modified_gmt":"2025-06-28T15:30:37","slug":"cotoi-simion","status":"publish","type":"product","link":"https:\/\/uj.adatbank.ro\/lexikon\/termek\/cotoi-simion\/","title":{"rendered":"COTOI Simion"},"content":{"rendered":"<p>Teke\u00fajfalu, 1938. jan. 21., \u2020 Teke\u00fajfalu, 1995.: faipari technikus, p\u00e1rtpolitikus. \u2013 Tanulm\u00e1nyait a mv.-i Faipari K\u00f6z\u00e9piskol\u00e1ban v\u00e9gezte (1955); egy\u00e9ves p\u00e1rtakt\u00edvista iskola (1960\u201361); \u015et. Gheorghiu p\u00e1rtiskola (1963\u201366); Kv.-i BBTE t\u00f6rt\u00e9nelem szaka (1966\u201370) v\u00e9gzettje. Faipari technikus volt az Arad megyei pankotai IPROFIL-n\u00e1l (1955\u201357). A sz\u00e1szr\u00e9geni Faipari Kombin\u00e1t KISZ Bizotts\u00e1gi titk\u00e1ra (1959\u201360), a MAT megyei KISZ Bizotts\u00e1g instruktora (1961); a marosh\u00e9v\u00edzi rajoni KISZ Bizotts\u00e1g els\u0151titk\u00e1ra (1961\u201363); a MAT megyei KISZ Bizotts\u00e1g tagja (1961\u201363); marosh\u00e9v\u00edzi rajoni P\u00e1rtbizotts\u00e1g p\u00f3ttagja (1961\u201363); a MAT megyei P\u00e1rtizotts\u00e1g instruktora (1966\u201374 szept.); a sz\u00e1szr\u00e9geni V\u00e1rosi P\u00e1rtbizotts\u00e1g titk\u00e1ra (1974. szept. \u201375. m\u00e1rc.) \u00e9s polg\u00e1rmester (1975\u201378); a MM-i P\u00e1rtbizotts\u00e1g b\u00fcr\u00f3j\u00e1nak p\u00f3ttagja (1975. j\u00fan. \u2013), majd a szervez\u00e9si bizotts\u00e1g titk\u00e1ra (1978\u201386. m\u00e1j. 19.); instruktor (1986. febr. -m\u00e1j. 12.). A RKP KB tagja (1984. nov. 22. \u2013 1989. dec. 22.); a Buz\u0103u megyei P\u00e1rtbizotts\u00e1g els\u0151 titk\u00e1ra \u00e9s megyei N\u00e9ptan\u00e1cs VB eln\u00f6ke (1986. aug. 20. \u2013 1989. dec. 22.). Kit\u00fcntet\u00e9se: Aug. 23. tisztelet\u00e9re (1969. aug. 21.); \u00fajabbat (1979. szept. 15.) Munka\u00e9rdemrend III. o. <br \/><strong>Irod.:<\/strong> Id\u0151t\u00e1r 4.; Membrii C. C. al P. C. R.<\/br><\/p>\n","protected":false},"excerpt":{"rendered":"<p>Teke\u00fajfalu, 1938. jan. 21., \u2020 Teke\u00fajfalu, 1995.: faipari technikus, p\u00e1rtpolitikus. \u2013 Tanulm\u00e1nyait a mv.-i Faipari K\u00f6z\u00e9piskol\u00e1ban v\u00e9gezte (1955); egy\u00e9ves p\u00e1rtakt\u00edvista iskola (1960\u201361); \u015et. Gheorghiu p\u00e1rtiskola (1963\u201366); Kv.-i BBTE t\u00f6rt\u00e9nelem szaka (1966\u201370) v\u00e9gzettje. Faipari technikus volt az Arad megyei pankotai IPROFIL-n\u00e1l (1955\u201357). A sz\u00e1szr\u00e9geni Faipari Kombin\u00e1t KISZ Bizotts\u00e1gi titk\u00e1ra (1959\u201360), a MAT megyei KISZ Bizotts\u00e1g instruktora [&hellip;]<\/p>\n","protected":false},"featured_media":0,"comment_status":"open","ping_status":"closed","template":"","meta":[],"product_brand":[],"product_cat":[137],"product_tag":[],"class_list":{"0":"post-5816","1":"product","2":"type-product","3":"status-publish","5":"product_cat-maros-megyei-eletrajzi-lexikon","7":"first","8":"instock","9":"shipping-taxable","10":"product-type-simple"},"_links":{"self":[{"href":"https:\/\/uj.adatbank.ro\/lexikon\/wp-json\/wp\/v2\/product\/5816","targetHints":{"allow":["GET"]}}],"collection":[{"href":"https:\/\/uj.adatbank.ro\/lexikon\/wp-json\/wp\/v2\/product"}],"about":[{"href":"https:\/\/uj.adatbank.ro\/lexikon\/wp-json\/wp\/v2\/types\/product"}],"replies":[{"embeddable":true,"href":"https:\/\/uj.adatbank.ro\/lexikon\/wp-json\/wp\/v2\/comments?post=5816"}],"wp:attachment":[{"href":"https:\/\/uj.adatbank.ro\/lexikon\/wp-json\/wp\/v2\/media?parent=5816"}],"wp:term":[{"taxonomy":"product_brand","embeddable":true,"href":"https:\/\/uj.adatbank.ro\/lexikon\/wp-json\/wp\/v2\/product_brand?post=5816"},{"taxonomy":"product_cat","embeddable":true,"href":"https:\/\/uj.adatbank.ro\/lexikon\/wp-json\/wp\/v2\/product_cat?post=5816"},{"taxonomy":"product_tag","embeddable":true,"href":"https:\/\/uj.adatbank.ro\/lexikon\/wp-json\/wp\/v2\/product_tag?post=5816"}],"curies":[{"name":"wp","href":"https:\/\/api.w.org\/{rel}","templated":true}]}}

<p>Tekeújfalu, 1938. jan. 21., † Tekeújfalu, 1995.: faipari technikus, pártpolitikus. – Tanulmányait a mv.-i Faipari Középiskolában végezte (1955); egyéves pártaktívista iskola (1960–61); Şt. Gheorghiu pártiskola (1963–66); Kv.-i BBTE történelem szaka (1966–70) végzettje. Faipari technikus volt az Arad megyei pankotai IPROFIL-nál (1955–57). A szászrégeni Faipari Kombinát KISZ Bizottsági titkára (1959–60), a MAT megyei KISZ Bizottság instruktora (1961); a maroshévízi rajoni KISZ Bizottság elsőtitkára (1961–63); a MAT megyei KISZ Bizottság tagja (1961–63); maroshévízi rajoni Pártbizottság póttagja (1961–63); a MAT megyei Pártizottság instruktora (1966–74 szept.); a szászrégeni Városi Pártbizottság titkára (1974. szept. –75. márc.) és polgármester (1975–78); a MM-i Pártbizottság bürójának póttagja (1975. jún. –), majd a szervezési bizottság titkára (1978–86. máj. 19.); instruktor (1986. febr. -máj. 12.). A RKP KB tagja (1984. nov. 22. – 1989. dec. 22.); a Buzău megyei Pártbizottság első titkára és megyei Néptanács VB elnöke (1986. aug. 20. – 1989. dec. 22.). Kitüntetése: Aug. 23. tiszteletére (1969. aug. 21.); újabbat (1979. szept. 15.) Munkaérdemrend III. o. <br /><strong>Irod.:</strong> Időtár 4.; Membrii C. C. al P. C. R.</br></p>

<p>Tekeújfalu, 1938. jan. 21., † Tekeújfalu, 1995.: faipari technikus, pártpolitikus. – Tanulmányait a mv.-i Faipari Középiskolában végezte (1955); egyéves pártaktívista iskola (1960–61); Şt. Gheorghiu pártiskola (1963–66); Kv.-i BBTE történelem szaka (1966–70) végzettje. Faipari technikus volt az Arad megyei pankotai IPROFIL-nál (1955–57). A szászrégeni Faipari Kombinát KISZ Bizottsági titkára (1959–60), a MAT megyei KISZ Bizottság instruktora [&hellip;]</p>
