{"id":5817,"date":"2025-06-28T17:30:42","date_gmt":"2025-06-28T15:30:42","guid":{"rendered":"https:\/\/uj.adatbank.ro\/lexikon\/termek\/cotoiu-ioan\/"},"modified":"2025-06-28T17:30:42","modified_gmt":"2025-06-28T15:30:42","slug":"cotoiu-ioan","status":"publish","type":"product","link":"https:\/\/uj.adatbank.ro\/lexikon\/termek\/cotoiu-ioan\/","title":{"rendered":"COTOIU Ioan"},"content":{"rendered":"<p>Mez\u0151banyica, 1879., \u2020\u00a0Uzdiszentp\u00e9ter, 1956.: tan\u00edt\u00f3. \u2013 Tan\u00edt\u00f3k\u00e9pz\u0151t Bal\u00e1zsfalv\u00e1n v\u00e9gzett. T\u00f6k\u00e9letesen besz\u00e9lt magyarul \u00e9s n\u00e9met\u00fcl is. Uzdiszentp\u00e9terre ker\u00fclt, ahol eg\u00e9sz \u00e9let\u00e9ben dolgozott (1904\u201328). Tan\u00edtott a m. \u00e1llami iskol\u00e1ban (1904\u201310), \u00e9s a g. -kat. felekezeti rom\u00e1n iskol\u00e1ban. Az \u00faj iskol\u00e1t az \u0151 tan\u00edt\u00f3s\u00e1ga idej\u00e9ben \u00e9p\u00edtett\u00e9k \u00e9s adt\u00e1k \u00e1t (1910\u201314). A r\u00e9gi isk. -t lebontott\u00e1k (1927). Az els\u0151 rom\u00e1n iskolaigazgat\u00f3 volt az Egyes\u00fcl\u00e9s ut\u00e1n. Az I. vh. ideje alatt tartal\u00e9kos tisztiiskol\u00e1t v\u00e9gzett, \u00e9s B\u00e9csben szolg\u00e1lt. Alhadnagyk\u00e9nt harcolt az olasz fronton. Hazat\u00e9rt \u00e9s folytatta tan\u00edt\u00f3i munk\u00e1j\u00e1t. Az Egyes\u00fcl\u00e9s ut\u00e1n a K\u00f6zs\u00e9gi Tan\u00e1cs akt\u00edv tagja (1918\u201333). A faluban sok hat\u00e1rn\u00e9v ma is \u0151rzi eml\u00e9k\u00e9t: Via lui Cotoi, P\u0103durea lui Cotoi, f\u00e2nt\u00e2na lui Cotoi, stb. <br \/><strong>Irod.:<\/strong> S\u00e2npetru de C\u00e2mpie<\/br><\/p>\n","protected":false},"excerpt":{"rendered":"<p>Mez\u0151banyica, 1879., \u2020\u00a0Uzdiszentp\u00e9ter, 1956.: tan\u00edt\u00f3. \u2013 Tan\u00edt\u00f3k\u00e9pz\u0151t Bal\u00e1zsfalv\u00e1n v\u00e9gzett. T\u00f6k\u00e9letesen besz\u00e9lt magyarul \u00e9s n\u00e9met\u00fcl is. Uzdiszentp\u00e9terre ker\u00fclt, ahol eg\u00e9sz \u00e9let\u00e9ben dolgozott (1904\u201328). Tan\u00edtott a m. \u00e1llami iskol\u00e1ban (1904\u201310), \u00e9s a g. -kat. felekezeti rom\u00e1n iskol\u00e1ban. Az \u00faj iskol\u00e1t az \u0151 tan\u00edt\u00f3s\u00e1ga idej\u00e9ben \u00e9p\u00edtett\u00e9k \u00e9s adt\u00e1k \u00e1t (1910\u201314). A r\u00e9gi isk. -t lebontott\u00e1k (1927). Az els\u0151 [&hellip;]<\/p>\n","protected":false},"featured_media":0,"comment_status":"open","ping_status":"closed","template":"","meta":[],"product_brand":[],"product_cat":[137],"product_tag":[],"class_list":{"0":"post-5817","1":"product","2":"type-product","3":"status-publish","5":"product_cat-maros-megyei-eletrajzi-lexikon","7":"first","8":"instock","9":"shipping-taxable","10":"product-type-simple"},"_links":{"self":[{"href":"https:\/\/uj.adatbank.ro\/lexikon\/wp-json\/wp\/v2\/product\/5817","targetHints":{"allow":["GET"]}}],"collection":[{"href":"https:\/\/uj.adatbank.ro\/lexikon\/wp-json\/wp\/v2\/product"}],"about":[{"href":"https:\/\/uj.adatbank.ro\/lexikon\/wp-json\/wp\/v2\/types\/product"}],"replies":[{"embeddable":true,"href":"https:\/\/uj.adatbank.ro\/lexikon\/wp-json\/wp\/v2\/comments?post=5817"}],"wp:attachment":[{"href":"https:\/\/uj.adatbank.ro\/lexikon\/wp-json\/wp\/v2\/media?parent=5817"}],"wp:term":[{"taxonomy":"product_brand","embeddable":true,"href":"https:\/\/uj.adatbank.ro\/lexikon\/wp-json\/wp\/v2\/product_brand?post=5817"},{"taxonomy":"product_cat","embeddable":true,"href":"https:\/\/uj.adatbank.ro\/lexikon\/wp-json\/wp\/v2\/product_cat?post=5817"},{"taxonomy":"product_tag","embeddable":true,"href":"https:\/\/uj.adatbank.ro\/lexikon\/wp-json\/wp\/v2\/product_tag?post=5817"}],"curies":[{"name":"wp","href":"https:\/\/api.w.org\/{rel}","templated":true}]}}

<p>Mezőbanyica, 1879., † Uzdiszentpéter, 1956.: tanító. – Tanítóképzőt Balázsfalván végzett. Tökéletesen beszélt magyarul és németül is. Uzdiszentpéterre került, ahol egész életében dolgozott (1904–28). Tanított a m. állami iskolában (1904–10), és a g. -kat. felekezeti román iskolában. Az új iskolát az ő tanítósága idejében építették és adták át (1910–14). A régi isk. -t lebontották (1927). Az első román iskolaigazgató volt az Egyesülés után. Az I. vh. ideje alatt tartalékos tisztiiskolát végzett, és Bécsben szolgált. Alhadnagyként harcolt az olasz fronton. Hazatért és folytatta tanítói munkáját. Az Egyesülés után a Községi Tanács aktív tagja (1918–33). A faluban sok határnév ma is őrzi emlékét: Via lui Cotoi, Pădurea lui Cotoi, fântâna lui Cotoi, stb. <br /><strong>Irod.:</strong> Sânpetru de Câmpie</br></p>

<p>Mezőbanyica, 1879., † Uzdiszentpéter, 1956.: tanító. – Tanítóképzőt Balázsfalván végzett. Tökéletesen beszélt magyarul és németül is. Uzdiszentpéterre került, ahol egész életében dolgozott (1904–28). Tanított a m. állami iskolában (1904–10), és a g. -kat. felekezeti román iskolában. Az új iskolát az ő tanítósága idejében építették és adták át (1910–14). A régi isk. -t lebontották (1927). Az első [&hellip;]</p>
