{"id":5819,"date":"2025-06-28T17:30:45","date_gmt":"2025-06-28T15:30:45","guid":{"rendered":"https:\/\/uj.adatbank.ro\/lexikon\/termek\/cotta-ovidiu\/"},"modified":"2025-06-28T17:30:45","modified_gmt":"2025-06-28T15:30:45","slug":"cotta-ovidiu","status":"publish","type":"product","link":"https:\/\/uj.adatbank.ro\/lexikon\/termek\/cotta-ovidiu\/","title":{"rendered":"COTTA Ovidiu"},"content":{"rendered":"<p>? \u2020 Sz\u00e1szr\u00e9gen, 2000. j\u00fan. 1.: tan\u00e1r. \u2013 A Sz\u00e1szr\u00e9geni Augustin Maior Gimn.-ban tan\u00e1r, igazgat\u00f3, majd tanfel\u00fcgyel\u0151. <br \/><strong>Irod.:<\/strong> C. L. (2000. j\u00fal 1.)<\/br><\/p>\n","protected":false},"excerpt":{"rendered":"<p>? \u2020 Sz\u00e1szr\u00e9gen, 2000. j\u00fan. 1.: tan\u00e1r. \u2013 A Sz\u00e1szr\u00e9geni Augustin Maior Gimn.-ban tan\u00e1r, igazgat\u00f3, majd tanfel\u00fcgyel\u0151. Irod.: C. L. (2000. j\u00fal 1.)<\/p>\n","protected":false},"featured_media":0,"comment_status":"open","ping_status":"closed","template":"","meta":[],"product_brand":[],"product_cat":[137],"product_tag":[],"class_list":{"0":"post-5819","1":"product","2":"type-product","3":"status-publish","5":"product_cat-maros-megyei-eletrajzi-lexikon","7":"first","8":"instock","9":"shipping-taxable","10":"product-type-simple"},"_links":{"self":[{"href":"https:\/\/uj.adatbank.ro\/lexikon\/wp-json\/wp\/v2\/product\/5819","targetHints":{"allow":["GET"]}}],"collection":[{"href":"https:\/\/uj.adatbank.ro\/lexikon\/wp-json\/wp\/v2\/product"}],"about":[{"href":"https:\/\/uj.adatbank.ro\/lexikon\/wp-json\/wp\/v2\/types\/product"}],"replies":[{"embeddable":true,"href":"https:\/\/uj.adatbank.ro\/lexikon\/wp-json\/wp\/v2\/comments?post=5819"}],"wp:attachment":[{"href":"https:\/\/uj.adatbank.ro\/lexikon\/wp-json\/wp\/v2\/media?parent=5819"}],"wp:term":[{"taxonomy":"product_brand","embeddable":true,"href":"https:\/\/uj.adatbank.ro\/lexikon\/wp-json\/wp\/v2\/product_brand?post=5819"},{"taxonomy":"product_cat","embeddable":true,"href":"https:\/\/uj.adatbank.ro\/lexikon\/wp-json\/wp\/v2\/product_cat?post=5819"},{"taxonomy":"product_tag","embeddable":true,"href":"https:\/\/uj.adatbank.ro\/lexikon\/wp-json\/wp\/v2\/product_tag?post=5819"}],"curies":[{"name":"wp","href":"https:\/\/api.w.org\/{rel}","templated":true}]}}