{"id":5820,"date":"2025-06-28T17:30:46","date_gmt":"2025-06-28T15:30:46","guid":{"rendered":"https:\/\/uj.adatbank.ro\/lexikon\/termek\/cotutiu-constantin-%c2%a7\/"},"modified":"2025-06-28T17:30:46","modified_gmt":"2025-06-28T15:30:46","slug":"cotutiu-constantin-%c2%a7","status":"publish","type":"product","link":"https:\/\/uj.adatbank.ro\/lexikon\/termek\/cotutiu-constantin-%c2%a7\/","title":{"rendered":"COTU\u0162IU Constantin, \u00a7"},"content":{"rendered":"<p>? \u2020 Erd\u0151lib\u00e1nfalva, 1978.: ort. pap. \u2013 Erd\u0151lib\u00e1nfalv\u00e1n templomot \u00e9p\u00edttettett \u00e9s a pl\u00e9b\u00e1ni\u00e1t l\u00e9tes\u00edtette a faluban (1925\u201378). A templom terveit a kv.-i Nicolae Lungu k\u00e9sz\u00edtette, a kivitelez\u0151 \u00e9p\u00edt\u00e9sz Rep\u00e1lszky Ern\u0151, r\u00e9geni mester volt, a falfestm\u00e9nyeket a mv.-i Pop Aurel tan\u00e1r k\u00e9sz\u00edtette (1925\u201326); felszentelte a kv.-i Ioan Stroie p\u00fcsp\u00f6k (1930). K\u00e9s\u0151bb a buk.-i Dumitru B\u0103nic\u0103, fresk\u00f3kat is festett a bels\u0151 falakra (1971). <br \/><strong>Irod.:<\/strong> Reghin, Protopopiat<\/br><\/p>\n","protected":false},"excerpt":{"rendered":"<p>? \u2020 Erd\u0151lib\u00e1nfalva, 1978.: ort. pap. \u2013 Erd\u0151lib\u00e1nfalv\u00e1n templomot \u00e9p\u00edttettett \u00e9s a pl\u00e9b\u00e1ni\u00e1t l\u00e9tes\u00edtette a faluban (1925\u201378). A templom terveit a kv.-i Nicolae Lungu k\u00e9sz\u00edtette, a kivitelez\u0151 \u00e9p\u00edt\u00e9sz Rep\u00e1lszky Ern\u0151, r\u00e9geni mester volt, a falfestm\u00e9nyeket a mv.-i Pop Aurel tan\u00e1r k\u00e9sz\u00edtette (1925\u201326); felszentelte a kv.-i Ioan Stroie p\u00fcsp\u00f6k (1930). K\u00e9s\u0151bb a buk.-i Dumitru B\u0103nic\u0103, fresk\u00f3kat [&hellip;]<\/p>\n","protected":false},"featured_media":0,"comment_status":"open","ping_status":"closed","template":"","meta":[],"product_brand":[],"product_cat":[137],"product_tag":[],"class_list":{"0":"post-5820","1":"product","2":"type-product","3":"status-publish","5":"product_cat-maros-megyei-eletrajzi-lexikon","7":"first","8":"instock","9":"shipping-taxable","10":"product-type-simple"},"_links":{"self":[{"href":"https:\/\/uj.adatbank.ro\/lexikon\/wp-json\/wp\/v2\/product\/5820","targetHints":{"allow":["GET"]}}],"collection":[{"href":"https:\/\/uj.adatbank.ro\/lexikon\/wp-json\/wp\/v2\/product"}],"about":[{"href":"https:\/\/uj.adatbank.ro\/lexikon\/wp-json\/wp\/v2\/types\/product"}],"replies":[{"embeddable":true,"href":"https:\/\/uj.adatbank.ro\/lexikon\/wp-json\/wp\/v2\/comments?post=5820"}],"wp:attachment":[{"href":"https:\/\/uj.adatbank.ro\/lexikon\/wp-json\/wp\/v2\/media?parent=5820"}],"wp:term":[{"taxonomy":"product_brand","embeddable":true,"href":"https:\/\/uj.adatbank.ro\/lexikon\/wp-json\/wp\/v2\/product_brand?post=5820"},{"taxonomy":"product_cat","embeddable":true,"href":"https:\/\/uj.adatbank.ro\/lexikon\/wp-json\/wp\/v2\/product_cat?post=5820"},{"taxonomy":"product_tag","embeddable":true,"href":"https:\/\/uj.adatbank.ro\/lexikon\/wp-json\/wp\/v2\/product_tag?post=5820"}],"curies":[{"name":"wp","href":"https:\/\/api.w.org\/{rel}","templated":true}]}}

COTUŢIU Constantin, §

<p>? † Erdőlibánfalva, 1978.: ort. pap. – Erdőlibánfalván templomot építtettett és a plébániát létesítette a faluban (1925–78). A templom terveit a kv.-i Nicolae Lungu készítette, a kivitelező építész Repálszky Ernő, régeni mester volt, a falfestményeket a mv.-i Pop Aurel tanár készítette (1925–26); felszentelte a kv.-i Ioan Stroie püspök (1930). Később a buk.-i Dumitru Bănică, freskókat is festett a belső falakra (1971). <br /><strong>Irod.:</strong> Reghin, Protopopiat</br></p>

<p>? † Erdőlibánfalva, 1978.: ort. pap. – Erdőlibánfalván templomot építtettett és a plébániát létesítette a faluban (1925–78). A templom terveit a kv.-i Nicolae Lungu készítette, a kivitelező építész Repálszky Ernő, régeni mester volt, a falfestményeket a mv.-i Pop Aurel tanár készítette (1925–26); felszentelte a kv.-i Ioan Stroie püspök (1930). Később a buk.-i Dumitru Bănică, freskókat [&hellip;]</p>
