{"id":5823,"date":"2025-06-28T17:30:53","date_gmt":"2025-06-28T15:30:53","guid":{"rendered":"https:\/\/uj.adatbank.ro\/lexikon\/termek\/covrig-filip\/"},"modified":"2025-06-28T17:30:53","modified_gmt":"2025-06-28T15:30:53","slug":"covrig-filip","status":"publish","type":"product","link":"https:\/\/uj.adatbank.ro\/lexikon\/termek\/covrig-filip\/","title":{"rendered":"COVRIG Filip"},"content":{"rendered":"<p>\u2020\u00a0? : g\u00f6r. kat. pap. \u2013 Als\u00f3r\u00e9p\u00e1ban szolg\u00e1lt (1893\u20131900). <br \/><strong>Irod.:<\/strong> Reghin, Protopopiat<\/br><\/p>\n","protected":false},"excerpt":{"rendered":"<p>\u2020\u00a0? : g\u00f6r. kat. pap. \u2013 Als\u00f3r\u00e9p\u00e1ban szolg\u00e1lt (1893\u20131900). Irod.: Reghin, Protopopiat<\/p>\n","protected":false},"featured_media":0,"comment_status":"open","ping_status":"closed","template":"","meta":[],"product_brand":[],"product_cat":[137],"product_tag":[],"class_list":{"0":"post-5823","1":"product","2":"type-product","3":"status-publish","5":"product_cat-maros-megyei-eletrajzi-lexikon","7":"first","8":"instock","9":"shipping-taxable","10":"product-type-simple"},"_links":{"self":[{"href":"https:\/\/uj.adatbank.ro\/lexikon\/wp-json\/wp\/v2\/product\/5823","targetHints":{"allow":["GET"]}}],"collection":[{"href":"https:\/\/uj.adatbank.ro\/lexikon\/wp-json\/wp\/v2\/product"}],"about":[{"href":"https:\/\/uj.adatbank.ro\/lexikon\/wp-json\/wp\/v2\/types\/product"}],"replies":[{"embeddable":true,"href":"https:\/\/uj.adatbank.ro\/lexikon\/wp-json\/wp\/v2\/comments?post=5823"}],"wp:attachment":[{"href":"https:\/\/uj.adatbank.ro\/lexikon\/wp-json\/wp\/v2\/media?parent=5823"}],"wp:term":[{"taxonomy":"product_brand","embeddable":true,"href":"https:\/\/uj.adatbank.ro\/lexikon\/wp-json\/wp\/v2\/product_brand?post=5823"},{"taxonomy":"product_cat","embeddable":true,"href":"https:\/\/uj.adatbank.ro\/lexikon\/wp-json\/wp\/v2\/product_cat?post=5823"},{"taxonomy":"product_tag","embeddable":true,"href":"https:\/\/uj.adatbank.ro\/lexikon\/wp-json\/wp\/v2\/product_tag?post=5823"}],"curies":[{"name":"wp","href":"https:\/\/api.w.org\/{rel}","templated":true}]}}