{"id":5828,"date":"2025-06-28T17:31:04","date_gmt":"2025-06-28T15:31:04","guid":{"rendered":"https:\/\/uj.adatbank.ro\/lexikon\/termek\/covrig-nonea-ion\/"},"modified":"2025-06-28T17:31:04","modified_gmt":"2025-06-28T15:31:04","slug":"covrig-nonea-ion","status":"publish","type":"product","link":"https:\/\/uj.adatbank.ro\/lexikon\/termek\/covrig-nonea-ion\/","title":{"rendered":"COVRIG-NONEA Ion"},"content":{"rendered":"<p>Ny\u00e1r\u00e1dt\u0151, 1909. okt. 26., \u2020 Segesv\u00e1r, 1972. jan. 20.: tan\u00e1r, filoz\u00f3fus, k\u00f6z\u00edr\u00f3. \u2013 Sz\u00fcl\u0151faluj\u00e1ban v\u00e9gezte az elemi iskol\u00e1t, Mv.-en az \u201eAl. Papiu Ilarian\u201d L\u00edc., \u00e9retts\u00e9gizett (1928). A kv.-i egyetem filoz\u00f3fia, pszichol\u00f3gia, szociol\u00f3gia szak\u00e1n \u201emagna cum laude\u201d \u2013val v\u00e9gzett (1931), valamint a pedag\u00f3giai szakot is elv\u00e9gezte (1935). Bal\u00e1zsfalv\u00e1n tan\u00edtott a Sf. Vasile L\u00edc.-ban (1931\u201336), majd Segesv\u00e1ron a \u201ePrincipele Nicolae\u201d L\u00edc.-ban (1936\u201352), amig fel nem f\u00fcggesztett\u00e9k \u00e1ll\u00e1s\u00e1b\u00f3l vall\u00e1soss\u00e1ga miatt. Ezut\u00e1n k\u00fcl\u00f6nb\u00f6z\u0151 helyeken dolgozott. Visszavett\u00e9k a tan\u00fcgybe (1956) \u00e9s tan\u00edtott H\u00e9jjasfalv\u00e1n; Segesv\u00e1ron rakt\u00e1ros, k\u00f6nyvel\u0151 volt a T\u00e2rnava k\u00e9szruhagy\u00e1rban betegnyugd\u00edjaz\u00e1s\u00e1ig (1970). Kisk\u00fck\u00fcll\u0151v\u00e1rmegye prefektusa is volt (1940). A legion\u00e1rius mozgalom h\u00edve, emiatt h\u00e1zi\u0151r\u00edzetben volt Cs\u00edkszered\u00e1n \u00e9s Vaslui-ban (1938\u201346). Harcolt a 2. vh.-ban a keleti fronton (1941). Szakcikkeket k\u00f6z\u00f6lt a bal\u00e1zsfalvi Unirea, Blajul c. lapokban. T\u00f6bb k\u00e9ziratban l\u00e9v\u0151 filoz\u00f3fiai \u00e9s pszichol\u00f3giai t\u00e1rgy\u00fa munk\u00e1j\u00e1t \u0151rzi a csal\u00e1dja. \u2013 <strong>F. m.:<\/strong> No\u0163iuni de compozi\u0163ie \u015fi stil (Buc., 1970); <strong>szerk.:<\/strong> Contribu\u0163ie la monografia jude\u0163ului T\u00e2rnava Mare (Buc., 1943). <br \/><strong>Irod.:<\/strong> Com\u015fa-Seiceanu; \u015eerban 2006; Todea 2013<\/br><\/p>\n","protected":false},"excerpt":{"rendered":"<p>Ny\u00e1r\u00e1dt\u0151, 1909. okt. 26., \u2020 Segesv\u00e1r, 1972. jan. 20.: tan\u00e1r, filoz\u00f3fus, k\u00f6z\u00edr\u00f3. \u2013 Sz\u00fcl\u0151faluj\u00e1ban v\u00e9gezte az elemi iskol\u00e1t, Mv.-en az \u201eAl. Papiu Ilarian\u201d L\u00edc., \u00e9retts\u00e9gizett (1928). A kv.-i egyetem filoz\u00f3fia, pszichol\u00f3gia, szociol\u00f3gia szak\u00e1n \u201emagna cum laude\u201d \u2013val v\u00e9gzett (1931), valamint a pedag\u00f3giai szakot is elv\u00e9gezte (1935). Bal\u00e1zsfalv\u00e1n tan\u00edtott a Sf. Vasile L\u00edc.-ban (1931\u201336), majd Segesv\u00e1ron [&hellip;]<\/p>\n","protected":false},"featured_media":0,"comment_status":"open","ping_status":"closed","template":"","meta":[],"product_brand":[],"product_cat":[137],"product_tag":[],"class_list":{"0":"post-5828","1":"product","2":"type-product","3":"status-publish","5":"product_cat-maros-megyei-eletrajzi-lexikon","7":"first","8":"instock","9":"shipping-taxable","10":"product-type-simple"},"_links":{"self":[{"href":"https:\/\/uj.adatbank.ro\/lexikon\/wp-json\/wp\/v2\/product\/5828","targetHints":{"allow":["GET"]}}],"collection":[{"href":"https:\/\/uj.adatbank.ro\/lexikon\/wp-json\/wp\/v2\/product"}],"about":[{"href":"https:\/\/uj.adatbank.ro\/lexikon\/wp-json\/wp\/v2\/types\/product"}],"replies":[{"embeddable":true,"href":"https:\/\/uj.adatbank.ro\/lexikon\/wp-json\/wp\/v2\/comments?post=5828"}],"wp:attachment":[{"href":"https:\/\/uj.adatbank.ro\/lexikon\/wp-json\/wp\/v2\/media?parent=5828"}],"wp:term":[{"taxonomy":"product_brand","embeddable":true,"href":"https:\/\/uj.adatbank.ro\/lexikon\/wp-json\/wp\/v2\/product_brand?post=5828"},{"taxonomy":"product_cat","embeddable":true,"href":"https:\/\/uj.adatbank.ro\/lexikon\/wp-json\/wp\/v2\/product_cat?post=5828"},{"taxonomy":"product_tag","embeddable":true,"href":"https:\/\/uj.adatbank.ro\/lexikon\/wp-json\/wp\/v2\/product_tag?post=5828"}],"curies":[{"name":"wp","href":"https:\/\/api.w.org\/{rel}","templated":true}]}}

<p>Nyárádtő, 1909. okt. 26., † Segesvár, 1972. jan. 20.: tanár, filozófus, közíró. – Szülőfalujában végezte az elemi iskolát, Mv.-en az „Al. Papiu Ilarian” Líc., érettségizett (1928). A kv.-i egyetem filozófia, pszichológia, szociológia szakán „magna cum laude” –val végzett (1931), valamint a pedagógiai szakot is elvégezte (1935). Balázsfalván tanított a Sf. Vasile Líc.-ban (1931–36), majd Segesváron a „Principele Nicolae” Líc.-ban (1936–52), amig fel nem függesztették állásából vallásossága miatt. Ezután különböző helyeken dolgozott. Visszavették a tanügybe (1956) és tanított Héjjasfalván; Segesváron raktáros, könyvelő volt a Târnava készruhagyárban betegnyugdíjazásáig (1970). Kisküküllővármegye prefektusa is volt (1940). A legionárius mozgalom híve, emiatt háziőrízetben volt Csíkszeredán és Vaslui-ban (1938–46). Harcolt a 2. vh.-ban a keleti fronton (1941). Szakcikkeket közölt a balázsfalvi Unirea, Blajul c. lapokban. Több kéziratban lévő filozófiai és pszichológiai tárgyú munkáját őrzi a családja. – <strong>F. m.:</strong> Noţiuni de compoziţie şi stil (Buc., 1970); <strong>szerk.:</strong> Contribuţie la monografia judeţului Târnava Mare (Buc., 1943). <br /><strong>Irod.:</strong> Comşa-Seiceanu; Şerban 2006; Todea 2013</br></p>

<p>Nyárádtő, 1909. okt. 26., † Segesvár, 1972. jan. 20.: tanár, filozófus, közíró. – Szülőfalujában végezte az elemi iskolát, Mv.-en az „Al. Papiu Ilarian” Líc., érettségizett (1928). A kv.-i egyetem filozófia, pszichológia, szociológia szakán „magna cum laude” –val végzett (1931), valamint a pedagógiai szakot is elvégezte (1935). Balázsfalván tanított a Sf. Vasile Líc.-ban (1931–36), majd Segesváron [&hellip;]</p>
