{"id":5829,"date":"2025-06-28T17:31:05","date_gmt":"2025-06-28T15:31:05","guid":{"rendered":"https:\/\/uj.adatbank.ro\/lexikon\/termek\/cozma-aurel\/"},"modified":"2025-06-28T17:31:05","modified_gmt":"2025-06-28T15:31:05","slug":"cozma-aurel","status":"publish","type":"product","link":"https:\/\/uj.adatbank.ro\/lexikon\/termek\/cozma-aurel\/","title":{"rendered":"COZMA Aurel"},"content":{"rendered":"<p>? \u2020 ?: ort. pap. \u2013 Vidr\u00e1tszegen szolg\u00e1lt (1936- ), B\u00faz\u00e1sbeseny\u0151t is ell\u00e1tta. Szolg\u00e1lata idej\u00e9ben a Szenth\u00e1roms\u00e1g templomot \u00e9p\u00edtett\u00e9k (1936\u2013). A templom terveit Szab\u00f3 Istv\u00e1n, radn\u00f3ti \u00e9p\u00edt\u00e9sz k\u00e9sz\u00edtette \u00e9s kivitelezte. Onnan \u00e1thelyezt\u00e9k Kerel\u0151be, ahol N. Roman lelk\u00e9szt\u0151l vette \u00e1t a par\u00f3chi\u00e1t (1948. okt. 23. \u2013 1951. m\u00e1j. 20.). Szolg\u00e1lata idej\u00e9ben \u00fajj\u00e1\u00e9p\u00edtett\u00e9k a h\u00e1bor\u00faban megrong\u00e1l\u00f3dott templomtornyot \u00e9s lebontatta a r\u00e9gi fatemplomot. Kerel\u0151b\u0151l \u00e1thelyezt\u00e9k Mez\u0151cs\u00e1v\u00e1sra \u00e9s Mez\u0151m\u00e9nesre (1952\u201354). <br \/><strong>Irod.:<\/strong> \u015eincan 2006<\/br><\/p>\n","protected":false},"excerpt":{"rendered":"<p>? \u2020 ?: ort. pap. \u2013 Vidr\u00e1tszegen szolg\u00e1lt (1936- ), B\u00faz\u00e1sbeseny\u0151t is ell\u00e1tta. Szolg\u00e1lata idej\u00e9ben a Szenth\u00e1roms\u00e1g templomot \u00e9p\u00edtett\u00e9k (1936\u2013). A templom terveit Szab\u00f3 Istv\u00e1n, radn\u00f3ti \u00e9p\u00edt\u00e9sz k\u00e9sz\u00edtette \u00e9s kivitelezte. Onnan \u00e1thelyezt\u00e9k Kerel\u0151be, ahol N. Roman lelk\u00e9szt\u0151l vette \u00e1t a par\u00f3chi\u00e1t (1948. okt. 23. \u2013 1951. m\u00e1j. 20.). Szolg\u00e1lata idej\u00e9ben \u00fajj\u00e1\u00e9p\u00edtett\u00e9k a h\u00e1bor\u00faban megrong\u00e1l\u00f3dott templomtornyot [&hellip;]<\/p>\n","protected":false},"featured_media":0,"comment_status":"open","ping_status":"closed","template":"","meta":[],"product_brand":[],"product_cat":[137],"product_tag":[],"class_list":{"0":"post-5829","1":"product","2":"type-product","3":"status-publish","5":"product_cat-maros-megyei-eletrajzi-lexikon","7":"first","8":"instock","9":"shipping-taxable","10":"product-type-simple"},"_links":{"self":[{"href":"https:\/\/uj.adatbank.ro\/lexikon\/wp-json\/wp\/v2\/product\/5829","targetHints":{"allow":["GET"]}}],"collection":[{"href":"https:\/\/uj.adatbank.ro\/lexikon\/wp-json\/wp\/v2\/product"}],"about":[{"href":"https:\/\/uj.adatbank.ro\/lexikon\/wp-json\/wp\/v2\/types\/product"}],"replies":[{"embeddable":true,"href":"https:\/\/uj.adatbank.ro\/lexikon\/wp-json\/wp\/v2\/comments?post=5829"}],"wp:attachment":[{"href":"https:\/\/uj.adatbank.ro\/lexikon\/wp-json\/wp\/v2\/media?parent=5829"}],"wp:term":[{"taxonomy":"product_brand","embeddable":true,"href":"https:\/\/uj.adatbank.ro\/lexikon\/wp-json\/wp\/v2\/product_brand?post=5829"},{"taxonomy":"product_cat","embeddable":true,"href":"https:\/\/uj.adatbank.ro\/lexikon\/wp-json\/wp\/v2\/product_cat?post=5829"},{"taxonomy":"product_tag","embeddable":true,"href":"https:\/\/uj.adatbank.ro\/lexikon\/wp-json\/wp\/v2\/product_tag?post=5829"}],"curies":[{"name":"wp","href":"https:\/\/api.w.org\/{rel}","templated":true}]}}

<p>? † ?: ort. pap. – Vidrátszegen szolgált (1936- ), Búzásbesenyőt is ellátta. Szolgálata idejében a Szentháromság templomot építették (1936–). A templom terveit Szabó István, radnóti építész készítette és kivitelezte. Onnan áthelyezték Kerelőbe, ahol N. Roman lelkésztől vette át a paróchiát (1948. okt. 23. – 1951. máj. 20.). Szolgálata idejében újjáépítették a háborúban megrongálódott templomtornyot és lebontatta a régi fatemplomot. Kerelőből áthelyezték Mezőcsávásra és Mezőménesre (1952–54). <br /><strong>Irod.:</strong> Şincan 2006</br></p>

<p>? † ?: ort. pap. – Vidrátszegen szolgált (1936- ), Búzásbesenyőt is ellátta. Szolgálata idejében a Szentháromság templomot építették (1936–). A templom terveit Szabó István, radnóti építész készítette és kivitelezte. Onnan áthelyezték Kerelőbe, ahol N. Roman lelkésztől vette át a paróchiát (1948. okt. 23. – 1951. máj. 20.). Szolgálata idejében újjáépítették a háborúban megrongálódott templomtornyot [&hellip;]</p>
