{"id":5836,"date":"2025-06-28T17:31:16","date_gmt":"2025-06-28T15:31:16","guid":{"rendered":"https:\/\/uj.adatbank.ro\/lexikon\/termek\/craciun-ioan\/"},"modified":"2025-06-28T17:31:16","modified_gmt":"2025-06-28T15:31:16","slug":"craciun-ioan","status":"publish","type":"product","link":"https:\/\/uj.adatbank.ro\/lexikon\/termek\/craciun-ioan\/","title":{"rendered":"CR\u0102CIUN Ioan"},"content":{"rendered":"<p>Marosszentjakab, 1883. szept. 3., \u2020 ? : g\u00f6r. kat. pap. \u2013 N\u00e9gy polg\u00e1rit v\u00e9gzett Mv.-en, Bal\u00e1zsfalv\u00e1n teol\u00f3gi\u00e1t (1903 \u20135), papp\u00e1 szentelt\u00e9k (1906. szept. 11.). Sz\u00fcl\u0151faluj\u00e1ba helyezt\u00e9k szolg\u00e1lni. <br \/><strong>Irod.:<\/strong> A\u0163inti\u015f<\/br><\/p>\n","protected":false},"excerpt":{"rendered":"<p>Marosszentjakab, 1883. szept. 3., \u2020 ? : g\u00f6r. kat. pap. \u2013 N\u00e9gy polg\u00e1rit v\u00e9gzett Mv.-en, Bal\u00e1zsfalv\u00e1n teol\u00f3gi\u00e1t (1903 \u20135), papp\u00e1 szentelt\u00e9k (1906. szept. 11.). Sz\u00fcl\u0151faluj\u00e1ba helyezt\u00e9k szolg\u00e1lni. Irod.: A\u0163inti\u015f<\/p>\n","protected":false},"featured_media":0,"comment_status":"open","ping_status":"closed","template":"","meta":[],"product_brand":[],"product_cat":[137],"product_tag":[],"class_list":{"0":"post-5836","1":"product","2":"type-product","3":"status-publish","5":"product_cat-maros-megyei-eletrajzi-lexikon","7":"first","8":"instock","9":"shipping-taxable","10":"product-type-simple"},"_links":{"self":[{"href":"https:\/\/uj.adatbank.ro\/lexikon\/wp-json\/wp\/v2\/product\/5836","targetHints":{"allow":["GET"]}}],"collection":[{"href":"https:\/\/uj.adatbank.ro\/lexikon\/wp-json\/wp\/v2\/product"}],"about":[{"href":"https:\/\/uj.adatbank.ro\/lexikon\/wp-json\/wp\/v2\/types\/product"}],"replies":[{"embeddable":true,"href":"https:\/\/uj.adatbank.ro\/lexikon\/wp-json\/wp\/v2\/comments?post=5836"}],"wp:attachment":[{"href":"https:\/\/uj.adatbank.ro\/lexikon\/wp-json\/wp\/v2\/media?parent=5836"}],"wp:term":[{"taxonomy":"product_brand","embeddable":true,"href":"https:\/\/uj.adatbank.ro\/lexikon\/wp-json\/wp\/v2\/product_brand?post=5836"},{"taxonomy":"product_cat","embeddable":true,"href":"https:\/\/uj.adatbank.ro\/lexikon\/wp-json\/wp\/v2\/product_cat?post=5836"},{"taxonomy":"product_tag","embeddable":true,"href":"https:\/\/uj.adatbank.ro\/lexikon\/wp-json\/wp\/v2\/product_tag?post=5836"}],"curies":[{"name":"wp","href":"https:\/\/api.w.org\/{rel}","templated":true}]}}