{"id":5837,"date":"2025-06-28T17:31:18","date_gmt":"2025-06-28T15:31:18","guid":{"rendered":"https:\/\/uj.adatbank.ro\/lexikon\/termek\/craciun-ioan-%c2%a7-craciun-joan\/"},"modified":"2025-06-28T17:31:18","modified_gmt":"2025-06-28T15:31:18","slug":"craciun-ioan-%c2%a7-craciun-joan","status":"publish","type":"product","link":"https:\/\/uj.adatbank.ro\/lexikon\/termek\/craciun-ioan-%c2%a7-craciun-joan\/","title":{"rendered":"CR\u0102CIUN Ioan, \u00a7 Cr\u0103ciun Joan"},"content":{"rendered":"<p>Laczk\u00f3d, 1905. okt. 25. \u2020 Mv., 1985. m\u00e1j. 16.: g\u00f6r. kat. pap. \u2013 Elemi iskol\u00e1t a sz\u00fcl\u0151hely\u00e9n, tan\u00edt\u00f3 k\u00e9pz\u0151t Mv.-en v\u00e9gzett. Bal\u00e1zsfalv\u00e1n v\u00e9gezte a g\u00f6r. Kat. teol\u00f3gi\u00e1t (1925\u201327). Vasile Suciu szentelte papp\u00e1 (1928). Tordaszelest\u00e9re helyezt\u00e9k, azut\u00e1n Marosszentjakabra ker\u00fclt (1932\u2013). V\u00e1rhegyre helyezt\u00e9k, azut\u00e1n Harangl\u00e1bon, Marosugr\u00e1n, v\u00e9g\u00fcl Marosszentgy\u00f6rgy\u00f6n volt pap, ahol vall\u00e1st is tan\u00edtott a helyi iskol\u00e1ban (1940. szept. &#8211; 1948.). P\u00e9b\u00e1nos D\u00e9dabisztratelepen (1961\u201375). Bek\u00f6lt\u00f6z\u00f6tt Mv.-re, ahol hal\u00e1l\u00e1ig szolg\u00e1lt, ott is hantolt\u00e1k el. <br \/><strong>Irod.:<\/strong> A\u0163inti\u015f; S\u00e2ngeorgiu de Mure\u015f: 1940\u20131944; S\u00e2ngeorgiu de Mure\u015f \u2013 \u015ecoala<\/br><\/p>\n","protected":false},"excerpt":{"rendered":"<p>Laczk\u00f3d, 1905. okt. 25. \u2020 Mv., 1985. m\u00e1j. 16.: g\u00f6r. kat. pap. \u2013 Elemi iskol\u00e1t a sz\u00fcl\u0151hely\u00e9n, tan\u00edt\u00f3 k\u00e9pz\u0151t Mv.-en v\u00e9gzett. Bal\u00e1zsfalv\u00e1n v\u00e9gezte a g\u00f6r. Kat. teol\u00f3gi\u00e1t (1925\u201327). Vasile Suciu szentelte papp\u00e1 (1928). Tordaszelest\u00e9re helyezt\u00e9k, azut\u00e1n Marosszentjakabra ker\u00fclt (1932\u2013). V\u00e1rhegyre helyezt\u00e9k, azut\u00e1n Harangl\u00e1bon, Marosugr\u00e1n, v\u00e9g\u00fcl Marosszentgy\u00f6rgy\u00f6n volt pap, ahol vall\u00e1st is tan\u00edtott a helyi iskol\u00e1ban [&hellip;]<\/p>\n","protected":false},"featured_media":0,"comment_status":"open","ping_status":"closed","template":"","meta":[],"product_brand":[],"product_cat":[137],"product_tag":[],"class_list":{"0":"post-5837","1":"product","2":"type-product","3":"status-publish","5":"product_cat-maros-megyei-eletrajzi-lexikon","7":"first","8":"instock","9":"shipping-taxable","10":"product-type-simple"},"_links":{"self":[{"href":"https:\/\/uj.adatbank.ro\/lexikon\/wp-json\/wp\/v2\/product\/5837","targetHints":{"allow":["GET"]}}],"collection":[{"href":"https:\/\/uj.adatbank.ro\/lexikon\/wp-json\/wp\/v2\/product"}],"about":[{"href":"https:\/\/uj.adatbank.ro\/lexikon\/wp-json\/wp\/v2\/types\/product"}],"replies":[{"embeddable":true,"href":"https:\/\/uj.adatbank.ro\/lexikon\/wp-json\/wp\/v2\/comments?post=5837"}],"wp:attachment":[{"href":"https:\/\/uj.adatbank.ro\/lexikon\/wp-json\/wp\/v2\/media?parent=5837"}],"wp:term":[{"taxonomy":"product_brand","embeddable":true,"href":"https:\/\/uj.adatbank.ro\/lexikon\/wp-json\/wp\/v2\/product_brand?post=5837"},{"taxonomy":"product_cat","embeddable":true,"href":"https:\/\/uj.adatbank.ro\/lexikon\/wp-json\/wp\/v2\/product_cat?post=5837"},{"taxonomy":"product_tag","embeddable":true,"href":"https:\/\/uj.adatbank.ro\/lexikon\/wp-json\/wp\/v2\/product_tag?post=5837"}],"curies":[{"name":"wp","href":"https:\/\/api.w.org\/{rel}","templated":true}]}}

CRĂCIUN Ioan, § Crăciun Joan

<p>Laczkód, 1905. okt. 25. † Mv., 1985. máj. 16.: gör. kat. pap. – Elemi iskolát a szülőhelyén, tanító képzőt Mv.-en végzett. Balázsfalván végezte a gör. Kat. teológiát (1925–27). Vasile Suciu szentelte pappá (1928). Tordaszelestére helyezték, azután Marosszentjakabra került (1932–). Várhegyre helyezték, azután Haranglábon, Marosugrán, végül Marosszentgyörgyön volt pap, ahol vallást is tanított a helyi iskolában (1940. szept. &#8211; 1948.). Pébános Dédabisztratelepen (1961–75). Beköltözött Mv.-re, ahol haláláig szolgált, ott is hantolták el. <br /><strong>Irod.:</strong> Aţintiş; Sângeorgiu de Mureş: 1940–1944; Sângeorgiu de Mureş – Şcoala</br></p>

<p>Laczkód, 1905. okt. 25. † Mv., 1985. máj. 16.: gör. kat. pap. – Elemi iskolát a szülőhelyén, tanító képzőt Mv.-en végzett. Balázsfalván végezte a gör. Kat. teológiát (1925–27). Vasile Suciu szentelte pappá (1928). Tordaszelestére helyezték, azután Marosszentjakabra került (1932–). Várhegyre helyezték, azután Haranglábon, Marosugrán, végül Marosszentgyörgyön volt pap, ahol vallást is tanított a helyi iskolában [&hellip;]</p>
