{"id":5841,"date":"2025-06-28T17:31:26","date_gmt":"2025-06-28T15:31:26","guid":{"rendered":"https:\/\/uj.adatbank.ro\/lexikon\/termek\/crainic-nichifor-dobre-ion\/"},"modified":"2025-06-28T17:31:26","modified_gmt":"2025-06-28T15:31:26","slug":"crainic-nichifor-dobre-ion","status":"publish","type":"product","link":"https:\/\/uj.adatbank.ro\/lexikon\/termek\/crainic-nichifor-dobre-ion\/","title":{"rendered":"CRAINIC Nichifor, Dobre Ion"},"content":{"rendered":"<p>Bulbucata (Vlasca), 1889, dec. 22., \u2020 Mogo\u015foaia, 1972. aug. 20\u201321.: teol\u00f3giai tan\u00e1r, k\u00f6lt\u0151, filoz\u00f3fus, politikus. \u2013 B\u00fajk\u00e1lt a fels\u0151szombatfalvi kolostorban (1944\u201347), a Nyugati Szigethegys\u00e9gben, \u00e9s a K\u00fck\u00fcll\u0151k vid\u00e9k\u00e9n: Leppenden, Iklandon, Nagycsergeden volt tan\u00edtv\u00e1ny\u00e1n\u00e1l, Ion S\u0103m\u0103rghi\u0163an ort. papn\u00e1l, ahol megadta mag\u00e1t, letart\u00f3ztatt\u00e1k (1947. m\u00e1j.). <br \/><strong>Irod.:<\/strong> Crainic, Nicifor: Zile albe \u2013 zile negre: memorii 1. &#8211; (Buc., 1991); Helikon 1924\u20131944; P\u0103curariu; Predescu<\/br><\/p>\n","protected":false},"excerpt":{"rendered":"<p>Bulbucata (Vlasca), 1889, dec. 22., \u2020 Mogo\u015foaia, 1972. aug. 20\u201321.: teol\u00f3giai tan\u00e1r, k\u00f6lt\u0151, filoz\u00f3fus, politikus. \u2013 B\u00fajk\u00e1lt a fels\u0151szombatfalvi kolostorban (1944\u201347), a Nyugati Szigethegys\u00e9gben, \u00e9s a K\u00fck\u00fcll\u0151k vid\u00e9k\u00e9n: Leppenden, Iklandon, Nagycsergeden volt tan\u00edtv\u00e1ny\u00e1n\u00e1l, Ion S\u0103m\u0103rghi\u0163an ort. papn\u00e1l, ahol megadta mag\u00e1t, letart\u00f3ztatt\u00e1k (1947. m\u00e1j.). Irod.: Crainic, Nicifor: Zile albe \u2013 zile negre: memorii 1. &#8211; (Buc., [&hellip;]<\/p>\n","protected":false},"featured_media":0,"comment_status":"open","ping_status":"closed","template":"","meta":[],"product_brand":[],"product_cat":[137],"product_tag":[],"class_list":{"0":"post-5841","1":"product","2":"type-product","3":"status-publish","5":"product_cat-maros-megyei-eletrajzi-lexikon","7":"first","8":"instock","9":"shipping-taxable","10":"product-type-simple"},"_links":{"self":[{"href":"https:\/\/uj.adatbank.ro\/lexikon\/wp-json\/wp\/v2\/product\/5841","targetHints":{"allow":["GET"]}}],"collection":[{"href":"https:\/\/uj.adatbank.ro\/lexikon\/wp-json\/wp\/v2\/product"}],"about":[{"href":"https:\/\/uj.adatbank.ro\/lexikon\/wp-json\/wp\/v2\/types\/product"}],"replies":[{"embeddable":true,"href":"https:\/\/uj.adatbank.ro\/lexikon\/wp-json\/wp\/v2\/comments?post=5841"}],"wp:attachment":[{"href":"https:\/\/uj.adatbank.ro\/lexikon\/wp-json\/wp\/v2\/media?parent=5841"}],"wp:term":[{"taxonomy":"product_brand","embeddable":true,"href":"https:\/\/uj.adatbank.ro\/lexikon\/wp-json\/wp\/v2\/product_brand?post=5841"},{"taxonomy":"product_cat","embeddable":true,"href":"https:\/\/uj.adatbank.ro\/lexikon\/wp-json\/wp\/v2\/product_cat?post=5841"},{"taxonomy":"product_tag","embeddable":true,"href":"https:\/\/uj.adatbank.ro\/lexikon\/wp-json\/wp\/v2\/product_tag?post=5841"}],"curies":[{"name":"wp","href":"https:\/\/api.w.org\/{rel}","templated":true}]}}

<p>Bulbucata (Vlasca), 1889, dec. 22., † Mogoşoaia, 1972. aug. 20–21.: teológiai tanár, költő, filozófus, politikus. – Bújkált a felsőszombatfalvi kolostorban (1944–47), a Nyugati Szigethegységben, és a Küküllők vidékén: Leppenden, Iklandon, Nagycsergeden volt tanítványánál, Ion Sămărghiţan ort. papnál, ahol megadta magát, letartóztatták (1947. máj.). <br /><strong>Irod.:</strong> Crainic, Nicifor: Zile albe – zile negre: memorii 1. &#8211; (Buc., 1991); Helikon 1924–1944; Păcurariu; Predescu</br></p>

<p>Bulbucata (Vlasca), 1889, dec. 22., † Mogoşoaia, 1972. aug. 20–21.: teológiai tanár, költő, filozófus, politikus. – Bújkált a felsőszombatfalvi kolostorban (1944–47), a Nyugati Szigethegységben, és a Küküllők vidékén: Leppenden, Iklandon, Nagycsergeden volt tanítványánál, Ion Sămărghiţan ort. papnál, ahol megadta magát, letartóztatták (1947. máj.). Irod.: Crainic, Nicifor: Zile albe – zile negre: memorii 1. &#8211; (Buc., [&hellip;]</p>
