{"id":5843,"date":"2025-06-28T17:31:29","date_gmt":"2025-06-28T15:31:29","guid":{"rendered":"https:\/\/uj.adatbank.ro\/lexikon\/termek\/crainic-simion-crainic-pop-simion\/"},"modified":"2025-06-28T17:31:29","modified_gmt":"2025-06-28T15:31:29","slug":"crainic-simion-crainic-pop-simion","status":"publish","type":"product","link":"https:\/\/uj.adatbank.ro\/lexikon\/termek\/crainic-simion-crainic-pop-simion\/","title":{"rendered":"CRAINIC Simion, Crainic Pop Simion"},"content":{"rendered":"<p>1822., \u2020 1895.: g\u00f6r. kat. pap. \u2013 Papp\u00e1 szentelt\u00e9k (1869). H\u00e9tb\u00fckkben szolg\u00e1lt (1869\u201377). Torzsalkod\u00e1s volt k\u00f6zte \u00e9s a h\u00edvei k\u00f6z\u00f6tt (1877\u201385). Tov\u00e1bb Als\u00f3b\u00f6lk\u00e9nyben (\u20131889) \u00e9s Als\u00f3orosziben szolg\u00e1lt (\u20131895). <br \/><strong>Irod.:<\/strong> Dobozi; Reghin, Protopopiat<\/br><\/p>\n","protected":false},"excerpt":{"rendered":"<p>1822., \u2020 1895.: g\u00f6r. kat. pap. \u2013 Papp\u00e1 szentelt\u00e9k (1869). H\u00e9tb\u00fckkben szolg\u00e1lt (1869\u201377). Torzsalkod\u00e1s volt k\u00f6zte \u00e9s a h\u00edvei k\u00f6z\u00f6tt (1877\u201385). Tov\u00e1bb Als\u00f3b\u00f6lk\u00e9nyben (\u20131889) \u00e9s Als\u00f3orosziben szolg\u00e1lt (\u20131895). Irod.: Dobozi; Reghin, Protopopiat<\/p>\n","protected":false},"featured_media":0,"comment_status":"open","ping_status":"closed","template":"","meta":[],"product_brand":[],"product_cat":[137],"product_tag":[],"class_list":{"0":"post-5843","1":"product","2":"type-product","3":"status-publish","5":"product_cat-maros-megyei-eletrajzi-lexikon","7":"first","8":"instock","9":"shipping-taxable","10":"product-type-simple"},"_links":{"self":[{"href":"https:\/\/uj.adatbank.ro\/lexikon\/wp-json\/wp\/v2\/product\/5843","targetHints":{"allow":["GET"]}}],"collection":[{"href":"https:\/\/uj.adatbank.ro\/lexikon\/wp-json\/wp\/v2\/product"}],"about":[{"href":"https:\/\/uj.adatbank.ro\/lexikon\/wp-json\/wp\/v2\/types\/product"}],"replies":[{"embeddable":true,"href":"https:\/\/uj.adatbank.ro\/lexikon\/wp-json\/wp\/v2\/comments?post=5843"}],"wp:attachment":[{"href":"https:\/\/uj.adatbank.ro\/lexikon\/wp-json\/wp\/v2\/media?parent=5843"}],"wp:term":[{"taxonomy":"product_brand","embeddable":true,"href":"https:\/\/uj.adatbank.ro\/lexikon\/wp-json\/wp\/v2\/product_brand?post=5843"},{"taxonomy":"product_cat","embeddable":true,"href":"https:\/\/uj.adatbank.ro\/lexikon\/wp-json\/wp\/v2\/product_cat?post=5843"},{"taxonomy":"product_tag","embeddable":true,"href":"https:\/\/uj.adatbank.ro\/lexikon\/wp-json\/wp\/v2\/product_tag?post=5843"}],"curies":[{"name":"wp","href":"https:\/\/api.w.org\/{rel}","templated":true}]}}