{"id":5844,"date":"2025-06-28T17:31:30","date_gmt":"2025-06-28T15:31:30","guid":{"rendered":"https:\/\/uj.adatbank.ro\/lexikon\/termek\/crainic-tibor\/"},"modified":"2025-06-28T17:31:30","modified_gmt":"2025-06-28T15:31:30","slug":"crainic-tibor","status":"publish","type":"product","link":"https:\/\/uj.adatbank.ro\/lexikon\/termek\/crainic-tibor\/","title":{"rendered":"CRAINIC Tibor"},"content":{"rendered":"<p>1934., \u2020 Mv., 2008. j\u00fal. 7.: zenetan\u00e1r. \u2013 Mv.-en a Nicolae B\u0103lcescu Gimn. tan\u00e1ra. <br \/><strong>Irod.:<\/strong> [Nekrol\u00f3g] (N\u00fa., 2008. j\u00fal.?.)<\/br><\/p>\n","protected":false},"excerpt":{"rendered":"<p>1934., \u2020 Mv., 2008. j\u00fal. 7.: zenetan\u00e1r. \u2013 Mv.-en a Nicolae B\u0103lcescu Gimn. tan\u00e1ra. Irod.: [Nekrol\u00f3g] (N\u00fa., 2008. j\u00fal.?.)<\/p>\n","protected":false},"featured_media":0,"comment_status":"open","ping_status":"closed","template":"","meta":[],"product_brand":[],"product_cat":[137],"product_tag":[],"class_list":{"0":"post-5844","1":"product","2":"type-product","3":"status-publish","5":"product_cat-maros-megyei-eletrajzi-lexikon","7":"first","8":"instock","9":"shipping-taxable","10":"product-type-simple"},"_links":{"self":[{"href":"https:\/\/uj.adatbank.ro\/lexikon\/wp-json\/wp\/v2\/product\/5844","targetHints":{"allow":["GET"]}}],"collection":[{"href":"https:\/\/uj.adatbank.ro\/lexikon\/wp-json\/wp\/v2\/product"}],"about":[{"href":"https:\/\/uj.adatbank.ro\/lexikon\/wp-json\/wp\/v2\/types\/product"}],"replies":[{"embeddable":true,"href":"https:\/\/uj.adatbank.ro\/lexikon\/wp-json\/wp\/v2\/comments?post=5844"}],"wp:attachment":[{"href":"https:\/\/uj.adatbank.ro\/lexikon\/wp-json\/wp\/v2\/media?parent=5844"}],"wp:term":[{"taxonomy":"product_brand","embeddable":true,"href":"https:\/\/uj.adatbank.ro\/lexikon\/wp-json\/wp\/v2\/product_brand?post=5844"},{"taxonomy":"product_cat","embeddable":true,"href":"https:\/\/uj.adatbank.ro\/lexikon\/wp-json\/wp\/v2\/product_cat?post=5844"},{"taxonomy":"product_tag","embeddable":true,"href":"https:\/\/uj.adatbank.ro\/lexikon\/wp-json\/wp\/v2\/product_tag?post=5844"}],"curies":[{"name":"wp","href":"https:\/\/api.w.org\/{rel}","templated":true}]}}