{"id":5848,"date":"2025-06-28T17:31:39","date_gmt":"2025-06-28T15:31:39","guid":{"rendered":"https:\/\/uj.adatbank.ro\/lexikon\/termek\/cretu-alexandru\/"},"modified":"2025-06-28T17:31:39","modified_gmt":"2025-06-28T15:31:39","slug":"cretu-alexandru","status":"publish","type":"product","link":"https:\/\/uj.adatbank.ro\/lexikon\/termek\/cretu-alexandru\/","title":{"rendered":"CRE\u0162U Alexandru"},"content":{"rendered":"<p>1911., \u2020 ? : \u00e1csmester. \u2013 Az abaf\u00e1jai Niculescu \u00a7 Co. Olaj\u00fct\u0151 \u00e1llamos\u00edt\u00e1sakor kinevezett \u00fcgyvezet\u0151je lett az \u00fczemnek (1948. j\u00fan. 11.). Tagja volt a RMP- \u00e9s az Ek\u00e9s Frontnak. A v\u00e1llalatnak az \u00e1llamos\u00edt\u00e1s el\u0151tt hat t\u00e1rsult tulajdonosa volt: Niculescu Vasile, Cue\u015fdean Niculaie, Kov\u00e1cs J\u00f3zsef, Vasiu Vasile, \u015eara Niculae \u00e9s Butiurc\u0103 Ioan. A MMIB hat\u00e1rozata \u00e9rtelm\u00e9ben a v\u00e1llalatot bevont\u00e1k a mv.-i sz\u00e9khely\u0171 Interna\u0163ionala V\u00e1llalatba (1950. j\u00fal. 1. \u2013). <br \/><strong>Irod.:<\/strong> Bartos Zolt\u00e1n<\/br><\/p>\n","protected":false},"excerpt":{"rendered":"<p>1911., \u2020 ? : \u00e1csmester. \u2013 Az abaf\u00e1jai Niculescu \u00a7 Co. Olaj\u00fct\u0151 \u00e1llamos\u00edt\u00e1sakor kinevezett \u00fcgyvezet\u0151je lett az \u00fczemnek (1948. j\u00fan. 11.). Tagja volt a RMP- \u00e9s az Ek\u00e9s Frontnak. A v\u00e1llalatnak az \u00e1llamos\u00edt\u00e1s el\u0151tt hat t\u00e1rsult tulajdonosa volt: Niculescu Vasile, Cue\u015fdean Niculaie, Kov\u00e1cs J\u00f3zsef, Vasiu Vasile, \u015eara Niculae \u00e9s Butiurc\u0103 Ioan. A MMIB hat\u00e1rozata \u00e9rtelm\u00e9ben [&hellip;]<\/p>\n","protected":false},"featured_media":0,"comment_status":"open","ping_status":"closed","template":"","meta":[],"product_brand":[],"product_cat":[137],"product_tag":[],"class_list":{"0":"post-5848","1":"product","2":"type-product","3":"status-publish","5":"product_cat-maros-megyei-eletrajzi-lexikon","7":"first","8":"instock","9":"shipping-taxable","10":"product-type-simple"},"_links":{"self":[{"href":"https:\/\/uj.adatbank.ro\/lexikon\/wp-json\/wp\/v2\/product\/5848","targetHints":{"allow":["GET"]}}],"collection":[{"href":"https:\/\/uj.adatbank.ro\/lexikon\/wp-json\/wp\/v2\/product"}],"about":[{"href":"https:\/\/uj.adatbank.ro\/lexikon\/wp-json\/wp\/v2\/types\/product"}],"replies":[{"embeddable":true,"href":"https:\/\/uj.adatbank.ro\/lexikon\/wp-json\/wp\/v2\/comments?post=5848"}],"wp:attachment":[{"href":"https:\/\/uj.adatbank.ro\/lexikon\/wp-json\/wp\/v2\/media?parent=5848"}],"wp:term":[{"taxonomy":"product_brand","embeddable":true,"href":"https:\/\/uj.adatbank.ro\/lexikon\/wp-json\/wp\/v2\/product_brand?post=5848"},{"taxonomy":"product_cat","embeddable":true,"href":"https:\/\/uj.adatbank.ro\/lexikon\/wp-json\/wp\/v2\/product_cat?post=5848"},{"taxonomy":"product_tag","embeddable":true,"href":"https:\/\/uj.adatbank.ro\/lexikon\/wp-json\/wp\/v2\/product_tag?post=5848"}],"curies":[{"name":"wp","href":"https:\/\/api.w.org\/{rel}","templated":true}]}}

CREŢU Alexandru

<p>1911., † ? : ácsmester. – Az abafájai Niculescu § Co. Olajütő államosításakor kinevezett ügyvezetője lett az üzemnek (1948. jún. 11.). Tagja volt a RMP- és az Ekés Frontnak. A vállalatnak az államosítás előtt hat társult tulajdonosa volt: Niculescu Vasile, Cueşdean Niculaie, Kovács József, Vasiu Vasile, Şara Niculae és Butiurcă Ioan. A MMIB határozata értelmében a vállalatot bevonták a mv.-i székhelyű Internaţionala Vállalatba (1950. júl. 1. –). <br /><strong>Irod.:</strong> Bartos Zoltán</br></p>

<p>1911., † ? : ácsmester. – Az abafájai Niculescu § Co. Olajütő államosításakor kinevezett ügyvezetője lett az üzemnek (1948. jún. 11.). Tagja volt a RMP- és az Ekés Frontnak. A vállalatnak az államosítás előtt hat társult tulajdonosa volt: Niculescu Vasile, Cueşdean Niculaie, Kovács József, Vasiu Vasile, Şara Niculae és Butiurcă Ioan. A MMIB határozata értelmében [&hellip;]</p>
