{"id":5849,"date":"2025-06-28T17:31:40","date_gmt":"2025-06-28T15:31:40","guid":{"rendered":"https:\/\/uj.adatbank.ro\/lexikon\/termek\/cretu-nicolae\/"},"modified":"2025-06-28T17:31:40","modified_gmt":"2025-06-28T15:31:40","slug":"cretu-nicolae","status":"publish","type":"product","link":"https:\/\/uj.adatbank.ro\/lexikon\/termek\/cretu-nicolae\/","title":{"rendered":"CRE\u0162U Nicolae"},"content":{"rendered":"<p>1885., \u2020\u00a0? : ort. lelk\u00e9sz, tan\u00e1r, polg\u00e1rmester, prefektus. \u2013 Mv.-en a rom\u00e1n tan\u00edt\u00f3k\u00e9pz\u0151ben (1923\u201340), igazgat\u00f3 (1923- 29), pedag\u00f3gia \u00e9s l\u00e9lektan tan\u00e1r. R\u00e2mnicul V\u00e2lcea-n tan\u00edtott (1940\u2013). Igazgat\u00e1sa idej\u00e9n b\u00fatorozt\u00e1k be \u00e9s szerelt\u00e9k fel az iskol\u00e1t \u00e9s a vid\u00e9ki tanul\u00f3k r\u00e9sz\u00e9re intern\u00e1tust rendeztek be. T\u00edzezer lejt adom\u00e1nyozott az ort. nagykaterdr\u00e1lis \u00e9p\u00edt\u00e9s\u00e9re (1925. m\u00e1j. 10). Vez\u00e9rtanfel\u00fcgyel\u0151, Mv. polg\u00e1rmestere (1934\u201335), prefektus (1937). Jelent\u0151s pedag\u00f3giai munk\u00e1k szerz\u0151je, ford\u00edt\u00f3. \u2013 <strong>F. m.:<\/strong> Tolstoi als P\u00e4dagoge (1920); Regulament pentru organizarea \u015fi func\u0163ionarea serviciilor municipiului T\u00e2rgu Mure\u015f (Tg. M., 1934); Problema educa\u0163iei la popoare vechi (1939); John Dewey ca pedagog: Via\u0163a \u015fi opera (1940); <strong>ford.:<\/strong> A. Ferierre: Trei pionieri ai educa\u0163iei celei noi, \u00e9s tanulm\u00e1nyt \u00edrt a szerz\u0151r\u0151l. <br \/><strong>Irod.:<\/strong> Chertes- Cioat\u0103; Fodor\u2013Bal\u00e1s, Id\u0151t\u00e1r 3; Mv. m\u0171v. v\u00e1r.; \u00d6kr\u00f6s; Todea 2013<\/br><\/p>\n","protected":false},"excerpt":{"rendered":"<p>1885., \u2020\u00a0? : ort. lelk\u00e9sz, tan\u00e1r, polg\u00e1rmester, prefektus. \u2013 Mv.-en a rom\u00e1n tan\u00edt\u00f3k\u00e9pz\u0151ben (1923\u201340), igazgat\u00f3 (1923- 29), pedag\u00f3gia \u00e9s l\u00e9lektan tan\u00e1r. R\u00e2mnicul V\u00e2lcea-n tan\u00edtott (1940\u2013). Igazgat\u00e1sa idej\u00e9n b\u00fatorozt\u00e1k be \u00e9s szerelt\u00e9k fel az iskol\u00e1t \u00e9s a vid\u00e9ki tanul\u00f3k r\u00e9sz\u00e9re intern\u00e1tust rendeztek be. T\u00edzezer lejt adom\u00e1nyozott az ort. nagykaterdr\u00e1lis \u00e9p\u00edt\u00e9s\u00e9re (1925. m\u00e1j. 10). Vez\u00e9rtanfel\u00fcgyel\u0151, Mv. polg\u00e1rmestere [&hellip;]<\/p>\n","protected":false},"featured_media":0,"comment_status":"open","ping_status":"closed","template":"","meta":[],"product_brand":[],"product_cat":[137],"product_tag":[],"class_list":{"0":"post-5849","1":"product","2":"type-product","3":"status-publish","5":"product_cat-maros-megyei-eletrajzi-lexikon","7":"first","8":"instock","9":"shipping-taxable","10":"product-type-simple"},"_links":{"self":[{"href":"https:\/\/uj.adatbank.ro\/lexikon\/wp-json\/wp\/v2\/product\/5849","targetHints":{"allow":["GET"]}}],"collection":[{"href":"https:\/\/uj.adatbank.ro\/lexikon\/wp-json\/wp\/v2\/product"}],"about":[{"href":"https:\/\/uj.adatbank.ro\/lexikon\/wp-json\/wp\/v2\/types\/product"}],"replies":[{"embeddable":true,"href":"https:\/\/uj.adatbank.ro\/lexikon\/wp-json\/wp\/v2\/comments?post=5849"}],"wp:attachment":[{"href":"https:\/\/uj.adatbank.ro\/lexikon\/wp-json\/wp\/v2\/media?parent=5849"}],"wp:term":[{"taxonomy":"product_brand","embeddable":true,"href":"https:\/\/uj.adatbank.ro\/lexikon\/wp-json\/wp\/v2\/product_brand?post=5849"},{"taxonomy":"product_cat","embeddable":true,"href":"https:\/\/uj.adatbank.ro\/lexikon\/wp-json\/wp\/v2\/product_cat?post=5849"},{"taxonomy":"product_tag","embeddable":true,"href":"https:\/\/uj.adatbank.ro\/lexikon\/wp-json\/wp\/v2\/product_tag?post=5849"}],"curies":[{"name":"wp","href":"https:\/\/api.w.org\/{rel}","templated":true}]}}

CREŢU Nicolae

<p>1885., † ? : ort. lelkész, tanár, polgármester, prefektus. – Mv.-en a román tanítóképzőben (1923–40), igazgató (1923- 29), pedagógia és lélektan tanár. Râmnicul Vâlcea-n tanított (1940–). Igazgatása idején bútorozták be és szerelték fel az iskolát és a vidéki tanulók részére internátust rendeztek be. Tízezer lejt adományozott az ort. nagykaterdrális építésére (1925. máj. 10). Vezértanfelügyelő, Mv. polgármestere (1934–35), prefektus (1937). Jelentős pedagógiai munkák szerzője, fordító. – <strong>F. m.:</strong> Tolstoi als Pädagoge (1920); Regulament pentru organizarea şi funcţionarea serviciilor municipiului Târgu Mureş (Tg. M., 1934); Problema educaţiei la popoare vechi (1939); John Dewey ca pedagog: Viaţa şi opera (1940); <strong>ford.:</strong> A. Ferierre: Trei pionieri ai educaţiei celei noi, és tanulmányt írt a szerzőről. <br /><strong>Irod.:</strong> Chertes- Cioată; Fodor–Balás, Időtár 3; Mv. műv. vár.; Ökrös; Todea 2013</br></p>

<p>1885., † ? : ort. lelkész, tanár, polgármester, prefektus. – Mv.-en a román tanítóképzőben (1923–40), igazgató (1923- 29), pedagógia és lélektan tanár. Râmnicul Vâlcea-n tanított (1940–). Igazgatása idején bútorozták be és szerelték fel az iskolát és a vidéki tanulók részére internátust rendeztek be. Tízezer lejt adományozott az ort. nagykaterdrális építésére (1925. máj. 10). Vezértanfelügyelő, Mv. polgármestere [&hellip;]</p>
