{"id":5851,"date":"2025-06-28T17:31:43","date_gmt":"2025-06-28T15:31:43","guid":{"rendered":"https:\/\/uj.adatbank.ro\/lexikon\/termek\/crisan-basiliu\/"},"modified":"2025-06-28T17:31:43","modified_gmt":"2025-06-28T15:31:43","slug":"crisan-basiliu","status":"publish","type":"product","link":"https:\/\/uj.adatbank.ro\/lexikon\/termek\/crisan-basiliu\/","title":{"rendered":"CRI\u015eAN Basiliu"},"content":{"rendered":"<p>Mez\u0151szak\u00e1l, 1841., \u2020\u00a01878.: g\u00f6r. kat. pap, tan\u00e1r. \u2013 A k\u00f6z\u00e9piskol\u00e1t Nagyszebenben \u00e9s Bal\u00e1zsfalv\u00e1n, a teol\u00f3gi\u00e1t B\u00e9csben a Szent Barbara Koll.-ban v\u00e9gezte. Tan\u00e1r Bal\u00e1zsfalv\u00e1n az elemi iskol\u00e1ban majd a l\u00edc.-ban (\u20131870). Pl\u00e9b\u00e1nos Mez\u0151s\u00e1lyiban (1870\u201372), Mez\u0151szak\u00e1lon, Mez\u0151pagocs\u00e1n alesperesi c\u00edmet kapott (1878). <br \/><strong>Irod.:<\/strong> Com\u015fa; Todea 2013<\/br><\/p>\n","protected":false},"excerpt":{"rendered":"<p>Mez\u0151szak\u00e1l, 1841., \u2020\u00a01878.: g\u00f6r. kat. pap, tan\u00e1r. \u2013 A k\u00f6z\u00e9piskol\u00e1t Nagyszebenben \u00e9s Bal\u00e1zsfalv\u00e1n, a teol\u00f3gi\u00e1t B\u00e9csben a Szent Barbara Koll.-ban v\u00e9gezte. Tan\u00e1r Bal\u00e1zsfalv\u00e1n az elemi iskol\u00e1ban majd a l\u00edc.-ban (\u20131870). Pl\u00e9b\u00e1nos Mez\u0151s\u00e1lyiban (1870\u201372), Mez\u0151szak\u00e1lon, Mez\u0151pagocs\u00e1n alesperesi c\u00edmet kapott (1878). Irod.: Com\u015fa; Todea 2013<\/p>\n","protected":false},"featured_media":0,"comment_status":"open","ping_status":"closed","template":"","meta":[],"product_brand":[],"product_cat":[137],"product_tag":[],"class_list":{"0":"post-5851","1":"product","2":"type-product","3":"status-publish","5":"product_cat-maros-megyei-eletrajzi-lexikon","7":"first","8":"instock","9":"shipping-taxable","10":"product-type-simple"},"_links":{"self":[{"href":"https:\/\/uj.adatbank.ro\/lexikon\/wp-json\/wp\/v2\/product\/5851","targetHints":{"allow":["GET"]}}],"collection":[{"href":"https:\/\/uj.adatbank.ro\/lexikon\/wp-json\/wp\/v2\/product"}],"about":[{"href":"https:\/\/uj.adatbank.ro\/lexikon\/wp-json\/wp\/v2\/types\/product"}],"replies":[{"embeddable":true,"href":"https:\/\/uj.adatbank.ro\/lexikon\/wp-json\/wp\/v2\/comments?post=5851"}],"wp:attachment":[{"href":"https:\/\/uj.adatbank.ro\/lexikon\/wp-json\/wp\/v2\/media?parent=5851"}],"wp:term":[{"taxonomy":"product_brand","embeddable":true,"href":"https:\/\/uj.adatbank.ro\/lexikon\/wp-json\/wp\/v2\/product_brand?post=5851"},{"taxonomy":"product_cat","embeddable":true,"href":"https:\/\/uj.adatbank.ro\/lexikon\/wp-json\/wp\/v2\/product_cat?post=5851"},{"taxonomy":"product_tag","embeddable":true,"href":"https:\/\/uj.adatbank.ro\/lexikon\/wp-json\/wp\/v2\/product_tag?post=5851"}],"curies":[{"name":"wp","href":"https:\/\/api.w.org\/{rel}","templated":true}]}}