{"id":5859,"date":"2025-06-28T17:32:00","date_gmt":"2025-06-28T15:32:00","guid":{"rendered":"https:\/\/uj.adatbank.ro\/lexikon\/termek\/crisan-nicolae-%c2%a7\/"},"modified":"2025-06-28T17:32:00","modified_gmt":"2025-06-28T15:32:00","slug":"crisan-nicolae-%c2%a7","status":"publish","type":"product","link":"https:\/\/uj.adatbank.ro\/lexikon\/termek\/crisan-nicolae-%c2%a7\/","title":{"rendered":"CRI\u015eAN Nicolae, \u00a7"},"content":{"rendered":"<p>Mez\u0151szentmih\u00e1ly, 1943. febr. 19., \u2020 Sz\u00e1szr\u00e9gen, 1988. nov. 1: tan\u00e1r. \u2013 Elemi iskol\u00e1t \u00e9s l\u00edc-ot Sz\u00e1sz\u00e9genben, egyetemet Kv.-on a BBTE Mat. -fizika szak\u00e1n v\u00e9gzett. A d\u00e9dai l\u00edc-ba helyezt\u00e9k fizikatan\u00e1rnak, majd a feles\u00e9g\u00e9vel egy\u00fctt Sz\u00e1szr\u00e9genbe helyezt\u00e9k lic.-i tan\u00e1rnak (1969). Sokat tett az \u00faj l\u00edc., ma Lucian Blaga nev\u00e9t viseli, fizikalaborat\u00f3rium\u00e1nak a berendez\u00e9se \u00e9s felszerel\u00e9se \u00e9rdek\u00e9ben. Az iskola aligazgat\u00f3ja lett. Korai hal\u00e1l\u00e1t egy sz\u00edvroham id\u00e9zte el\u0151. <br \/><strong>Irod.:<\/strong> Dasc\u0103li mure\u015feni 3.<\/br><\/p>\n","protected":false},"excerpt":{"rendered":"<p>Mez\u0151szentmih\u00e1ly, 1943. febr. 19., \u2020 Sz\u00e1szr\u00e9gen, 1988. nov. 1: tan\u00e1r. \u2013 Elemi iskol\u00e1t \u00e9s l\u00edc-ot Sz\u00e1sz\u00e9genben, egyetemet Kv.-on a BBTE Mat. -fizika szak\u00e1n v\u00e9gzett. A d\u00e9dai l\u00edc-ba helyezt\u00e9k fizikatan\u00e1rnak, majd a feles\u00e9g\u00e9vel egy\u00fctt Sz\u00e1szr\u00e9genbe helyezt\u00e9k lic.-i tan\u00e1rnak (1969). Sokat tett az \u00faj l\u00edc., ma Lucian Blaga nev\u00e9t viseli, fizikalaborat\u00f3rium\u00e1nak a berendez\u00e9se \u00e9s felszerel\u00e9se \u00e9rdek\u00e9ben. Az [&hellip;]<\/p>\n","protected":false},"featured_media":0,"comment_status":"open","ping_status":"closed","template":"","meta":[],"product_brand":[],"product_cat":[137],"product_tag":[],"class_list":{"0":"post-5859","1":"product","2":"type-product","3":"status-publish","5":"product_cat-maros-megyei-eletrajzi-lexikon","7":"first","8":"instock","9":"shipping-taxable","10":"product-type-simple"},"_links":{"self":[{"href":"https:\/\/uj.adatbank.ro\/lexikon\/wp-json\/wp\/v2\/product\/5859","targetHints":{"allow":["GET"]}}],"collection":[{"href":"https:\/\/uj.adatbank.ro\/lexikon\/wp-json\/wp\/v2\/product"}],"about":[{"href":"https:\/\/uj.adatbank.ro\/lexikon\/wp-json\/wp\/v2\/types\/product"}],"replies":[{"embeddable":true,"href":"https:\/\/uj.adatbank.ro\/lexikon\/wp-json\/wp\/v2\/comments?post=5859"}],"wp:attachment":[{"href":"https:\/\/uj.adatbank.ro\/lexikon\/wp-json\/wp\/v2\/media?parent=5859"}],"wp:term":[{"taxonomy":"product_brand","embeddable":true,"href":"https:\/\/uj.adatbank.ro\/lexikon\/wp-json\/wp\/v2\/product_brand?post=5859"},{"taxonomy":"product_cat","embeddable":true,"href":"https:\/\/uj.adatbank.ro\/lexikon\/wp-json\/wp\/v2\/product_cat?post=5859"},{"taxonomy":"product_tag","embeddable":true,"href":"https:\/\/uj.adatbank.ro\/lexikon\/wp-json\/wp\/v2\/product_tag?post=5859"}],"curies":[{"name":"wp","href":"https:\/\/api.w.org\/{rel}","templated":true}]}}

CRIŞAN Nicolae, §

<p>Mezőszentmihály, 1943. febr. 19., † Szászrégen, 1988. nov. 1: tanár. – Elemi iskolát és líc-ot Szászégenben, egyetemet Kv.-on a BBTE Mat. -fizika szakán végzett. A dédai líc-ba helyezték fizikatanárnak, majd a feleségével együtt Szászrégenbe helyezték lic.-i tanárnak (1969). Sokat tett az új líc., ma Lucian Blaga nevét viseli, fizikalaboratóriumának a berendezése és felszerelése érdekében. Az iskola aligazgatója lett. Korai halálát egy szívroham idézte elő. <br /><strong>Irod.:</strong> Dascăli mureşeni 3.</br></p>

<p>Mezőszentmihály, 1943. febr. 19., † Szászrégen, 1988. nov. 1: tanár. – Elemi iskolát és líc-ot Szászégenben, egyetemet Kv.-on a BBTE Mat. -fizika szakán végzett. A dédai líc-ba helyezték fizikatanárnak, majd a feleségével együtt Szászrégenbe helyezték lic.-i tanárnak (1969). Sokat tett az új líc., ma Lucian Blaga nevét viseli, fizikalaboratóriumának a berendezése és felszerelése érdekében. Az [&hellip;]</p>
