{"id":5860,"date":"2025-06-28T17:32:02","date_gmt":"2025-06-28T15:32:02","guid":{"rendered":"https:\/\/uj.adatbank.ro\/lexikon\/termek\/crisan-nicolae-%c2%a7-niculae\/"},"modified":"2025-06-28T17:32:02","modified_gmt":"2025-06-28T15:32:02","slug":"crisan-nicolae-%c2%a7-niculae","status":"publish","type":"product","link":"https:\/\/uj.adatbank.ro\/lexikon\/termek\/crisan-nicolae-%c2%a7-niculae\/","title":{"rendered":"CRI\u015eAN Nicolae, \u00a7 Niculae"},"content":{"rendered":"<p>Mv., 1923. okt. 10., \u2020 Buk., 1999. j\u00fan. 13.: \u00edr\u00f3, m\u0171ford\u00edt\u00f3, szobr\u00e1sz. \u2013 A k\u00f6z\u00e9piskol\u00e1t Mv.-en a Mihai Viteazul Katonai L\u00edc.-ban, menek\u00fcltk\u00e9nt Temesv\u00e1ron a m\u0171v\u00e9szeti f\u0151iskola hallgat\u00f3ja (1943\u201346), Buk.-ben a N. Grigorescu K\u00e9pz\u0151m\u0171v\u00e9szeti Int\u00e9zetben v\u00e9gezett (1952). Szobr\u00e1szk\u00e9nt Temesv\u00e1ron szerepelt el\u0151sz\u00f6r (1945). Buk.-ben a Rom\u00e1n Filmst\u00fadi\u00f3 szerk.-je (1964\u201368). Tisztvisel\u0151 a K\u00falt\u00fara \u00e9s Nevel\u00e9s\u00fcgyi Bizotts\u00e1gn\u00e1l, a Casele de filme kik\u00fcld\u00f6tt producere (1973\u201382), f\u0151szerk.-je a Centrala Rom\u00e2nia-Film sajt\u00f3 \u00e9s propaganda oszt\u00e1ly\u00e1nak (1982\u201385). Tagja volt a K\u00e9pz\u0151m\u0171v\u00e9szek Egyes\u00fclet\u00e9nek, az \u00cdr\u00f3sz\u00f6vets\u00e9gnek \u00e9s a Rom\u00e1n Filmesek Egyes\u00fclet\u00e9nek. Versekkel jelentkezett Contrapunct c. temesv\u00e1ri foly\u00f3iratban (1941. \u00e1pr.); pr\u00f3z\u00e1val a Viata Rom\u00e2neasc\u0103 \u2013ban (1960). Riportokkat \u00e9s pr\u00f3z\u00e1t k\u00f6z\u00f6lt a Rom\u00e2nia liber\u0103, Sc\u00e2nteia, Gazeta literar\u0103, Luceaf\u0103rul, Vatra c. lapoknak. Megkapta a buk.-i \u00cdr\u00f3sz\u00f6vets\u00e9g D\u00edj\u00e1t a Voievozi f\u0103r\u0103 morminte c. reg\u00e9ny\u00e9\u00e9rt. \u2013 <strong>F. ki\u00e1ll.:<\/strong> Kv.-, Buk. &#8211; \u00e9s Moszkv\u00e1ban voltak. \u2013 <strong>F. m.:<\/strong> Caietele cunoscu\u0163ilor mei (Buc., 1964; 1971; oroszul, 1966); Noaptea a\u015ftept\u0103rilor (Buc., 1966); Aventuri \u00een Delt\u0103 (Buc., 1976); Voievozi f\u0103r\u0103 morminte: Roman istoric 1550\u20131600. (Buc., 1979); \u0162iganii, mit \u015fi realitate (Buc., 1999); <strong>t\u00e1rssz.:<\/strong> Ie\u015firea din cea\u0163\u0103: jurnale de r\u0103zboi, povestiri, \u00eensemn\u0103ri (Petre Buc\u015fa-val; Buc., 1985); <strong>ford.:<\/strong> Husz\u00e1r S\u00e1ndor: Ultima noapte (Buc., 1963); Papp Ferenc: \u00cen fum \u015fi \u00een lumin\u0103 (Buc., 1963); Papp Ferenc: Omul cobor\u00e2t pe p\u0103m\u00e2nt (Buc., 1967); Beke Gy\u00f6rgy: Cea de-a zecea istorie adev\u0103rat\u0103 = Dimine\u0163i \u00eensorite: culegeri de reportaje (Buc., 1969); K\u00f3s K\u00e1roly: Neamul Varju (Buc., 1971); Kuncz Alad\u00e1r: M\u0103n\u0103stirea neagr\u0103 (Buc., 1971); <strong>szerk.:<\/strong> Romul Ladea: album (sz\u00f6veg; Buc., 1968); K\u00f3s K\u00e1roly: Neamul Varj\u00fa (el\u0151sz\u00f3; Buc., 1971). <br \/><strong>Irod.:<\/strong> Cosma; DGLR; Domokos 1978; DSR; Pers. Mure\u015fene; Sz\u0171cs G\u00e1bor: \u201eAhol Pet\u0151fit majd sz\u00fcntelen temett\u00e9k\u201d: A sz\u00e9kelykereszt\u00fari Pet\u0151fi-s\u00edr legend\u00e1ja (Korunk, 12. sz., 2015)<\/br><\/p>\n","protected":false},"excerpt":{"rendered":"<p>Mv., 1923. okt. 10., \u2020 Buk., 1999. j\u00fan. 13.: \u00edr\u00f3, m\u0171ford\u00edt\u00f3, szobr\u00e1sz. \u2013 A k\u00f6z\u00e9piskol\u00e1t Mv.-en a Mihai Viteazul Katonai L\u00edc.-ban, menek\u00fcltk\u00e9nt Temesv\u00e1ron a m\u0171v\u00e9szeti f\u0151iskola hallgat\u00f3ja (1943\u201346), Buk.-ben a N. Grigorescu K\u00e9pz\u0151m\u0171v\u00e9szeti Int\u00e9zetben v\u00e9gezett (1952). Szobr\u00e1szk\u00e9nt Temesv\u00e1ron szerepelt el\u0151sz\u00f6r (1945). Buk.-ben a Rom\u00e1n Filmst\u00fadi\u00f3 szerk.-je (1964\u201368). Tisztvisel\u0151 a K\u00falt\u00fara \u00e9s Nevel\u00e9s\u00fcgyi Bizotts\u00e1gn\u00e1l, a Casele [&hellip;]<\/p>\n","protected":false},"featured_media":0,"comment_status":"open","ping_status":"closed","template":"","meta":[],"product_brand":[],"product_cat":[137],"product_tag":[],"class_list":{"0":"post-5860","1":"product","2":"type-product","3":"status-publish","5":"product_cat-maros-megyei-eletrajzi-lexikon","7":"first","8":"instock","9":"shipping-taxable","10":"product-type-simple"},"_links":{"self":[{"href":"https:\/\/uj.adatbank.ro\/lexikon\/wp-json\/wp\/v2\/product\/5860","targetHints":{"allow":["GET"]}}],"collection":[{"href":"https:\/\/uj.adatbank.ro\/lexikon\/wp-json\/wp\/v2\/product"}],"about":[{"href":"https:\/\/uj.adatbank.ro\/lexikon\/wp-json\/wp\/v2\/types\/product"}],"replies":[{"embeddable":true,"href":"https:\/\/uj.adatbank.ro\/lexikon\/wp-json\/wp\/v2\/comments?post=5860"}],"wp:attachment":[{"href":"https:\/\/uj.adatbank.ro\/lexikon\/wp-json\/wp\/v2\/media?parent=5860"}],"wp:term":[{"taxonomy":"product_brand","embeddable":true,"href":"https:\/\/uj.adatbank.ro\/lexikon\/wp-json\/wp\/v2\/product_brand?post=5860"},{"taxonomy":"product_cat","embeddable":true,"href":"https:\/\/uj.adatbank.ro\/lexikon\/wp-json\/wp\/v2\/product_cat?post=5860"},{"taxonomy":"product_tag","embeddable":true,"href":"https:\/\/uj.adatbank.ro\/lexikon\/wp-json\/wp\/v2\/product_tag?post=5860"}],"curies":[{"name":"wp","href":"https:\/\/api.w.org\/{rel}","templated":true}]}}