{"id":5862,"date":"2025-06-28T17:32:06","date_gmt":"2025-06-28T15:32:06","guid":{"rendered":"https:\/\/uj.adatbank.ro\/lexikon\/termek\/crisan-vasile\/"},"modified":"2025-06-28T17:32:06","modified_gmt":"2025-06-28T15:32:06","slug":"crisan-vasile","status":"publish","type":"product","link":"https:\/\/uj.adatbank.ro\/lexikon\/termek\/crisan-vasile\/","title":{"rendered":"CRI\u015eAN Vasile"},"content":{"rendered":"<p>T\u00f3th\u00e1za, 1856. febr. 21. \u2020 Csehtelke, 1934. j\u00fal. 25 : k\u00e1ntor. \u2013 H\u00e9t oszt\u00e1lyt v\u00e9gzett a sz\u00fcl\u0151faluj\u00e1ban. Csehtelke g\u00f6r. kat. k\u00e1ntora. Tagja volt a RNP-nak. A csehtelki Nemzeti Tan\u00e1cs k\u00fcld\u00f6ttek\u00e9nt, fi\u00e1val, Ioan pappal egy\u00fctt, r\u00e9szt vett a gyulafeh\u00e9rv\u00e1ri nemzeti nagygy\u0171l\u00e9sen (1918. dec. 1.). Az egyes\u00fcl\u00e9s ut\u00e1n egyh\u00e1zi gondnok \u00e9s k\u00e1ntor lett Csehtelk\u00e9n. <br \/><strong>Irod.:<\/strong> Bosoanc\u0103<\/br><\/p>\n","protected":false},"excerpt":{"rendered":"<p>T\u00f3th\u00e1za, 1856. febr. 21. \u2020 Csehtelke, 1934. j\u00fal. 25 : k\u00e1ntor. \u2013 H\u00e9t oszt\u00e1lyt v\u00e9gzett a sz\u00fcl\u0151faluj\u00e1ban. Csehtelke g\u00f6r. kat. k\u00e1ntora. Tagja volt a RNP-nak. A csehtelki Nemzeti Tan\u00e1cs k\u00fcld\u00f6ttek\u00e9nt, fi\u00e1val, Ioan pappal egy\u00fctt, r\u00e9szt vett a gyulafeh\u00e9rv\u00e1ri nemzeti nagygy\u0171l\u00e9sen (1918. dec. 1.). Az egyes\u00fcl\u00e9s ut\u00e1n egyh\u00e1zi gondnok \u00e9s k\u00e1ntor lett Csehtelk\u00e9n. Irod.: Bosoanc\u0103<\/p>\n","protected":false},"featured_media":0,"comment_status":"open","ping_status":"closed","template":"","meta":[],"product_brand":[],"product_cat":[137],"product_tag":[],"class_list":{"0":"post-5862","1":"product","2":"type-product","3":"status-publish","5":"product_cat-maros-megyei-eletrajzi-lexikon","7":"first","8":"instock","9":"shipping-taxable","10":"product-type-simple"},"_links":{"self":[{"href":"https:\/\/uj.adatbank.ro\/lexikon\/wp-json\/wp\/v2\/product\/5862","targetHints":{"allow":["GET"]}}],"collection":[{"href":"https:\/\/uj.adatbank.ro\/lexikon\/wp-json\/wp\/v2\/product"}],"about":[{"href":"https:\/\/uj.adatbank.ro\/lexikon\/wp-json\/wp\/v2\/types\/product"}],"replies":[{"embeddable":true,"href":"https:\/\/uj.adatbank.ro\/lexikon\/wp-json\/wp\/v2\/comments?post=5862"}],"wp:attachment":[{"href":"https:\/\/uj.adatbank.ro\/lexikon\/wp-json\/wp\/v2\/media?parent=5862"}],"wp:term":[{"taxonomy":"product_brand","embeddable":true,"href":"https:\/\/uj.adatbank.ro\/lexikon\/wp-json\/wp\/v2\/product_brand?post=5862"},{"taxonomy":"product_cat","embeddable":true,"href":"https:\/\/uj.adatbank.ro\/lexikon\/wp-json\/wp\/v2\/product_cat?post=5862"},{"taxonomy":"product_tag","embeddable":true,"href":"https:\/\/uj.adatbank.ro\/lexikon\/wp-json\/wp\/v2\/product_tag?post=5862"}],"curies":[{"name":"wp","href":"https:\/\/api.w.org\/{rel}","templated":true}]}}