{"id":5864,"date":"2025-06-28T17:32:10","date_gmt":"2025-06-28T15:32:10","guid":{"rendered":"https:\/\/uj.adatbank.ro\/lexikon\/termek\/crisian-jeroteiu\/"},"modified":"2025-06-28T17:32:10","modified_gmt":"2025-06-28T15:32:10","slug":"crisian-jeroteiu","status":"publish","type":"product","link":"https:\/\/uj.adatbank.ro\/lexikon\/termek\/crisian-jeroteiu\/","title":{"rendered":"CRI\u015eIAN Jeroteiu"},"content":{"rendered":"<p>Oh\u00e1ba, 1858. m\u00e1j. 6., \u2020\u00a0Abaf\u00e1ja, 1917. szep. 9. g\u00f6r. kat. pap. \u2013 Bal\u00e1zsfalv\u00e1n v\u00e9gezte a teol\u00f3gi\u00e1t (1879). Abaf\u00e1j\u00e1n pl\u00e9b\u00e1nosi \u00fcgyint\u00e9z\u0151k\u00e9nt hivatalb\u00f3l szolg\u00e1lt (1880), \u00e9s az\u00e9rt mert fiatal pap volt, int\u00e9znie kellett a szomsz\u00e9dos falvak pl\u00e9b\u00e1nosi feladatait is (1882). K\u00e9rte \u00e1thelyez\u00e9s\u00e9t sz\u00fcl\u0151faluj\u00e1hoz k\u00f6zelebb, mert a h\u00edvek j\u00f6vev\u00e9nynek tartott\u00e1k, \u00e9s nem tudott sz\u00f3t \u00e9rteni vel\u00fck (1885), de Abaf\u00e1j\u00e1n szolg\u00e1lt hal\u00e1l\u00e1ig (1882\u20131917). <br \/><strong>Irod.:<\/strong> Abaf\u00e1ja; Dobozi<\/br><\/p>\n","protected":false},"excerpt":{"rendered":"<p>Oh\u00e1ba, 1858. m\u00e1j. 6., \u2020\u00a0Abaf\u00e1ja, 1917. szep. 9. g\u00f6r. kat. pap. \u2013 Bal\u00e1zsfalv\u00e1n v\u00e9gezte a teol\u00f3gi\u00e1t (1879). Abaf\u00e1j\u00e1n pl\u00e9b\u00e1nosi \u00fcgyint\u00e9z\u0151k\u00e9nt hivatalb\u00f3l szolg\u00e1lt (1880), \u00e9s az\u00e9rt mert fiatal pap volt, int\u00e9znie kellett a szomsz\u00e9dos falvak pl\u00e9b\u00e1nosi feladatait is (1882). K\u00e9rte \u00e1thelyez\u00e9s\u00e9t sz\u00fcl\u0151faluj\u00e1hoz k\u00f6zelebb, mert a h\u00edvek j\u00f6vev\u00e9nynek tartott\u00e1k, \u00e9s nem tudott sz\u00f3t \u00e9rteni vel\u00fck (1885), de [&hellip;]<\/p>\n","protected":false},"featured_media":0,"comment_status":"open","ping_status":"closed","template":"","meta":[],"product_brand":[],"product_cat":[137],"product_tag":[],"class_list":{"0":"post-5864","1":"product","2":"type-product","3":"status-publish","5":"product_cat-maros-megyei-eletrajzi-lexikon","7":"first","8":"instock","9":"shipping-taxable","10":"product-type-simple"},"_links":{"self":[{"href":"https:\/\/uj.adatbank.ro\/lexikon\/wp-json\/wp\/v2\/product\/5864","targetHints":{"allow":["GET"]}}],"collection":[{"href":"https:\/\/uj.adatbank.ro\/lexikon\/wp-json\/wp\/v2\/product"}],"about":[{"href":"https:\/\/uj.adatbank.ro\/lexikon\/wp-json\/wp\/v2\/types\/product"}],"replies":[{"embeddable":true,"href":"https:\/\/uj.adatbank.ro\/lexikon\/wp-json\/wp\/v2\/comments?post=5864"}],"wp:attachment":[{"href":"https:\/\/uj.adatbank.ro\/lexikon\/wp-json\/wp\/v2\/media?parent=5864"}],"wp:term":[{"taxonomy":"product_brand","embeddable":true,"href":"https:\/\/uj.adatbank.ro\/lexikon\/wp-json\/wp\/v2\/product_brand?post=5864"},{"taxonomy":"product_cat","embeddable":true,"href":"https:\/\/uj.adatbank.ro\/lexikon\/wp-json\/wp\/v2\/product_cat?post=5864"},{"taxonomy":"product_tag","embeddable":true,"href":"https:\/\/uj.adatbank.ro\/lexikon\/wp-json\/wp\/v2\/product_tag?post=5864"}],"curies":[{"name":"wp","href":"https:\/\/api.w.org\/{rel}","templated":true}]}}

CRIŞIAN Jeroteiu

<p>Ohába, 1858. máj. 6., † Abafája, 1917. szep. 9. gör. kat. pap. – Balázsfalván végezte a teológiát (1879). Abafáján plébánosi ügyintézőként hivatalból szolgált (1880), és azért mert fiatal pap volt, intéznie kellett a szomszédos falvak plébánosi feladatait is (1882). Kérte áthelyezését szülőfalujához közelebb, mert a hívek jövevénynek tartották, és nem tudott szót érteni velük (1885), de Abafáján szolgált haláláig (1882–1917). <br /><strong>Irod.:</strong> Abafája; Dobozi</br></p>

<p>Ohába, 1858. máj. 6., † Abafája, 1917. szep. 9. gör. kat. pap. – Balázsfalván végezte a teológiát (1879). Abafáján plébánosi ügyintézőként hivatalból szolgált (1880), és azért mert fiatal pap volt, intéznie kellett a szomszédos falvak plébánosi feladatait is (1882). Kérte áthelyezését szülőfalujához közelebb, mert a hívek jövevénynek tartották, és nem tudott szót érteni velük (1885), de [&hellip;]</p>
