{"id":5866,"date":"2025-06-28T17:32:13","date_gmt":"2025-06-28T15:32:13","guid":{"rendered":"https:\/\/uj.adatbank.ro\/lexikon\/termek\/cristea-ioan-2\/"},"modified":"2025-06-28T17:32:13","modified_gmt":"2025-06-28T15:32:13","slug":"cristea-ioan-2","status":"publish","type":"product","link":"https:\/\/uj.adatbank.ro\/lexikon\/termek\/cristea-ioan-2\/","title":{"rendered":"CRISTEA Ioan"},"content":{"rendered":"<p>Somostelke, 1904. j\u00fal. 6., \u2020 Bal\u00e1zsfalva, 1984. \u00e1pr. 17.: tan\u00e1r, g\u00f6r. kat. pap. \u2013 Az elemi iskol\u00e1t Somostelk\u00e9n, a k\u00f6z\u00e9piskol\u00e1t Bal\u00e1zsfalv\u00e1n a Sf. Vasile L\u00edc.-ban v\u00e9gezte (1924). R\u00f3m\u00e1ban a \u201eDe Propaganda Fide\u201d Int\u00e9zetben teol\u00f3gi\u00e1t \u00e9s filoz\u00f3fi\u00e1t tanult, papp\u00e1 szentelt\u00e9k (1927). A teologia \u00e9s filoz\u00f3fia doktora. Bal\u00e1zsfalv\u00e1n vall\u00e1stan\u00e1r az elm\u00e9leti le\u00e1nyl\u00edc.-ban \u00e9s a kereskedelmi le\u00e1nyl\u00edc.-ban. Az \u00e9rseki iroda titk\u00e1ra (1940), kanonok, a Teol\u00f3giai Akad. rektora (1940\u201342). <br \/><strong>Irod.:<\/strong> Com\u015fa\u2013Seiceanu; \u015eerban 2006; Todea 2013<\/br><\/p>\n","protected":false},"excerpt":{"rendered":"<p>Somostelke, 1904. j\u00fal. 6., \u2020 Bal\u00e1zsfalva, 1984. \u00e1pr. 17.: tan\u00e1r, g\u00f6r. kat. pap. \u2013 Az elemi iskol\u00e1t Somostelk\u00e9n, a k\u00f6z\u00e9piskol\u00e1t Bal\u00e1zsfalv\u00e1n a Sf. Vasile L\u00edc.-ban v\u00e9gezte (1924). R\u00f3m\u00e1ban a \u201eDe Propaganda Fide\u201d Int\u00e9zetben teol\u00f3gi\u00e1t \u00e9s filoz\u00f3fi\u00e1t tanult, papp\u00e1 szentelt\u00e9k (1927). A teologia \u00e9s filoz\u00f3fia doktora. Bal\u00e1zsfalv\u00e1n vall\u00e1stan\u00e1r az elm\u00e9leti le\u00e1nyl\u00edc.-ban \u00e9s a kereskedelmi le\u00e1nyl\u00edc.-ban. Az [&hellip;]<\/p>\n","protected":false},"featured_media":0,"comment_status":"open","ping_status":"closed","template":"","meta":[],"product_brand":[],"product_cat":[137],"product_tag":[],"class_list":{"0":"post-5866","1":"product","2":"type-product","3":"status-publish","5":"product_cat-maros-megyei-eletrajzi-lexikon","7":"first","8":"instock","9":"shipping-taxable","10":"product-type-simple"},"_links":{"self":[{"href":"https:\/\/uj.adatbank.ro\/lexikon\/wp-json\/wp\/v2\/product\/5866","targetHints":{"allow":["GET"]}}],"collection":[{"href":"https:\/\/uj.adatbank.ro\/lexikon\/wp-json\/wp\/v2\/product"}],"about":[{"href":"https:\/\/uj.adatbank.ro\/lexikon\/wp-json\/wp\/v2\/types\/product"}],"replies":[{"embeddable":true,"href":"https:\/\/uj.adatbank.ro\/lexikon\/wp-json\/wp\/v2\/comments?post=5866"}],"wp:attachment":[{"href":"https:\/\/uj.adatbank.ro\/lexikon\/wp-json\/wp\/v2\/media?parent=5866"}],"wp:term":[{"taxonomy":"product_brand","embeddable":true,"href":"https:\/\/uj.adatbank.ro\/lexikon\/wp-json\/wp\/v2\/product_brand?post=5866"},{"taxonomy":"product_cat","embeddable":true,"href":"https:\/\/uj.adatbank.ro\/lexikon\/wp-json\/wp\/v2\/product_cat?post=5866"},{"taxonomy":"product_tag","embeddable":true,"href":"https:\/\/uj.adatbank.ro\/lexikon\/wp-json\/wp\/v2\/product_tag?post=5866"}],"curies":[{"name":"wp","href":"https:\/\/api.w.org\/{rel}","templated":true}]}}

<p>Somostelke, 1904. júl. 6., † Balázsfalva, 1984. ápr. 17.: tanár, gör. kat. pap. – Az elemi iskolát Somostelkén, a középiskolát Balázsfalván a Sf. Vasile Líc.-ban végezte (1924). Rómában a „De Propaganda Fide” Intézetben teológiát és filozófiát tanult, pappá szentelték (1927). A teologia és filozófia doktora. Balázsfalván vallástanár az elméleti leánylíc.-ban és a kereskedelmi leánylíc.-ban. Az érseki iroda titkára (1940), kanonok, a Teológiai Akad. rektora (1940–42). <br /><strong>Irod.:</strong> Comşa–Seiceanu; Şerban 2006; Todea 2013</br></p>

<p>Somostelke, 1904. júl. 6., † Balázsfalva, 1984. ápr. 17.: tanár, gör. kat. pap. – Az elemi iskolát Somostelkén, a középiskolát Balázsfalván a Sf. Vasile Líc.-ban végezte (1924). Rómában a „De Propaganda Fide” Intézetben teológiát és filozófiát tanult, pappá szentelték (1927). A teologia és filozófia doktora. Balázsfalván vallástanár az elméleti leánylíc.-ban és a kereskedelmi leánylíc.-ban. Az [&hellip;]</p>
