{"id":5868,"date":"2025-06-28T17:32:15","date_gmt":"2025-06-28T15:32:15","guid":{"rendered":"https:\/\/uj.adatbank.ro\/lexikon\/termek\/cristea-pavel-becker-paul-pavel-b-cristea\/"},"modified":"2025-06-28T17:32:15","modified_gmt":"2025-06-28T15:32:15","slug":"cristea-pavel-becker-paul-pavel-b-cristea","status":"publish","type":"product","link":"https:\/\/uj.adatbank.ro\/lexikon\/termek\/cristea-pavel-becker-paul-pavel-b-cristea\/","title":{"rendered":"CRISTEA Pavel, Becker Paul, Pavel B. Cristea"},"content":{"rendered":"<p>? \u2020\u00a0? : f\u0151\u00e1llatorvos. \u2013 Feles\u00e9ge: Elvira Cristea. \u2013 Le\u00e1nyuk: Sidonia, Emil Dandea feles\u00e9ge. \u2013 Megyei f\u0151\u00e1llatorvos, 13 megye \u00e1llateg\u00e9szs\u00e9g\u00fcgyi f\u0151fel\u00fcgyel\u0151j\u00e9v\u00e9 nevezt\u00e9k ki (1921), megkapta a Rom\u00e1n Koronarend Lovagkeresztj\u00e9t. Az orsz\u00e1gos III. \u00e1llateg\u00e9szs\u00e9g\u00fcgyi r\u00e9gi\u00f3 (Maros-Torda \u00e9s a k\u00f6rnyez\u0151 v\u00e1rmegy\u00e9k) \u00e9ll\u00e9re nevezt\u00e9k ki (1924). Megszerezte a v\u00e1rosi j\u00e9ggy\u00e1rt\u00e1s monop\u00f3lium\u00e1t (1926). <br \/><strong>Irod.:<\/strong> Id\u0151t\u00e1r 3<\/br><\/p>\n","protected":false},"excerpt":{"rendered":"<p>? \u2020\u00a0? : f\u0151\u00e1llatorvos. \u2013 Feles\u00e9ge: Elvira Cristea. \u2013 Le\u00e1nyuk: Sidonia, Emil Dandea feles\u00e9ge. \u2013 Megyei f\u0151\u00e1llatorvos, 13 megye \u00e1llateg\u00e9szs\u00e9g\u00fcgyi f\u0151fel\u00fcgyel\u0151j\u00e9v\u00e9 nevezt\u00e9k ki (1921), megkapta a Rom\u00e1n Koronarend Lovagkeresztj\u00e9t. Az orsz\u00e1gos III. \u00e1llateg\u00e9szs\u00e9g\u00fcgyi r\u00e9gi\u00f3 (Maros-Torda \u00e9s a k\u00f6rnyez\u0151 v\u00e1rmegy\u00e9k) \u00e9ll\u00e9re nevezt\u00e9k ki (1924). Megszerezte a v\u00e1rosi j\u00e9ggy\u00e1rt\u00e1s monop\u00f3lium\u00e1t (1926). Irod.: Id\u0151t\u00e1r 3<\/p>\n","protected":false},"featured_media":0,"comment_status":"open","ping_status":"closed","template":"","meta":[],"product_brand":[],"product_cat":[137],"product_tag":[],"class_list":{"0":"post-5868","1":"product","2":"type-product","3":"status-publish","5":"product_cat-maros-megyei-eletrajzi-lexikon","7":"first","8":"instock","9":"shipping-taxable","10":"product-type-simple"},"_links":{"self":[{"href":"https:\/\/uj.adatbank.ro\/lexikon\/wp-json\/wp\/v2\/product\/5868","targetHints":{"allow":["GET"]}}],"collection":[{"href":"https:\/\/uj.adatbank.ro\/lexikon\/wp-json\/wp\/v2\/product"}],"about":[{"href":"https:\/\/uj.adatbank.ro\/lexikon\/wp-json\/wp\/v2\/types\/product"}],"replies":[{"embeddable":true,"href":"https:\/\/uj.adatbank.ro\/lexikon\/wp-json\/wp\/v2\/comments?post=5868"}],"wp:attachment":[{"href":"https:\/\/uj.adatbank.ro\/lexikon\/wp-json\/wp\/v2\/media?parent=5868"}],"wp:term":[{"taxonomy":"product_brand","embeddable":true,"href":"https:\/\/uj.adatbank.ro\/lexikon\/wp-json\/wp\/v2\/product_brand?post=5868"},{"taxonomy":"product_cat","embeddable":true,"href":"https:\/\/uj.adatbank.ro\/lexikon\/wp-json\/wp\/v2\/product_cat?post=5868"},{"taxonomy":"product_tag","embeddable":true,"href":"https:\/\/uj.adatbank.ro\/lexikon\/wp-json\/wp\/v2\/product_tag?post=5868"}],"curies":[{"name":"wp","href":"https:\/\/api.w.org\/{rel}","templated":true}]}}

<p>? † ? : főállatorvos. – Felesége: Elvira Cristea. – Leányuk: Sidonia, Emil Dandea felesége. – Megyei főállatorvos, 13 megye állategészségügyi főfelügyelőjévé nevezték ki (1921), megkapta a Román Koronarend Lovagkeresztjét. Az országos III. állategészségügyi régió (Maros-Torda és a környező vármegyék) éllére nevezték ki (1924). Megszerezte a városi jéggyártás monopóliumát (1926). <br /><strong>Irod.:</strong> Időtár 3</br></p>

<p>? † ? : főállatorvos. – Felesége: Elvira Cristea. – Leányuk: Sidonia, Emil Dandea felesége. – Megyei főállatorvos, 13 megye állategészségügyi főfelügyelőjévé nevezték ki (1921), megkapta a Román Koronarend Lovagkeresztjét. Az országos III. állategészségügyi régió (Maros-Torda és a környező vármegyék) éllére nevezték ki (1924). Megszerezte a városi jéggyártás monopóliumát (1926). Irod.: Időtár 3</p>
